{"id":5798,"date":"2023-04-02T15:17:23","date_gmt":"2023-04-02T13:17:23","guid":{"rendered":"https:\/\/agora.xtec.cat\/iesgoya\/?page_id=5798"},"modified":"2025-03-17T20:01:08","modified_gmt":"2025-03-17T19:01:08","slug":"comissio-de-menjador","status":"publish","type":"page","link":"https:\/\/agora.xtec.cat\/iesgoya\/lafa\/comissions-afa\/comissio-de-menjador\/","title":{"rendered":"Comissi\u00f3 de menjador"},"content":{"rendered":"<p>El servei de menjador de l&#8217;AFA (Associaci\u00f3 de Fam\u00edlies d&#8217;Alumnes) \u00e9s un servei que s&#8217;ofereix a l\u2019alumnat de l&#8217;institut amb l&#8217;objectiu de facilitar l&#8217;acc\u00e9s a una alimentaci\u00f3 saludable i equilibrada a l\u2019hora de dinar.<\/p>\n<p>L\u2019institut \u00e9s l\u2019encarregat de la contractaci\u00f3 del servei de menjador que actualment porta a terme l\u2019empresa Horta-Serveis, per\u00f2 l\u2019AFA supervisa la seva gesti\u00f3 i en fa el seguiment.<\/p>\n<p><strong>Horari:<\/strong><\/p>\n<p>-L\u2019 empresa ofereix esmorzars a l\u2019hora del pati.<\/p>\n<p>-L&#8217; horari de menjador \u00e9s de 13:30h. a 15:00h. els dimarts i dijous. Dilluns \u00e9s de 14:30h. a 15:30h., dimecres \u00e9s de 13:30h. a 14:30h., divendres \u00e9s de 13:30h. a 14:30h. per l&#8217;ESO i de 14:30h. a 15:30h. per batxillerat. Els dies que no tenen tarda (dilluns, dimecres, divendres per l&#8217;ESO i dilluns, dimarts\/dijous, dimecres i divendres per batxillerat) poden marxar en acabar de dinar <strong>si les fam\u00edlies ho autoritzen<\/strong>.<\/p>\n<p><strong>Les funcions de la Comissi\u00f3 del servei de menjador son:<\/strong><\/p>\n<ul>\n<li>\u00c9s el canal de comunicaci\u00f3 entre les fam\u00edlies, la cooperativa i l\u2019institut.<\/li>\n<li>Vetlla pel bon funcionament del menjador: aspectes organitzatius i nutricionals.<\/li>\n<li>Est\u00e0 en contacte amb el representant de la Cooperativa.<\/li>\n<li>De tant en tant la Comissi\u00f3 es queda a dinar sense previ av\u00eds per tal d\u2019observar \u201den directe\u201d la gesti\u00f3 i la qualitat del menjar, aix\u00ed com per establir canals de comunicaci\u00f3 amb el personal de la Cooperativa.<\/li>\n<li>Transmet els suggeriments i propostes a la reuni\u00f3 mensual de la Junta del AFA.<\/li>\n<\/ul>\n<p>Per a m\u00e9s informaci\u00f3: <a href=\"https:\/\/agora.xtec.cat\/iesgoya\/categoria\/menjador\/\">https:\/\/agora.xtec.cat\/iesgoya\/categoria\/menjador\/\u00a0<\/a><\/p>\n<p>Contacte de l&#8217;empresa de menjador: <a href=\"mailto:hortaserveis@gmail.com\">hortaserveis@gmail.com<\/a><\/p>\n<p>Contacte AFA:<a href=\"mailto:culturaiesgoya@gmail.com\">afaiesgoya@gmail.com<\/a><\/p>\n<p>&nbsp;<\/p>\n<p>&nbsp;<\/p>\n<p>&nbsp;<\/p>\n","protected":false},"excerpt":{"rendered":"<p>El servei de menjador de l&#8217;AFA (Associaci\u00f3 de Fam\u00edlies d&#8217;Alumnes) \u00e9s un servei que s&#8217;ofereix a l\u2019alumnat de l&#8217;institut amb l&#8217;objectiu de facilitar l&#8217;acc\u00e9s a una alimentaci\u00f3 saludable i equilibrada a l\u2019hora de dinar.<br \/>\nL\u2019institut \u00e9s l\u2019encarregat de la contractaci\u00f3 del servei de menjador que actualment&hellip;  <a href=\"https:\/\/agora.xtec.cat\/iesgoya\/lafa\/comissions-afa\/comissio-de-menjador\/\" title=\"Read Comissi\u00f3 de menjador\">Llegeix m\u00e9s\u00bb<\/a><\/p>\n","protected":false},"author":98,"featured_media":0,"parent":5790,"menu_order":3,"comment_status":"closed","ping_status":"closed","template":"page-templates\/side-menu.php","meta":{"_bbp_topic_count":0,"_bbp_reply_count":0,"_bbp_total_topic_count":0,"_bbp_total_reply_count":0,"_bbp_voice_count":0,"_bbp_anonymous_reply_count":0,"_bbp_topic_count_hidden":0,"_bbp_reply_count_hidden":0,"_bbp_forum_subforum_count":0,"footnotes":""},"class_list":["post-5798","page","type-page","status-publish","hentry"],"post_mailing_queue_ids":[],"_links":{"self":[{"href":"https:\/\/agora.xtec.cat\/iesgoya\/wp-json\/wp\/v2\/pages\/5798","targetHints":{"allow":["GET"]}}],"collection":[{"href":"https:\/\/agora.xtec.cat\/iesgoya\/wp-json\/wp\/v2\/pages"}],"about":[{"href":"https:\/\/agora.xtec.cat\/iesgoya\/wp-json\/wp\/v2\/types\/page"}],"author":[{"embeddable":true,"href":"https:\/\/agora.xtec.cat\/iesgoya\/wp-json\/wp\/v2\/users\/98"}],"replies":[{"embeddable":true,"href":"https:\/\/agora.xtec.cat\/iesgoya\/wp-json\/wp\/v2\/comments?post=5798"}],"version-history":[{"count":6,"href":"https:\/\/agora.xtec.cat\/iesgoya\/wp-json\/wp\/v2\/pages\/5798\/revisions"}],"predecessor-version":[{"id":7565,"href":"https:\/\/agora.xtec.cat\/iesgoya\/wp-json\/wp\/v2\/pages\/5798\/revisions\/7565"}],"up":[{"embeddable":true,"href":"https:\/\/agora.xtec.cat\/iesgoya\/wp-json\/wp\/v2\/pages\/5790"}],"wp:attachment":[{"href":"https:\/\/agora.xtec.cat\/iesgoya\/wp-json\/wp\/v2\/media?parent=5798"}],"curies":[{"name":"wp","href":"https:\/\/api.w.org\/{rel}","templated":true}]}}