{"id":5780,"date":"2023-04-02T15:12:40","date_gmt":"2023-04-02T13:12:40","guid":{"rendered":"https:\/\/agora.xtec.cat\/iesgoya\/?page_id=5780"},"modified":"2023-04-02T16:14:07","modified_gmt":"2023-04-02T14:14:07","slug":"vicepresidencia","status":"publish","type":"page","link":"https:\/\/agora.xtec.cat\/iesgoya\/lafa\/la-junta-de-lafa\/vicepresidencia\/","title":{"rendered":"Vicepresid\u00e8ncia"},"content":{"rendered":"<p><span style=\"font-weight: 400;\">La vicepresid\u00e8ncia de l&#8217;Associaci\u00f3 de Fam\u00edlies d&#8217;Alumnes (AFA) forma part de la junta directiva i t\u00e9 com a funci\u00f3 principal donar suport a la presid\u00e8ncia en les seves tasques i substituir-la en cas d&#8217;abs\u00e8ncia o impediment.<\/span><\/p>\n","protected":false},"excerpt":{"rendered":"<p>La vicepresid\u00e8ncia de l&#8217;Associaci\u00f3 de Fam\u00edlies d&#8217;Alumnes (AFA) forma part de la junta directiva i t\u00e9 com a funci\u00f3 principal donar suport a la presid\u00e8ncia en les seves tasques i substituir-la en cas d&#8217;abs\u00e8ncia o impediment.<\/p>\n","protected":false},"author":98,"featured_media":0,"parent":5776,"menu_order":2,"comment_status":"closed","ping_status":"closed","template":"page-templates\/side-menu.php","meta":{"_bbp_topic_count":0,"_bbp_reply_count":0,"_bbp_total_topic_count":0,"_bbp_total_reply_count":0,"_bbp_voice_count":0,"_bbp_anonymous_reply_count":0,"_bbp_topic_count_hidden":0,"_bbp_reply_count_hidden":0,"_bbp_forum_subforum_count":0,"footnotes":""},"class_list":["post-5780","page","type-page","status-publish","hentry"],"post_mailing_queue_ids":[],"_links":{"self":[{"href":"https:\/\/agora.xtec.cat\/iesgoya\/wp-json\/wp\/v2\/pages\/5780","targetHints":{"allow":["GET"]}}],"collection":[{"href":"https:\/\/agora.xtec.cat\/iesgoya\/wp-json\/wp\/v2\/pages"}],"about":[{"href":"https:\/\/agora.xtec.cat\/iesgoya\/wp-json\/wp\/v2\/types\/page"}],"author":[{"embeddable":true,"href":"https:\/\/agora.xtec.cat\/iesgoya\/wp-json\/wp\/v2\/users\/98"}],"replies":[{"embeddable":true,"href":"https:\/\/agora.xtec.cat\/iesgoya\/wp-json\/wp\/v2\/comments?post=5780"}],"version-history":[{"count":2,"href":"https:\/\/agora.xtec.cat\/iesgoya\/wp-json\/wp\/v2\/pages\/5780\/revisions"}],"predecessor-version":[{"id":5851,"href":"https:\/\/agora.xtec.cat\/iesgoya\/wp-json\/wp\/v2\/pages\/5780\/revisions\/5851"}],"up":[{"embeddable":true,"href":"https:\/\/agora.xtec.cat\/iesgoya\/wp-json\/wp\/v2\/pages\/5776"}],"wp:attachment":[{"href":"https:\/\/agora.xtec.cat\/iesgoya\/wp-json\/wp\/v2\/media?parent=5780"}],"curies":[{"name":"wp","href":"https:\/\/api.w.org\/{rel}","templated":true}]}}