{"id":65,"date":"2014-09-18T10:12:22","date_gmt":"2014-09-18T10:12:22","guid":{"rendered":"http:\/\/agora.xtec.cat\/iesgerbert\/?page_id=65"},"modified":"2024-01-03T12:58:49","modified_gmt":"2024-01-03T11:58:49","slug":"atencio-a-la-diversitat","status":"publish","type":"page","link":"https:\/\/agora.xtec.cat\/iesgerbert\/com-treballem\/projectes-de-centre\/atencio-a-la-diversitat\/","title":{"rendered":"Atenci\u00f3 a la diversitat"},"content":{"rendered":"<p style=\"text-align: justify;\">L\u2019atenci\u00f3 a la diversitat de necessitats educatives que presenten els alumnes i l\u2019assoliment per part de tots ells de les compet\u00e8ncies que els permetin el desenvolupament personal i escolar \u00e9s un principi com\u00fa en tots els cursos.<\/p>\n<p style=\"text-align: justify;\">Els professors organitzen l\u2019activitat docent tenint en compte les caracter\u00edstiques dels seus alumnes i la diversitat de necessitats i ritmes d\u2019aprenentatge.Es parteix del trasp\u00e0s d\u2019informaci\u00f3 entre el centre de prim\u00e0ria i el nostre centre, per tal de con\u00e8ixer les caracter\u00edstiques dels alumnes que s\u2019incorporaran al centre. A partir d\u2019aquestes dades i del\u00a0seu\u00a0seguiment es dissenyen estrat\u00e8gies per atendre les necessitats identificades.<\/p>\n<p style=\"text-align: justify;\">El centre t\u00e9 establerta la Comissi\u00f3 d\u2019Atenci\u00f3 a la Diversitat, que fa el seguiment de les actuacions que es duen a terme per atendre la diversitat de necessitats educatives dels alumnes.<\/p>\n<p>Les mesures concretes que es porten a terme s\u00f3n:<\/p>\n<ul>\n<li>Atenci\u00f3 individual o en petits grups.<\/li>\n<li>Agrupaments flexibles de les mat\u00e8ries instrumentals de catal\u00e0, matem\u00e0tiques i castell\u00e0.<\/li>\n<li>Adaptacions curriculars dels cr\u00e8dits comuns o Plans individualitzats, per aquells alumnes amb grans dificultats per accedir al curr\u00edculum.<\/li>\n<li>Aula Oberta , a segon cicle d\u2019ESO, amb una organitzaci\u00f3 curricular bastant diferenciada en quant a la metodologia utilitzada.<\/li>\n<\/ul>\n<p><img loading=\"lazy\" decoding=\"async\" class=\"aligncenter size-medium wp-image-1314\" src=\"https:\/\/agora.xtec.cat\/iesgerbert\/wp-content\/uploads\/usu668\/2019\/09\/ATENCI\u00d3-A-LA-DIVERSITAT-295x300.png\" alt=\"\" width=\"295\" height=\"300\" srcset=\"https:\/\/agora.xtec.cat\/iesgerbert\/wp-content\/uploads\/usu668\/2019\/09\/ATENCI\u00d3-A-LA-DIVERSITAT-295x300.png 295w, https:\/\/agora.xtec.cat\/iesgerbert\/wp-content\/uploads\/usu668\/2019\/09\/ATENCI\u00d3-A-LA-DIVERSITAT.png 709w\" sizes=\"auto, (max-width: 295px) 100vw, 295px\" \/><\/p>\n","protected":false},"excerpt":{"rendered":"<p>L\u2019atenci\u00f3 a la diversitat de necessitats educatives que presenten els alumnes i l\u2019assoliment per part de tots ells de les compet\u00e8ncies que els permetin el desenvolupament personal i escolar \u00e9s un principi com\u00fa en tots els cursos. Els professors organitzen l\u2019activitat docent tenint en compte les caracter\u00edstiques dels seus alumnes i la diversitat de necessitats [&hellip;]<\/p>\n","protected":false},"author":1,"featured_media":0,"parent":11111,"menu_order":1,"comment_status":"closed","ping_status":"closed","template":"page-templates\/side-menu.php","meta":{"_bbp_topic_count":0,"_bbp_reply_count":0,"_bbp_total_topic_count":0,"_bbp_total_reply_count":0,"_bbp_voice_count":0,"_bbp_anonymous_reply_count":0,"_bbp_topic_count_hidden":0,"_bbp_reply_count_hidden":0,"_bbp_forum_subforum_count":0,"site-sidebar-layout":"default","site-content-layout":"","ast-site-content-layout":"","site-content-style":"default","site-sidebar-style":"default","ast-global-header-display":"","ast-banner-title-visibility":"","ast-main-header-display":"","ast-hfb-above-header-display":"","ast-hfb-below-header-display":"","ast-hfb-mobile-header-display":"","site-post-title":"","ast-breadcrumbs-content":"","ast-featured-img":"","footer-sml-layout":"","theme-transparent-header-meta":"","adv-header-id-meta":"","stick-header-meta":"","header-above-stick-meta":"","header-main-stick-meta":"","header-below-stick-meta":"","astra-migrate-meta-layouts":"default","ast-page-background-enabled":"default","ast-page-background-meta":{"desktop":{"background-color":"var(--ast-global-color-4)","background-image":"","background-repeat":"repeat","background-position":"center center","background-size":"auto","background-attachment":"scroll","background-type":"","background-media":"","overlay-type":"","overlay-color":"","overlay-opacity":"","overlay-gradient":""},"tablet":{"background-color":"","background-image":"","background-repeat":"repeat","background-position":"center center","background-size":"auto","background-attachment":"scroll","background-type":"","background-media":"","overlay-type":"","overlay-color":"","overlay-opacity":"","overlay-gradient":""},"mobile":{"background-color":"","background-image":"","background-repeat":"repeat","background-position":"center center","background-size":"auto","background-attachment":"scroll","background-type":"","background-media":"","overlay-type":"","overlay-color":"","overlay-opacity":"","overlay-gradient":""}},"ast-content-background-meta":{"desktop":{"background-color":"var(--ast-global-color-5)","background-image":"","background-repeat":"repeat","background-position":"center center","background-size":"auto","background-attachment":"scroll","background-type":"","background-media":"","overlay-type":"","overlay-color":"","overlay-opacity":"","overlay-gradient":""},"tablet":{"background-color":"var(--ast-global-color-5)","background-image":"","background-repeat":"repeat","background-position":"center center","background-size":"auto","background-attachment":"scroll","background-type":"","background-media":"","overlay-type":"","overlay-color":"","overlay-opacity":"","overlay-gradient":""},"mobile":{"background-color":"var(--ast-global-color-5)","background-image":"","background-repeat":"repeat","background-position":"center center","background-size":"auto","background-attachment":"scroll","background-type":"","background-media":"","overlay-type":"","overlay-color":"","overlay-opacity":"","overlay-gradient":""}},"footnotes":""},"class_list":["post-65","page","type-page","status-publish","hentry"],"post_mailing_queue_ids":[],"_links":{"self":[{"href":"https:\/\/agora.xtec.cat\/iesgerbert\/wp-json\/wp\/v2\/pages\/65","targetHints":{"allow":["GET"]}}],"collection":[{"href":"https:\/\/agora.xtec.cat\/iesgerbert\/wp-json\/wp\/v2\/pages"}],"about":[{"href":"https:\/\/agora.xtec.cat\/iesgerbert\/wp-json\/wp\/v2\/types\/page"}],"author":[{"embeddable":true,"href":"https:\/\/agora.xtec.cat\/iesgerbert\/wp-json\/wp\/v2\/users\/1"}],"replies":[{"embeddable":true,"href":"https:\/\/agora.xtec.cat\/iesgerbert\/wp-json\/wp\/v2\/comments?post=65"}],"version-history":[{"count":3,"href":"https:\/\/agora.xtec.cat\/iesgerbert\/wp-json\/wp\/v2\/pages\/65\/revisions"}],"predecessor-version":[{"id":1315,"href":"https:\/\/agora.xtec.cat\/iesgerbert\/wp-json\/wp\/v2\/pages\/65\/revisions\/1315"}],"up":[{"embeddable":true,"href":"https:\/\/agora.xtec.cat\/iesgerbert\/wp-json\/wp\/v2\/pages\/11111"}],"wp:attachment":[{"href":"https:\/\/agora.xtec.cat\/iesgerbert\/wp-json\/wp\/v2\/media?parent=65"}],"curies":[{"name":"wp","href":"https:\/\/api.w.org\/{rel}","templated":true}]}}