{"id":4814,"date":"2020-12-18T10:33:25","date_gmt":"2020-12-18T09:33:25","guid":{"rendered":"http:\/\/agora.xtec.cat\/iesgerbert\/?page_id=4814"},"modified":"2020-12-18T10:57:42","modified_gmt":"2020-12-18T09:57:42","slug":"el-centre","status":"publish","type":"page","link":"https:\/\/agora.xtec.cat\/iesgerbert\/linstitut\/el-centre\/","title":{"rendered":"El nostre centre"},"content":{"rendered":"<div>\n<h4 style=\"text-align: center;\">\r\n\t<div class=\"slideshow_container slideshow_container_style-light\" style=\" \" data-slideshow-id=\"31\" data-style-name=\"style-light\" data-style-version=\"2.3.1\" >\r\n\r\n\t\t\t\t\t<div class=\"slideshow_loading_icon\"><\/div>\r\n\t\t\r\n\t\t<div class=\"slideshow_content\" style=\"display: none;\">\r\n\r\n\t\t\t<div class=\"slideshow_view\">\r\n\t\t\t\t<div class=\"slideshow_slide slideshow_slide_image\">\r\n\t\t\t\t\t\t\t\t\t\t\t<img src=\"https:\/\/agora.xtec.cat\/iesgerbert\/wp-content\/uploads\/usu668\/2020\/02\/gimnas.jpg\" alt=\"gimnas\" width=\"1920\" height=\"1920\" \/>\r\n\t\t\t\t\t\t\t\t\t\t<div class=\"slideshow_description_box slideshow_transparent\">\r\n\t\t\t\t\t\t<div class=\"slideshow_title\">gimnas<\/div>\t\t\t\t\t\t\t\t\t\t\t<\/div>\r\n\t\t\t\t<\/div>\r\n\r\n\t\t\t\t\t\t<div style=\"clear: both;\"><\/div><\/div><div class=\"slideshow_view\">\r\n\t\t\t\t<div class=\"slideshow_slide slideshow_slide_image\">\r\n\t\t\t\t\t\t\t\t\t\t\t<img src=\"https:\/\/agora.xtec.cat\/iesgerbert\/wp-content\/uploads\/usu668\/2020\/02\/edificio.jpg\" alt=\"edificio\" width=\"1920\" height=\"1920\" \/>\r\n\t\t\t\t\t\t\t\t\t\t<div class=\"slideshow_description_box slideshow_transparent\">\r\n\t\t\t\t\t\t<div class=\"slideshow_title\">edificio<\/div>\t\t\t\t\t\t\t\t\t\t\t<\/div>\r\n\t\t\t\t<\/div>\r\n\r\n\t\t\t\t\t\t<div style=\"clear: both;\"><\/div><\/div><div class=\"slideshow_view\">\r\n\t\t\t\t<div class=\"slideshow_slide slideshow_slide_image\">\r\n\t\t\t\t\t\t\t\t\t\t\t<img src=\"https:\/\/agora.xtec.cat\/iesgerbert\/wp-content\/uploads\/usu668\/2020\/02\/pista2.jpg\" alt=\"pista2\" width=\"1920\" height=\"1920\" \/>\r\n\t\t\t\t\t\t\t\t\t\t<div class=\"slideshow_description_box slideshow_transparent\">\r\n\t\t\t\t\t\t<div class=\"slideshow_title\">pista2<\/div>\t\t\t\t\t\t\t\t\t\t\t<\/div>\r\n\t\t\t\t<\/div>\r\n\r\n\t\t\t\t\t\t<div style=\"clear: both;\"><\/div><\/div><div class=\"slideshow_view\">\r\n\t\t\t\t<div class=\"slideshow_slide slideshow_slide_image\">\r\n\t\t\t\t\t\t\t\t\t\t\t<img src=\"https:\/\/agora.xtec.cat\/iesgerbert\/wp-content\/uploads\/usu668\/2020\/02\/pista1.jpg\" alt=\"pista1\" width=\"1920\" height=\"1920\" \/>\r\n\t\t\t\t\t\t\t\t\t\t<div class=\"slideshow_description_box slideshow_transparent\">\r\n\t\t\t\t\t\t<div class=\"slideshow_title\">pista1<\/div>\t\t\t\t\t\t\t\t\t\t\t<\/div>\r\n\t\t\t\t<\/div>\r\n\r\n\t\t\t\t\t\t<div style=\"clear: both;\"><\/div><\/div><div class=\"slideshow_view\">\r\n\t\t\t\t<div class=\"slideshow_slide slideshow_slide_image\">\r\n\t\t\t\t\t\t\t\t\t\t\t<img src=\"https:\/\/agora.xtec.cat\/iesgerbert\/wp-content\/uploads\/usu668\/2019\/04\/tec2.jpg\" alt=\"tec2\" width=\"1024\" height=\"681\" \/>\r\n\t\t\t\t\t\t\t\t\t\t<div class=\"slideshow_description_box slideshow_transparent\">\r\n\t\t\t\t\t\t<div class=\"slideshow_title\">tec2<\/div>\t\t\t\t\t\t\t\t\t\t\t<\/div>\r\n\t\t\t\t<\/div>\r\n\r\n\t\t\t\t\t\t<div style=\"clear: both;\"><\/div><\/div><div class=\"slideshow_view\">\r\n\t\t\t\t<div class=\"slideshow_slide slideshow_slide_image\">\r\n\t\t\t\t\t\t\t\t\t\t\t<img src=\"https:\/\/agora.xtec.cat\/iesgerbert\/wp-content\/uploads\/usu668\/2019\/04\/tec1.jpg\" alt=\"tecnologia\" width=\"1024\" height=\"681\" \/>\r\n\t\t\t\t\t\t\t\t\t\t<div class=\"slideshow_description_box slideshow_transparent\">\r\n\t\t\t\t\t\t<div class=\"slideshow_title\">tecnologia<\/div>\t\t\t\t\t\t\t\t\t\t\t<\/div>\r\n\t\t\t\t<\/div>\r\n\r\n\t\t\t\t\t\t<div style=\"clear: both;\"><\/div><\/div><div class=\"slideshow_view\">\r\n\t\t\t\t<div class=\"slideshow_slide slideshow_slide_image\">\r\n\t\t\t\t\t\t\t\t\t\t\t<img src=\"https:\/\/agora.xtec.cat\/iesgerbert\/wp-content\/uploads\/usu668\/2019\/04\/musica.jpg\" alt=\"aula de musica\" width=\"1024\" height=\"768\" \/>\r\n\t\t\t\t\t\t\t\t\t\t<div class=\"slideshow_description_box slideshow_transparent\">\r\n\t\t\t\t\t\t<div class=\"slideshow_title\">aula de musica<\/div>\t\t\t\t\t\t\t\t\t\t\t<\/div>\r\n\t\t\t\t<\/div>\r\n\r\n\t\t\t\t\t\t<div style=\"clear: both;\"><\/div><\/div><div class=\"slideshow_view\">\r\n\t\t\t\t<div class=\"slideshow_slide slideshow_slide_image\">\r\n\t\t\t\t\t\t\t\t\t\t\t<img src=\"https:\/\/agora.xtec.cat\/iesgerbert\/wp-content\/uploads\/usu668\/2019\/04\/lab.jpg\" alt=\"laboratori\" width=\"1024\" height=\"681\" \/>\r\n\t\t\t\t\t\t\t\t\t\t<div class=\"slideshow_description_box slideshow_transparent\">\r\n\t\t\t\t\t\t<div class=\"slideshow_title\">laboratori<\/div>\t\t\t\t\t\t\t\t\t\t\t<\/div>\r\n\t\t\t\t<\/div>\r\n\r\n\t\t\t\t\t\t<div style=\"clear: both;\"><\/div><\/div><div class=\"slideshow_view\">\r\n\t\t\t\t<div class=\"slideshow_slide slideshow_slide_image\">\r\n\t\t\t\t\t\t\t\t\t\t\t<img src=\"https:\/\/agora.xtec.cat\/iesgerbert\/wp-content\/uploads\/usu668\/2019\/04\/lab-2.jpg\" alt=\"laboratori\" width=\"745\" height=\"672\" \/>\r\n\t\t\t\t\t\t\t\t\t\t<div class=\"slideshow_description_box slideshow_transparent\">\r\n\t\t\t\t\t\t<div class=\"slideshow_title\">laboratori<\/div>\t\t\t\t\t\t\t\t\t\t\t<\/div>\r\n\t\t\t\t<\/div>\r\n\r\n\t\t\t\t\t\t<div style=\"clear: both;\"><\/div><\/div><div class=\"slideshow_view\">\r\n\t\t\t\t<div class=\"slideshow_slide slideshow_slide_image\">\r\n\t\t\t\t\t\t\t\t\t\t\t<img src=\"https:\/\/agora.xtec.cat\/iesgerbert\/wp-content\/uploads\/usu668\/2019\/04\/infor.jpg\" alt=\"infor\u00e0tica\" width=\"1024\" height=\"681\" \/>\r\n\t\t\t\t\t\t\t\t\t\t<div class=\"slideshow_description_box slideshow_transparent\">\r\n\t\t\t\t\t\t<div class=\"slideshow_title\">infor\u00e0tica<\/div>\t\t\t\t\t\t\t\t\t\t\t<\/div>\r\n\t\t\t\t<\/div>\r\n\r\n\t\t\t\t\t\t<div style=\"clear: both;\"><\/div><\/div><div class=\"slideshow_view\">\r\n\t\t\t\t<div class=\"slideshow_slide slideshow_slide_image\">\r\n\t\t\t\t\t\t\t\t\t\t\t<img src=\"https:\/\/agora.xtec.cat\/iesgerbert\/wp-content\/uploads\/usu668\/2019\/04\/bona-4.jpg\" alt=\"treball creatiu\" width=\"1020\" height=\"679\" \/>\r\n\t\t\t\t\t\t\t\t\t\t<div class=\"slideshow_description_box slideshow_transparent\">\r\n\t\t\t\t\t\t<div class=\"slideshow_title\">treball creatiu<\/div>\t\t\t\t\t\t\t\t\t\t\t<\/div>\r\n\t\t\t\t<\/div>\r\n\r\n\t\t\t\t\t\t<div style=\"clear: both;\"><\/div><\/div><div class=\"slideshow_view\">\r\n\t\t\t\t<div class=\"slideshow_slide slideshow_slide_image\">\r\n\t\t\t\t\t\t\t\t\t\t\t<img src=\"https:\/\/agora.xtec.cat\/iesgerbert\/wp-content\/uploads\/usu668\/2019\/04\/bona-5.jpg\" alt=\"edifici exterior 2\" width=\"1020\" height=\"679\" \/>\r\n\t\t\t\t\t\t\t\t\t\t<div class=\"slideshow_description_box slideshow_transparent\">\r\n\t\t\t\t\t\t<div class=\"slideshow_title\">edifici exterior 2<\/div>\t\t\t\t\t\t\t\t\t\t\t<\/div>\r\n\t\t\t\t<\/div>\r\n\r\n\t\t\t\t\t\t<div style=\"clear: both;\"><\/div><\/div><div class=\"slideshow_view\">\r\n\t\t\t\t<div class=\"slideshow_slide slideshow_slide_image\">\r\n\t\t\t\t\t\t\t\t\t\t\t<img src=\"https:\/\/agora.xtec.cat\/iesgerbert\/wp-content\/uploads\/usu668\/2019\/04\/bona1.jpg\" alt=\"alumnes treballant\" width=\"1020\" height=\"679\" \/>\r\n\t\t\t\t\t\t\t\t\t\t<div class=\"slideshow_description_box slideshow_transparent\">\r\n\t\t\t\t\t\t<div class=\"slideshow_title\">alumnes treballant<\/div>\t\t\t\t\t\t\t\t\t\t\t<\/div>\r\n\t\t\t\t<\/div>\r\n\r\n\t\t\t\t\t\t<div style=\"clear: both;\"><\/div><\/div><div class=\"slideshow_view\">\r\n\t\t\t\t<div class=\"slideshow_slide slideshow_slide_image\">\r\n\t\t\t\t\t\t\t\t\t\t\t<img src=\"https:\/\/agora.xtec.cat\/iesgerbert\/wp-content\/uploads\/usu668\/2019\/04\/bona3.jpg\" alt=\"aula\" width=\"1020\" height=\"679\" \/>\r\n\t\t\t\t\t\t\t\t\t\t<div class=\"slideshow_description_box slideshow_transparent\">\r\n\t\t\t\t\t\t<div class=\"slideshow_title\">aula<\/div>\t\t\t\t\t\t\t\t\t\t\t<\/div>\r\n\t\t\t\t<\/div>\r\n\r\n\t\t\t\t\t\t<div style=\"clear: both;\"><\/div><\/div><div class=\"slideshow_view\">\r\n\t\t\t\t<div class=\"slideshow_slide slideshow_slide_image\">\r\n\t\t\t\t\t\t\t\t\t\t\t<img src=\"https:\/\/agora.xtec.cat\/iesgerbert\/wp-content\/uploads\/usu668\/2019\/04\/bona6.jpg\" alt=\"pati exterior\" width=\"1020\" height=\"679\" \/>\r\n\t\t\t\t\t\t\t\t\t\t<div class=\"slideshow_description_box slideshow_transparent\">\r\n\t\t\t\t\t\t<div class=\"slideshow_title\">pati exterior<\/div>\t\t\t\t\t\t\t\t\t\t\t<\/div>\r\n\t\t\t\t<\/div>\r\n\r\n\t\t\t\t\t\t<div style=\"clear: both;\"><\/div><\/div>\r\n\t\t<\/div>\r\n\r\n\t\t<div class=\"slideshow_controlPanel slideshow_transparent\" style=\"display: none;\"><ul><li class=\"slideshow_togglePlay\" data-play-text=\"Visualitza\" data-pause-text=\"Pausa\"><\/li><\/ul><\/div>\r\n\r\n\t\t<div class=\"slideshow_button slideshow_previous slideshow_transparent\" role=\"button\" data-previous-text=\"Anterior\" style=\"display: none;\"><\/div>\r\n\t\t<div class=\"slideshow_button slideshow_next slideshow_transparent\" role=\"button\" data-next-text=\"Seg\u00fcent\" style=\"display: none;\"><\/div>\r\n\r\n\t\t<div class=\"slideshow_pagination\" style=\"display: none;\" data-go-to-text=\"V\u00e9s a la diapositiva\"><div class=\"slideshow_pagination_center\"><\/div><\/div>\r\n\r\n\t\t<!-- WordPress Slideshow Version 2.3.1 -->\r\n\r\n\t\t\t<\/div>\r\n\r\n<\/h4>\n<h4><\/h4>\n<h4><span style=\"color: #800000;\">BENVINGUTS I BENVINGUDES!<\/span><\/h4>\n<p>L&#8217;INS <span class=\"hiddenSpellError\">Gerbert<\/span> d&#8217;Aurillac de Sant Fruit\u00f3s es va crear el 1994 &#8211; 1995 i el mar\u00e7 de 2001 <span class=\"hiddenGrammarError\">s&#8217;<\/span><span class=\"hiddenSpellError\">i<\/span><span class=\"hiddenSpellError\">nagur\u00e0<\/span> l&#8217;edifici que \u00e9s la seva seu actual. Som un centre p\u00fablic depenent del Departament d&#8217;Ensenyament de la Generalitat de Catalunya<\/p>\n<\/div>\n<div class=\"x-columnize\" style=\"text-align: justify;\">\n<p>L\u2019objectiu que tenim com a educadors \u00e9s, d\u2019una banda, transmetre coneixements i, de l\u2019altra, desvetllar talents i ajudar cadascun dels nostres alumnes a trobar aquelles motivacions que l\u2019enriqueixin com a persona i com a ciutad\u00e0 del futur. Per tant, entenem el proc\u00e9s educador no com un cam\u00ed unidireccional, sin\u00f3 com un enorme pati circular on tots aprenem de tots.<\/p>\n<p>Volem participar amb vosaltres en el creixement dels vostres fills i filles, acompanyant-vos en aquesta etapa tan important i intensa.<\/p>\n<p>Endavant, doncs, el Gerbert \u00e9s casa vostra!<\/p>\n<\/div>\n<p><a href=\"https:\/\/agora.xtec.cat\/iesgerbert\/wp-content\/uploads\/usu668\/2020\/05\/PORTES-OBERTES-VIRTUALS-2-3.pdf\">VOLS CON\u00c8IXER UNA MICA M\u00c9S EL NOSTRE CENTRE?<\/a><\/p>\n<div class=\"x-columnize\" style=\"text-align: justify;\">\n<p><img loading=\"lazy\" decoding=\"async\" class=\" wp-image-3256 aligncenter\" style=\"text-align: start;\" src=\"https:\/\/agora.xtec.cat\/iesgerbert\/wp-content\/uploads\/usu668\/2020\/02\/mision_vision_y_valores-300x169.jpg\" alt=\"\" width=\"408\" height=\"230\" srcset=\"https:\/\/agora.xtec.cat\/iesgerbert\/wp-content\/uploads\/usu668\/2020\/02\/mision_vision_y_valores-300x169.jpg 300w, https:\/\/agora.xtec.cat\/iesgerbert\/wp-content\/uploads\/usu668\/2020\/02\/mision_vision_y_valores-768x432.jpg 768w, https:\/\/agora.xtec.cat\/iesgerbert\/wp-content\/uploads\/usu668\/2020\/02\/mision_vision_y_valores.jpg 1000w\" sizes=\"auto, (max-width: 408px) 100vw, 408px\" \/><\/p>\n<\/div>\n<p>&nbsp;<\/p>\n<h4 style=\"text-align: justify;\"><span style=\"color: #800000;\">VISI\u00d3<\/span><\/h4>\n<p style=\"text-align: justify;\">Volem ser un Institut que pret\u00e9n la millora constant del rendiment acad\u00e8mic dels alumnes i la seva formaci\u00f3 integral, potenciant\u00a0l&#8217;aprenentatge\u00a0de les lleng\u00fces estrangeres, l&#8217;\u00fas creixent de les TIC, i el comprom\u00eds en una educaci\u00f3 per a la salut.<\/p>\n<h4 style=\"text-align: justify;\"><span style=\"color: #800000;\">MISSI\u00d3<\/span><\/h4>\n<p style=\"text-align: justify;\">La ra\u00f3 de ser del nostre Institut, com a centre educatiu p\u00fablic catal\u00e0 \u00e9s fer possible:<\/p>\n<p style=\"text-align: justify;\">Formaci\u00f3 acad\u00e8mica que proporcioni a l&#8217;alumnat un bon assoliment de les compet\u00e8ncies b\u00e0siques mitjan\u00e7ant els principis de la pedagogia activa, la coher\u00e8ncia metodol\u00f2gica i l&#8217;actuaci\u00f3 homog\u00e8nia per part de totes les \u00e0rees de coneixement que hi actuen.<\/p>\n<p style=\"text-align: justify;\">Formaci\u00f3 personal que estimuli la capacitat autodid\u00e0ctica de l&#8217;alumnat, la seva curiositat cient\u00edfica i investigadora, la seva creativitat i la seva actitud cr\u00edtica i raonadora.<\/p>\n<p style=\"text-align: justify;\">Educaci\u00f3 integral mitjan\u00e7ant treballs interdisciplinaris i l&#8217;orientaci\u00f3 globalitzadora en les diferents mat\u00e8ries que cursa l&#8217;alumnat.<\/p>\n<p style=\"text-align: justify;\">Un seguiment de l&#8217;alumnat de manera individualitzada, mitjan\u00e7ant una avaluaci\u00f3 continua, global i integradora, proporcionant-li orientaci\u00f3 personal i atenci\u00f3 psicopedag\u00f2gica.<\/p>\n<p style=\"text-align: justify;\">Una col\u00b7laboraci\u00f3 constant amb les fam\u00edlies per tal de contribuir a una millor consecuci\u00f3 dels objectius educatius dels seus fills\/es.<\/p>\n<p style=\"text-align: justify;\">La creaci\u00f3 d&#8217;un entorn de treball participatiu i motivador que faciliti la integraci\u00f3 i implicaci\u00f3 de tots els membres de la comunitat educativa en el funcionament del centre.<\/p>\n<h4 style=\"text-align: justify;\"><span style=\"color: #800000;\">VALORS<\/span><\/h4>\n<p style=\"text-align: justify;\">Es respecta l&#8217;ideari i creences de cada fam\u00edlia.<\/p>\n<p style=\"text-align: justify;\">Entenem que hi ha moltes cultures que conviuen en una mateixa societat, les quals tenen religions, creences i costums diferents. Respectem aquesta diversitat d&#8217;alumnat i ens interessem per con\u00e8ixer i entendre les diferents maneres de pensar.<\/p>\n<p style=\"text-align: justify;\">La tasca educativa de l&#8217;institut es basa en el respecte mutu, la coeducaci\u00f3, el di\u00e0leg, la reflexi\u00f3, la col\u00b7laboraci\u00f3, la solidaritat, el civisme i la pau. La formaci\u00f3 dels alumnes no s&#8217;ha d&#8217;entendre nom\u00e9s des del punt de vista acad\u00e8mic sin\u00f3 tamb\u00e9 personal.<\/p>\n<p style=\"text-align: justify;\">L&#8217;institut ha creat i desenvolupa mecanismes per afavorir la implicaci\u00f3 dels alumnes, els veritables protagonistes de l&#8217;aprenentatge, en el funcionament del centre.<\/p>\n<p style=\"text-align: justify;\">Tamb\u00e9 promou valors com:<\/p>\n<p style=\"text-align: justify;\">Respecte vers les persones, els materials i les depend\u00e8ncies de l&#8217;institut.<\/p>\n<p style=\"text-align: justify;\">Valoraci\u00f3 de l&#8217;esfor\u00e7, la voluntat i la motivaci\u00f3 cap a la superaci\u00f3 personal.<\/p>\n<p style=\"text-align: justify;\">La gesti\u00f3 de l&#8217;institut es basa en la utilitzaci\u00f3 de mecanismes democr\u00e0tics en tots els \u00f2rgans de funcionament, en la transpar\u00e8ncia, la participaci\u00f3, l&#8217;objectivitat i la professionalitat.<\/p>\n<p style=\"text-align: justify;\">En el centre es poden cursar estudis d&#8217;ESO, de Batxillerat,\u00a0<span class=\"hiddenSpellError\">Batxibac<\/span>\u00a0i de Cicle formatiu de grau superior de M\u00e0rqueting i Publicitat.<\/p>\n","protected":false},"excerpt":{"rendered":"<p>BENVINGUTS I BENVINGUDES! L&#8217;INS Gerbert d&#8217;Aurillac de Sant Fruit\u00f3s es va crear el 1994 &#8211; 1995 i el mar\u00e7 de 2001 s&#8217;inagur\u00e0 l&#8217;edifici que \u00e9s la seva seu actual. Som un centre p\u00fablic depenent del Departament d&#8217;Ensenyament de la Generalitat de Catalunya L\u2019objectiu que tenim com a educadors \u00e9s, d\u2019una banda, transmetre coneixements i, de [&hellip;]<\/p>\n","protected":false},"author":6,"featured_media":0,"parent":19,"menu_order":2,"comment_status":"closed","ping_status":"closed","template":"page-templates\/side-menu.php","meta":{"_bbp_topic_count":0,"_bbp_reply_count":0,"_bbp_total_topic_count":0,"_bbp_total_reply_count":0,"_bbp_voice_count":0,"_bbp_anonymous_reply_count":0,"_bbp_topic_count_hidden":0,"_bbp_reply_count_hidden":0,"_bbp_forum_subforum_count":0,"site-sidebar-layout":"default","site-content-layout":"","ast-site-content-layout":"","site-content-style":"default","site-sidebar-style":"default","ast-global-header-display":"","ast-banner-title-visibility":"","ast-main-header-display":"","ast-hfb-above-header-display":"","ast-hfb-below-header-display":"","ast-hfb-mobile-header-display":"","site-post-title":"","ast-breadcrumbs-content":"","ast-featured-img":"","footer-sml-layout":"","theme-transparent-header-meta":"","adv-header-id-meta":"","stick-header-meta":"","header-above-stick-meta":"","header-main-stick-meta":"","header-below-stick-meta":"","astra-migrate-meta-layouts":"default","ast-page-background-enabled":"default","ast-page-background-meta":{"desktop":{"background-color":"var(--ast-global-color-4)","background-image":"","background-repeat":"repeat","background-position":"center center","background-size":"auto","background-attachment":"scroll","background-type":"","background-media":"","overlay-type":"","overlay-color":"","overlay-opacity":"","overlay-gradient":""},"tablet":{"background-color":"","background-image":"","background-repeat":"repeat","background-position":"center center","background-size":"auto","background-attachment":"scroll","background-type":"","background-media":"","overlay-type":"","overlay-color":"","overlay-opacity":"","overlay-gradient":""},"mobile":{"background-color":"","background-image":"","background-repeat":"repeat","background-position":"center center","background-size":"auto","background-attachment":"scroll","background-type":"","background-media":"","overlay-type":"","overlay-color":"","overlay-opacity":"","overlay-gradient":""}},"ast-content-background-meta":{"desktop":{"background-color":"var(--ast-global-color-5)","background-image":"","background-repeat":"repeat","background-position":"center center","background-size":"auto","background-attachment":"scroll","background-type":"","background-media":"","overlay-type":"","overlay-color":"","overlay-opacity":"","overlay-gradient":""},"tablet":{"background-color":"var(--ast-global-color-5)","background-image":"","background-repeat":"repeat","background-position":"center center","background-size":"auto","background-attachment":"scroll","background-type":"","background-media":"","overlay-type":"","overlay-color":"","overlay-opacity":"","overlay-gradient":""},"mobile":{"background-color":"var(--ast-global-color-5)","background-image":"","background-repeat":"repeat","background-position":"center center","background-size":"auto","background-attachment":"scroll","background-type":"","background-media":"","overlay-type":"","overlay-color":"","overlay-opacity":"","overlay-gradient":""}},"footnotes":""},"class_list":["post-4814","page","type-page","status-publish","hentry"],"post_mailing_queue_ids":[],"_links":{"self":[{"href":"https:\/\/agora.xtec.cat\/iesgerbert\/wp-json\/wp\/v2\/pages\/4814","targetHints":{"allow":["GET"]}}],"collection":[{"href":"https:\/\/agora.xtec.cat\/iesgerbert\/wp-json\/wp\/v2\/pages"}],"about":[{"href":"https:\/\/agora.xtec.cat\/iesgerbert\/wp-json\/wp\/v2\/types\/page"}],"author":[{"embeddable":true,"href":"https:\/\/agora.xtec.cat\/iesgerbert\/wp-json\/wp\/v2\/users\/6"}],"replies":[{"embeddable":true,"href":"https:\/\/agora.xtec.cat\/iesgerbert\/wp-json\/wp\/v2\/comments?post=4814"}],"version-history":[{"count":3,"href":"https:\/\/agora.xtec.cat\/iesgerbert\/wp-json\/wp\/v2\/pages\/4814\/revisions"}],"predecessor-version":[{"id":4821,"href":"https:\/\/agora.xtec.cat\/iesgerbert\/wp-json\/wp\/v2\/pages\/4814\/revisions\/4821"}],"up":[{"embeddable":true,"href":"https:\/\/agora.xtec.cat\/iesgerbert\/wp-json\/wp\/v2\/pages\/19"}],"wp:attachment":[{"href":"https:\/\/agora.xtec.cat\/iesgerbert\/wp-json\/wp\/v2\/media?parent=4814"}],"curies":[{"name":"wp","href":"https:\/\/api.w.org\/{rel}","templated":true}]}}