{"id":444,"date":"2019-04-02T13:17:54","date_gmt":"2019-04-02T11:17:54","guid":{"rendered":"http:\/\/agora.xtec.cat\/iesgerbert\/?page_id=444"},"modified":"2024-01-03T13:26:50","modified_gmt":"2024-01-03T12:26:50","slug":"gep-grup-dexperimentacio-plurilingue","status":"publish","type":"page","link":"https:\/\/agora.xtec.cat\/iesgerbert\/com-treballem\/projectes-de-centre\/gep-grup-dexperimentacio-plurilingue\/","title":{"rendered":"GEP &#8211; CLIL"},"content":{"rendered":"<p style=\"font-weight: 400; text-align: justify;\">El GEP (Generaci\u00f3\u00a0Pluriling\u00fce) \u00e9s un programa pluriling\u00fce impulsat pel Departament d\u2019Ensenyament en el que hi participen un grup de centres de tot Catalunya. El nostre institut formar\u00e0 part d\u2019aquest programa d\u2019innovaci\u00f3\u00a0durant els cursos 2017-2018, 2018-2019 i 2019-2020.<\/p>\n<p style=\"font-weight: 400; text-align: justify;\">L\u2019objectiu principal d\u2019aquest projecte \u00e9s augmentar la compet\u00e8ncia ling\u00fc\u00edstica en lleng\u00fces estrangeres dels nostres alumnes. Aquest objectiu l\u2019aconseguirem incrementant l\u2019exposici\u00f3 a la llengua anglesa des d\u2019altres \u00e0rees no ling\u00fc\u00edstiques. En el nostre cas, des de l\u2019\u00e0rea de Socials, Naturals i Matem\u00e0tiques.<\/p>\n<p style=\"font-weight: 400; text-align: justify;\">Tant l\u2019equip directiu com els\u00a0professors implicats rebran\u00a0formaci\u00f3 i s\u2019ha creat un grup impulsor, s\u2019elaboraran els projectes i material i aquests, s\u2019aniran implementant. El GEP s\u2019incorporar\u00e0 tamb\u00e9 al projecte ling\u00fc\u00edstic del centre.<\/p>\n<p style=\"font-weight: 400; text-align: justify;\">El curs 2019-2020 s\u2019aplicar\u00e0 el projecte \u00a0amb l\u2019objectiu de consolidar-lo.<\/p>\n<p><img loading=\"lazy\" decoding=\"async\" class=\"wp-image-436 alignleft\" src=\"https:\/\/agora.xtec.cat\/iesgerbert\/wp-content\/uploads\/usu668\/2019\/04\/bonjour-nuage-de-mot-dans-diff\u00e9rentes-langues-94936148-1024x839.jpg\" alt=\"\" width=\"480\" height=\"393\" srcset=\"https:\/\/agora.xtec.cat\/iesgerbert\/wp-content\/uploads\/usu668\/2019\/04\/bonjour-nuage-de-mot-dans-diff\u00e9rentes-langues-94936148-1024x839.jpg 1024w, https:\/\/agora.xtec.cat\/iesgerbert\/wp-content\/uploads\/usu668\/2019\/04\/bonjour-nuage-de-mot-dans-diff\u00e9rentes-langues-94936148-300x246.jpg 300w, https:\/\/agora.xtec.cat\/iesgerbert\/wp-content\/uploads\/usu668\/2019\/04\/bonjour-nuage-de-mot-dans-diff\u00e9rentes-langues-94936148-768x629.jpg 768w, https:\/\/agora.xtec.cat\/iesgerbert\/wp-content\/uploads\/usu668\/2019\/04\/bonjour-nuage-de-mot-dans-diff\u00e9rentes-langues-94936148.jpg 1300w\" sizes=\"auto, (max-width: 480px) 100vw, 480px\" \/><\/p>\n<p>&nbsp;<\/p>\n<p>&nbsp;<\/p>\n<p>&nbsp;<\/p>\n<p>&nbsp;<\/p>\n<p>&nbsp;<\/p>\n<p>&nbsp;<\/p>\n<p>&nbsp;<\/p>\n<p>&nbsp;<\/p>\n<p>&nbsp;<\/p>\n<p>&nbsp;<\/p>\n<p style=\"font-weight: 400;\">A continuaci\u00f3, deixem 3 enlla\u00e7os on podeu consultar el treball realitzats pels 3 professors del nostre institut:<\/p>\n<p><a href=\"https:\/\/aplanas8.wixsite.com\/misitio\">https:\/\/aplanas8.wixsite.com\/misitio (Albert Planas)<\/a><\/p>\n<p><a href=\"https:\/\/croig34.wixsite.com\/misitio\">https:\/\/croig34.wixsite.com\/misitio (Christian Roig)<\/a><\/p>\n<p><a href=\"https:\/\/mbeguant.wixsite.com\/misitio\">https:\/\/mbeguant.wixsite.com\/misitio (Montse Reguant)<\/a><\/p>\n<p>Per a m\u00e9s informaci\u00f3, podeu consoltar-lo a la p\u00e0gina web del Departament d&#8217;Ensenyament de Catalunya: <a href=\"http:\/\/xtec.gencat.cat\/ca\/projectes\/plurilinguisme\/programes\/institucionals\/gep\/index.html\">Generaci\u00f3 Pluriling\u00fce<\/a><\/p>\n","protected":false},"excerpt":{"rendered":"<p>El GEP (Generaci\u00f3\u00a0Pluriling\u00fce) \u00e9s un programa pluriling\u00fce impulsat pel Departament d\u2019Ensenyament en el que hi participen un grup de centres de tot Catalunya. El nostre institut formar\u00e0 part d\u2019aquest programa d\u2019innovaci\u00f3\u00a0durant els cursos 2017-2018, 2018-2019 i 2019-2020. L\u2019objectiu principal d\u2019aquest projecte \u00e9s augmentar la compet\u00e8ncia ling\u00fc\u00edstica en lleng\u00fces estrangeres dels nostres alumnes. Aquest objectiu l\u2019aconseguirem [&hellip;]<\/p>\n","protected":false},"author":1,"featured_media":0,"parent":11111,"menu_order":3,"comment_status":"closed","ping_status":"closed","template":"page-templates\/side-menu.php","meta":{"_bbp_topic_count":0,"_bbp_reply_count":0,"_bbp_total_topic_count":0,"_bbp_total_reply_count":0,"_bbp_voice_count":0,"_bbp_anonymous_reply_count":0,"_bbp_topic_count_hidden":0,"_bbp_reply_count_hidden":0,"_bbp_forum_subforum_count":0,"site-sidebar-layout":"default","site-content-layout":"","ast-site-content-layout":"","site-content-style":"default","site-sidebar-style":"default","ast-global-header-display":"","ast-banner-title-visibility":"","ast-main-header-display":"","ast-hfb-above-header-display":"","ast-hfb-below-header-display":"","ast-hfb-mobile-header-display":"","site-post-title":"","ast-breadcrumbs-content":"","ast-featured-img":"","footer-sml-layout":"","theme-transparent-header-meta":"","adv-header-id-meta":"","stick-header-meta":"","header-above-stick-meta":"","header-main-stick-meta":"","header-below-stick-meta":"","astra-migrate-meta-layouts":"default","ast-page-background-enabled":"default","ast-page-background-meta":{"desktop":{"background-color":"var(--ast-global-color-4)","background-image":"","background-repeat":"repeat","background-position":"center center","background-size":"auto","background-attachment":"scroll","background-type":"","background-media":"","overlay-type":"","overlay-color":"","overlay-opacity":"","overlay-gradient":""},"tablet":{"background-color":"","background-image":"","background-repeat":"repeat","background-position":"center center","background-size":"auto","background-attachment":"scroll","background-type":"","background-media":"","overlay-type":"","overlay-color":"","overlay-opacity":"","overlay-gradient":""},"mobile":{"background-color":"","background-image":"","background-repeat":"repeat","background-position":"center center","background-size":"auto","background-attachment":"scroll","background-type":"","background-media":"","overlay-type":"","overlay-color":"","overlay-opacity":"","overlay-gradient":""}},"ast-content-background-meta":{"desktop":{"background-color":"var(--ast-global-color-5)","background-image":"","background-repeat":"repeat","background-position":"center center","background-size":"auto","background-attachment":"scroll","background-type":"","background-media":"","overlay-type":"","overlay-color":"","overlay-opacity":"","overlay-gradient":""},"tablet":{"background-color":"var(--ast-global-color-5)","background-image":"","background-repeat":"repeat","background-position":"center center","background-size":"auto","background-attachment":"scroll","background-type":"","background-media":"","overlay-type":"","overlay-color":"","overlay-opacity":"","overlay-gradient":""},"mobile":{"background-color":"var(--ast-global-color-5)","background-image":"","background-repeat":"repeat","background-position":"center center","background-size":"auto","background-attachment":"scroll","background-type":"","background-media":"","overlay-type":"","overlay-color":"","overlay-opacity":"","overlay-gradient":""}},"footnotes":""},"class_list":["post-444","page","type-page","status-publish","hentry"],"post_mailing_queue_ids":[],"_links":{"self":[{"href":"https:\/\/agora.xtec.cat\/iesgerbert\/wp-json\/wp\/v2\/pages\/444","targetHints":{"allow":["GET"]}}],"collection":[{"href":"https:\/\/agora.xtec.cat\/iesgerbert\/wp-json\/wp\/v2\/pages"}],"about":[{"href":"https:\/\/agora.xtec.cat\/iesgerbert\/wp-json\/wp\/v2\/types\/page"}],"author":[{"embeddable":true,"href":"https:\/\/agora.xtec.cat\/iesgerbert\/wp-json\/wp\/v2\/users\/1"}],"replies":[{"embeddable":true,"href":"https:\/\/agora.xtec.cat\/iesgerbert\/wp-json\/wp\/v2\/comments?post=444"}],"version-history":[{"count":3,"href":"https:\/\/agora.xtec.cat\/iesgerbert\/wp-json\/wp\/v2\/pages\/444\/revisions"}],"predecessor-version":[{"id":2595,"href":"https:\/\/agora.xtec.cat\/iesgerbert\/wp-json\/wp\/v2\/pages\/444\/revisions\/2595"}],"up":[{"embeddable":true,"href":"https:\/\/agora.xtec.cat\/iesgerbert\/wp-json\/wp\/v2\/pages\/11111"}],"wp:attachment":[{"href":"https:\/\/agora.xtec.cat\/iesgerbert\/wp-json\/wp\/v2\/media?parent=444"}],"curies":[{"name":"wp","href":"https:\/\/api.w.org\/{rel}","templated":true}]}}

<p style="font-weight: 400; text-align: justify;">El GEP (Generació Plurilingüe) és un programa plurilingüe impulsat pel Departament d’Ensenyament en el que hi participen un grup de centres de tot Catalunya. El nostre institut formarà part d’aquest programa d’innovació durant els cursos 2017-2018, 2018-2019 i 2019-2020.</p>
<p style="font-weight: 400; text-align: justify;">L’objectiu principal d’aquest projecte és augmentar la competència lingüística en llengües estrangeres dels nostres alumnes. Aquest objectiu l’aconseguirem incrementant l’exposició a la llengua anglesa des d’altres àrees no lingüístiques. En el nostre cas, des de l’àrea de Socials, Naturals i Matemàtiques.</p>
<p style="font-weight: 400; text-align: justify;">Tant l’equip directiu com els professors implicats rebran formació i s’ha creat un grup impulsor, s’elaboraran els projectes i material i aquests, s’aniran implementant. El GEP s’incorporarà també al projecte lingüístic del centre.</p>
<p style="font-weight: 400; text-align: justify;">El curs 2019-2020 s’aplicarà el projecte  amb l’objectiu de consolidar-lo.</p>
<p><img loading="lazy" decoding="async" class="wp-image-436 alignleft" src="https://agora.xtec.cat/iesgerbert/wp-content/uploads/usu668/2019/04/bonjour-nuage-de-mot-dans-différentes-langues-94936148-1024x839.jpg" alt="" width="480" height="393" srcset="https://agora.xtec.cat/iesgerbert/wp-content/uploads/usu668/2019/04/bonjour-nuage-de-mot-dans-différentes-langues-94936148-1024x839.jpg 1024w, https://agora.xtec.cat/iesgerbert/wp-content/uploads/usu668/2019/04/bonjour-nuage-de-mot-dans-différentes-langues-94936148-300x246.jpg 300w, https://agora.xtec.cat/iesgerbert/wp-content/uploads/usu668/2019/04/bonjour-nuage-de-mot-dans-différentes-langues-94936148-768x629.jpg 768w, https://agora.xtec.cat/iesgerbert/wp-content/uploads/usu668/2019/04/bonjour-nuage-de-mot-dans-différentes-langues-94936148.jpg 1300w" sizes="auto, (max-width: 480px) 100vw, 480px" /></p>
<p>&nbsp;</p>
<p>&nbsp;</p>
<p>&nbsp;</p>
<p>&nbsp;</p>
<p>&nbsp;</p>
<p>&nbsp;</p>
<p>&nbsp;</p>
<p>&nbsp;</p>
<p>&nbsp;</p>
<p>&nbsp;</p>
<p style="font-weight: 400;">A continuació, deixem 3 enllaços on podeu consultar el treball realitzats pels 3 professors del nostre institut:</p>
<p><a href="https://aplanas8.wixsite.com/misitio">https://aplanas8.wixsite.com/misitio (Albert Planas)</a></p>
<p><a href="https://croig34.wixsite.com/misitio">https://croig34.wixsite.com/misitio (Christian Roig)</a></p>
<p><a href="https://mbeguant.wixsite.com/misitio">https://mbeguant.wixsite.com/misitio (Montse Reguant)</a></p>
<p>Per a més informació, podeu consoltar-lo a la pàgina web del Departament d&#8217;Ensenyament de Catalunya: <a href="http://xtec.gencat.cat/ca/projectes/plurilinguisme/programes/institucionals/gep/index.html">Generació Plurilingüe</a></p>

<p>El GEP (Generació Plurilingüe) és un programa plurilingüe impulsat pel Departament d’Ensenyament en el que hi participen un grup de centres de tot Catalunya. El nostre institut formarà part d’aquest programa d’innovació durant els cursos 2017-2018, 2018-2019 i 2019-2020. L’objectiu principal d’aquest projecte és augmentar la competència lingüística en llengües estrangeres dels nostres alumnes. Aquest objectiu l’aconseguirem [&hellip;]</p>
