{"id":19,"date":"2014-09-17T14:56:56","date_gmt":"2014-09-17T14:56:56","guid":{"rendered":"http:\/\/agora.xtec.cat\/iesgerbert\/?page_id=19"},"modified":"2025-09-30T10:58:01","modified_gmt":"2025-09-30T08:58:01","slug":"linstitut","status":"publish","type":"page","link":"https:\/\/agora.xtec.cat\/iesgerbert\/linstitut\/","title":{"rendered":"L&#8217;institut"},"content":{"rendered":"<div>\n<p><b style=\"color: #333333; font-family: inherit; font-size: 1em;\">Institut Gerbert d&#8217;Aurillac<br \/>\n<\/b><span style=\"color: #333333; font-family: inherit; font-size: 1em;\">Av. Llu\u00eds Companys s\/n<br \/>\n<\/span><span style=\"color: #333333; font-family: inherit; font-size: 1em;\">08272 Sant Fruit\u00f3s de Bages<br \/>\n<\/span><span style=\"color: #333333; font-family: inherit; font-size: 1em;\">938761821<br \/>\n<\/span><a style=\"font-family: inherit; font-size: 1em;\" href=\"mailto:iesgerbert@xtec.cat\" target=\"_blank\" rel=\"noopener\"><span style=\"font-size: medium;\">iesgerbert@xtec.cat<\/span><\/a><\/p>\n<\/div>\n<p><iframe loading=\"lazy\" style=\"border: 0;\" src=\"https:\/\/www.google.com\/maps\/embed?pb=!1m18!1m12!1m3!1d845.291559114944!2d1.8740404640310848!3d41.75546716630213!2m3!1f0!2f0!3f0!3m2!1i1024!2i768!4f13.1!3m3!1m2!1s0x12a4f9cd8b0c3951%3A0xabeb7cb741702cb9!2sInstitut%20Gerbert%20d'Aurillac!5e0!3m2!1sca!2ses!4v1696770599484!5m2!1sca!2ses\" width=\"600\" height=\"450\" allowfullscreen=\"allowfullscreen\"><\/iframe><\/p>\n<p>Per a venir en transport p\u00fablic:<br \/>\nAutobusos <a href=\"https:\/\/www.sagales.com\/linies\/2\/linies-interurbanes\" target=\"_blank\" rel=\"noopener\">Sagal\u00e9s<\/a><br \/>\n<a href=\"https:\/\/www.sagales.com\/uploads\/imagenes\/c1eb398959143a75be83036977a2c3dd3f0f13e5.pdf\" target=\"_blank\" rel=\"noopener\">L\u00ednia 751 Manresa &#8211; Sant Fruit\u00f3s de Bages &#8211; Navarcles<\/a><\/p>\n<p><strong>Escoles adscrites a l&#8217;institut:<\/strong><\/p>\n<p>Escola <a href=\"https:\/\/escolamonsenyorgibert.cat\" target=\"_blank\" rel=\"noopener\">Monsenyor Gibert<\/a><\/p>\n<p>Escola <a href=\"https:\/\/agora.xtec.cat\/escolapladelpuig\" target=\"_blank\" rel=\"noopener\">Pla del Puig<\/a><\/p>\n<p>Escola <a href=\"https:\/\/agora.xtec.cat\/ceipflama\/\">La Flama<\/a><\/p>\n<p><!----comment node----><!--a=1--><\/p>\n<p><!----comment node----><!--a=1--><\/p>\n<p><!----comment node----><!--a=1--><\/p>\n","protected":false},"excerpt":{"rendered":"<p>Institut Gerbert d&#8217;Aurillac Av. Llu\u00eds Companys s\/n 08272 Sant Fruit\u00f3s de Bages 938761821 iesgerbert@xtec.cat Per a venir en transport p\u00fablic: Autobusos Sagal\u00e9s L\u00ednia 751 Manresa &#8211; Sant Fruit\u00f3s de Bages &#8211; Navarcles Escoles adscrites a l&#8217;institut: Escola Monsenyor Gibert Escola Pla del Puig Escola La Flama<\/p>\n","protected":false},"author":1,"featured_media":0,"parent":0,"menu_order":0,"comment_status":"closed","ping_status":"closed","template":"page-templates\/side-menu.php","meta":{"_bbp_topic_count":0,"_bbp_reply_count":0,"_bbp_total_topic_count":0,"_bbp_total_reply_count":0,"_bbp_voice_count":0,"_bbp_anonymous_reply_count":0,"_bbp_topic_count_hidden":0,"_bbp_reply_count_hidden":0,"_bbp_forum_subforum_count":0,"site-sidebar-layout":"default","site-content-layout":"","ast-site-content-layout":"","site-content-style":"default","site-sidebar-style":"default","ast-global-header-display":"","ast-banner-title-visibility":"","ast-main-header-display":"","ast-hfb-above-header-display":"","ast-hfb-below-header-display":"","ast-hfb-mobile-header-display":"","site-post-title":"","ast-breadcrumbs-content":"","ast-featured-img":"","footer-sml-layout":"","theme-transparent-header-meta":"","adv-header-id-meta":"","stick-header-meta":"","header-above-stick-meta":"","header-main-stick-meta":"","header-below-stick-meta":"","astra-migrate-meta-layouts":"default","ast-page-background-enabled":"default","ast-page-background-meta":{"desktop":{"background-color":"var(--ast-global-color-4)","background-image":"","background-repeat":"repeat","background-position":"center center","background-size":"auto","background-attachment":"scroll","background-type":"","background-media":"","overlay-type":"","overlay-color":"","overlay-opacity":"","overlay-gradient":""},"tablet":{"background-color":"","background-image":"","background-repeat":"repeat","background-position":"center center","background-size":"auto","background-attachment":"scroll","background-type":"","background-media":"","overlay-type":"","overlay-color":"","overlay-opacity":"","overlay-gradient":""},"mobile":{"background-color":"","background-image":"","background-repeat":"repeat","background-position":"center center","background-size":"auto","background-attachment":"scroll","background-type":"","background-media":"","overlay-type":"","overlay-color":"","overlay-opacity":"","overlay-gradient":""}},"ast-content-background-meta":{"desktop":{"background-color":"var(--ast-global-color-5)","background-image":"","background-repeat":"repeat","background-position":"center center","background-size":"auto","background-attachment":"scroll","background-type":"","background-media":"","overlay-type":"","overlay-color":"","overlay-opacity":"","overlay-gradient":""},"tablet":{"background-color":"var(--ast-global-color-5)","background-image":"","background-repeat":"repeat","background-position":"center center","background-size":"auto","background-attachment":"scroll","background-type":"","background-media":"","overlay-type":"","overlay-color":"","overlay-opacity":"","overlay-gradient":""},"mobile":{"background-color":"var(--ast-global-color-5)","background-image":"","background-repeat":"repeat","background-position":"center center","background-size":"auto","background-attachment":"scroll","background-type":"","background-media":"","overlay-type":"","overlay-color":"","overlay-opacity":"","overlay-gradient":""}},"footnotes":""},"class_list":["post-19","page","type-page","status-publish","hentry"],"post_mailing_queue_ids":[],"_links":{"self":[{"href":"https:\/\/agora.xtec.cat\/iesgerbert\/wp-json\/wp\/v2\/pages\/19","targetHints":{"allow":["GET"]}}],"collection":[{"href":"https:\/\/agora.xtec.cat\/iesgerbert\/wp-json\/wp\/v2\/pages"}],"about":[{"href":"https:\/\/agora.xtec.cat\/iesgerbert\/wp-json\/wp\/v2\/types\/page"}],"author":[{"embeddable":true,"href":"https:\/\/agora.xtec.cat\/iesgerbert\/wp-json\/wp\/v2\/users\/1"}],"replies":[{"embeddable":true,"href":"https:\/\/agora.xtec.cat\/iesgerbert\/wp-json\/wp\/v2\/comments?post=19"}],"version-history":[{"count":7,"href":"https:\/\/agora.xtec.cat\/iesgerbert\/wp-json\/wp\/v2\/pages\/19\/revisions"}],"predecessor-version":[{"id":13428,"href":"https:\/\/agora.xtec.cat\/iesgerbert\/wp-json\/wp\/v2\/pages\/19\/revisions\/13428"}],"wp:attachment":[{"href":"https:\/\/agora.xtec.cat\/iesgerbert\/wp-json\/wp\/v2\/media?parent=19"}],"curies":[{"name":"wp","href":"https:\/\/api.w.org\/{rel}","templated":true}]}}