{"id":1211,"date":"2019-09-05T13:28:46","date_gmt":"2019-09-05T11:28:46","guid":{"rendered":"http:\/\/agora.xtec.cat\/iesgerbert\/?page_id=1211"},"modified":"2024-01-03T12:41:40","modified_gmt":"2024-01-03T11:41:40","slug":"projectes","status":"publish","type":"page","link":"https:\/\/agora.xtec.cat\/iesgerbert\/com-treballem\/projectes-de-centre\/projectes\/","title":{"rendered":"Projecte Grode"},"content":{"rendered":"<p style=\"text-align: justify;\">El projecte GRODE (Grup de Recerca Orientaci\u00f3 i Desenvolupament Educatiu)\u00a0 \u00e9s una<strong> plataforma de generaci\u00f3 de sociogrames<\/strong> per a con\u00e8ixer la din\u00e0mica del grup per poder intervenir pedag\u00f2gicament.<\/p>\n<p style=\"text-align: justify;\">Des de fa alguns cursos a les reunions de <strong>l\u2019Espai de Debat Educatiu<\/strong> que es realitzen a la <strong>Biblioteca de Sant Fruit\u00f3s de Bages<\/strong> i que lidera la M. Jes\u00fas Comellas, doctora em\u00e8rita de la UAB es desenvolupa el projecte un cop al mes.<\/p>\n<p style=\"text-align: justify;\">En la majoria de centres es porta a terme el projecte en el marc dels Plans Educatius d\u2019Entorn, promoguts per la Generalitat amb col\u2022laboraci\u00f3 municipal, i, en altres \u00e9s per voluntat i implicaci\u00f3 municipal, d\u2019alguna instituci\u00f3 o dels propis centres. En el nostre centre creiem que aquest \u00e9s un aspecte fonamental per al desenvolupament integral del nostre alumnat i poder atendre les seves necessitats.<\/p>\n<p style=\"text-align: justify;\">El portal est\u00e0 a disposici\u00f3 dels Centres Educatius, Serveis Educatius i personal t\u00e8cnic d\u2019Educaci\u00f3 dels Municipis que participen del projecte de l\u2019Observatori de la viol\u00e8ncia a les escoles.<\/p>\n","protected":false},"excerpt":{"rendered":"<p>El projecte GRODE (Grup de Recerca Orientaci\u00f3 i Desenvolupament Educatiu)\u00a0 \u00e9s una plataforma de generaci\u00f3 de sociogrames per a con\u00e8ixer la din\u00e0mica del grup per poder intervenir pedag\u00f2gicament. Des de fa alguns cursos a les reunions de l\u2019Espai de Debat Educatiu que es realitzen a la Biblioteca de Sant Fruit\u00f3s de Bages i que lidera [&hellip;]<\/p>\n","protected":false},"author":1,"featured_media":0,"parent":11111,"menu_order":1,"comment_status":"closed","ping_status":"closed","template":"page-templates\/side-menu.php","meta":{"_bbp_topic_count":0,"_bbp_reply_count":0,"_bbp_total_topic_count":0,"_bbp_total_reply_count":0,"_bbp_voice_count":0,"_bbp_anonymous_reply_count":0,"_bbp_topic_count_hidden":0,"_bbp_reply_count_hidden":0,"_bbp_forum_subforum_count":0,"site-sidebar-layout":"default","site-content-layout":"","ast-site-content-layout":"","site-content-style":"default","site-sidebar-style":"default","ast-global-header-display":"","ast-banner-title-visibility":"","ast-main-header-display":"","ast-hfb-above-header-display":"","ast-hfb-below-header-display":"","ast-hfb-mobile-header-display":"","site-post-title":"","ast-breadcrumbs-content":"","ast-featured-img":"","footer-sml-layout":"","theme-transparent-header-meta":"","adv-header-id-meta":"","stick-header-meta":"","header-above-stick-meta":"","header-main-stick-meta":"","header-below-stick-meta":"","astra-migrate-meta-layouts":"default","ast-page-background-enabled":"default","ast-page-background-meta":{"desktop":{"background-color":"var(--ast-global-color-4)","background-image":"","background-repeat":"repeat","background-position":"center center","background-size":"auto","background-attachment":"scroll","background-type":"","background-media":"","overlay-type":"","overlay-color":"","overlay-opacity":"","overlay-gradient":""},"tablet":{"background-color":"","background-image":"","background-repeat":"repeat","background-position":"center center","background-size":"auto","background-attachment":"scroll","background-type":"","background-media":"","overlay-type":"","overlay-color":"","overlay-opacity":"","overlay-gradient":""},"mobile":{"background-color":"","background-image":"","background-repeat":"repeat","background-position":"center center","background-size":"auto","background-attachment":"scroll","background-type":"","background-media":"","overlay-type":"","overlay-color":"","overlay-opacity":"","overlay-gradient":""}},"ast-content-background-meta":{"desktop":{"background-color":"var(--ast-global-color-5)","background-image":"","background-repeat":"repeat","background-position":"center center","background-size":"auto","background-attachment":"scroll","background-type":"","background-media":"","overlay-type":"","overlay-color":"","overlay-opacity":"","overlay-gradient":""},"tablet":{"background-color":"var(--ast-global-color-5)","background-image":"","background-repeat":"repeat","background-position":"center center","background-size":"auto","background-attachment":"scroll","background-type":"","background-media":"","overlay-type":"","overlay-color":"","overlay-opacity":"","overlay-gradient":""},"mobile":{"background-color":"var(--ast-global-color-5)","background-image":"","background-repeat":"repeat","background-position":"center center","background-size":"auto","background-attachment":"scroll","background-type":"","background-media":"","overlay-type":"","overlay-color":"","overlay-opacity":"","overlay-gradient":""}},"footnotes":""},"class_list":["post-1211","page","type-page","status-publish","hentry"],"post_mailing_queue_ids":[],"_links":{"self":[{"href":"https:\/\/agora.xtec.cat\/iesgerbert\/wp-json\/wp\/v2\/pages\/1211","targetHints":{"allow":["GET"]}}],"collection":[{"href":"https:\/\/agora.xtec.cat\/iesgerbert\/wp-json\/wp\/v2\/pages"}],"about":[{"href":"https:\/\/agora.xtec.cat\/iesgerbert\/wp-json\/wp\/v2\/types\/page"}],"author":[{"embeddable":true,"href":"https:\/\/agora.xtec.cat\/iesgerbert\/wp-json\/wp\/v2\/users\/1"}],"replies":[{"embeddable":true,"href":"https:\/\/agora.xtec.cat\/iesgerbert\/wp-json\/wp\/v2\/comments?post=1211"}],"version-history":[{"count":3,"href":"https:\/\/agora.xtec.cat\/iesgerbert\/wp-json\/wp\/v2\/pages\/1211\/revisions"}],"predecessor-version":[{"id":2635,"href":"https:\/\/agora.xtec.cat\/iesgerbert\/wp-json\/wp\/v2\/pages\/1211\/revisions\/2635"}],"up":[{"embeddable":true,"href":"https:\/\/agora.xtec.cat\/iesgerbert\/wp-json\/wp\/v2\/pages\/11111"}],"wp:attachment":[{"href":"https:\/\/agora.xtec.cat\/iesgerbert\/wp-json\/wp\/v2\/media?parent=1211"}],"curies":[{"name":"wp","href":"https:\/\/api.w.org\/{rel}","templated":true}]}}

<p style="text-align: justify;">El projecte GRODE (Grup de Recerca Orientació i Desenvolupament Educatiu)  és una<strong> plataforma de generació de sociogrames</strong> per a conèixer la dinàmica del grup per poder intervenir pedagògicament.</p>
<p style="text-align: justify;">Des de fa alguns cursos a les reunions de <strong>l’Espai de Debat Educatiu</strong> que es realitzen a la <strong>Biblioteca de Sant Fruitós de Bages</strong> i que lidera la M. Jesús Comellas, doctora emèrita de la UAB es desenvolupa el projecte un cop al mes.</p>
<p style="text-align: justify;">En la majoria de centres es porta a terme el projecte en el marc dels Plans Educatius d’Entorn, promoguts per la Generalitat amb col•laboració municipal, i, en altres és per voluntat i implicació municipal, d’alguna institució o dels propis centres. En el nostre centre creiem que aquest és un aspecte fonamental per al desenvolupament integral del nostre alumnat i poder atendre les seves necessitats.</p>
<p style="text-align: justify;">El portal està a disposició dels Centres Educatius, Serveis Educatius i personal tècnic d’Educació dels Municipis que participen del projecte de l’Observatori de la violència a les escoles.</p>

<p>El projecte GRODE (Grup de Recerca Orientació i Desenvolupament Educatiu)  és una plataforma de generació de sociogrames per a conèixer la dinàmica del grup per poder intervenir pedagògicament. Des de fa alguns cursos a les reunions de l’Espai de Debat Educatiu que es realitzen a la Biblioteca de Sant Fruitós de Bages i que lidera [&hellip;]</p>
