{"id":11505,"date":"2024-04-16T17:28:38","date_gmt":"2024-04-16T15:28:38","guid":{"rendered":"https:\/\/agora.xtec.cat\/iesgerbert\/?page_id=11505"},"modified":"2024-04-29T13:00:40","modified_gmt":"2024-04-29T11:00:40","slug":"infoescoles","status":"publish","type":"page","link":"https:\/\/agora.xtec.cat\/iesgerbert\/linstitut\/infoescoles\/","title":{"rendered":"Infoescoles"},"content":{"rendered":"<p style=\"text-align: justify;\">L\u2019alumnat dels centres educatius de Sant Fruit\u00f3s de Bages participen en l\u2019emissi\u00f3 d\u2019un programa mensual que s\u2019emet l\u2019\u00faltim dissabte de mes a les 12 del migdia a R\u00e0dio Sant Fruit\u00f3s, al 107.5FM i a <a href=\"https:\/\/radiosantfruitos.cat\/WEB\/\">radiosantfruitos.cat<\/a>. El programa es diu \u201cInfoescoles\u201d, i \u00e9s un nom escollit d\u2019entre la pluja d\u2019idees que ha fet l\u2019alumnat que hi participa.<\/p>\n<p style=\"text-align: justify;\">Cada grup\/classe que participa en el programa treballa al llarg del mes acompanyat d\u2019una professora o professor. En el proc\u00e9s d\u2019elaboraci\u00f3, l\u2019alumnat desenvolupa les seves habilitats de treball en equip, d\u2019escriptura, de s\u00edntesi, de comprensi\u00f3 i oralitat. Primer, han de cercar la informaci\u00f3, entendre-la, elaborar un text que sigui clar i entenedor i, despr\u00e9s, locutar-lo. L\u2019\u00faltima o pen\u00faltima setmana del mes, R\u00e0dio Sant Fruit\u00f3s es despla\u00e7a als centres educatius per gravar l\u2019alumnat, despr\u00e9s ho edita i ho prepara perqu\u00e8 es pugui emetre.<\/p>\n<p>El programa a les escoles \u00e9s possible gr\u00e0cies a un conveni signat entre l\u2019Ajuntament de Sant Fruit\u00f3s de Bages i JP Pro Barcelona.<\/p>\n<p>Us deixem amb els enlla\u00e7os a les emissions que s&#8217;ha fet aquest curs escolar. Tamb\u00e9 es pot escoltar anant a <a href=\"http:\/\/www.radiosantfruitos.cat\"><strong>la web de la r\u00e0dio<\/strong><\/a>, a l&#8217;apartat d&#8217;Infoescoles.<\/p>\n<p><strong>ABRIL:<\/strong> <a href=\"https:\/\/go.ivoox.com\/rf\/128094821\">https:\/\/go.ivoox.com\/rf\/128094821<\/a><\/p>\n<p><strong>MAR\u00c7<\/strong>: <a href=\"https:\/\/www.ivoox.com\/infoescoles-marc-2024-audios-mp3_rf_126833466_1.html\">https:\/\/www.ivoox.com\/infoescoles-marc-2024-audios-mp3_rf_126833466_1.html<\/a><\/p>\n<p><strong>GENER<\/strong>: <a href=\"https:\/\/www.ivoox.com\/infoescoles-5-gener-2024-audios-mp3_rf_123724647_1.html\">https:\/\/www.ivoox.com\/infoescoles-5-gener-2024-audios-mp3_rf_123724647_1.html<\/a><\/p>\n<p><strong>NOVEMBRE<\/strong>: <a href=\"https:\/\/www.ivoox.com\/infoescoles-24-novembre-del-2023-audios-mp3_rf_120288229_1.html\">https:\/\/www.ivoox.com\/infoescoles-24-novembre-del-2023-audios-mp3_rf_120288229_1.html<\/a><\/p>\n<p><a href=\"https:\/\/agora.xtec.cat\/iesgerbert\/wp-content\/uploads\/usu668\/2024\/04\/INFOESCOLES-2.png\"><img loading=\"lazy\" decoding=\"async\" class=\" wp-image-11510 aligncenter\" src=\"https:\/\/agora.xtec.cat\/iesgerbert\/wp-content\/uploads\/usu668\/2024\/04\/INFOESCOLES-2.png\" alt=\"\" width=\"380\" height=\"380\" srcset=\"https:\/\/agora.xtec.cat\/iesgerbert\/wp-content\/uploads\/usu668\/2024\/04\/INFOESCOLES-2.png 500w, https:\/\/agora.xtec.cat\/iesgerbert\/wp-content\/uploads\/usu668\/2024\/04\/INFOESCOLES-2-300x300.png 300w, https:\/\/agora.xtec.cat\/iesgerbert\/wp-content\/uploads\/usu668\/2024\/04\/INFOESCOLES-2-150x150.png 150w\" sizes=\"auto, (max-width: 380px) 100vw, 380px\" \/><\/a><\/p>\n","protected":false},"excerpt":{"rendered":"<p>L\u2019alumnat dels centres educatius de Sant Fruit\u00f3s de Bages participen en l\u2019emissi\u00f3 d\u2019un programa mensual que s\u2019emet l\u2019\u00faltim dissabte de mes a les 12 del migdia a R\u00e0dio Sant Fruit\u00f3s, al 107.5FM i a radiosantfruitos.cat. El programa es diu \u201cInfoescoles\u201d, i \u00e9s un nom escollit d\u2019entre la pluja d\u2019idees que ha fet l\u2019alumnat que hi [&hellip;]<\/p>\n","protected":false},"author":18,"featured_media":0,"parent":19,"menu_order":3,"comment_status":"closed","ping_status":"closed","template":"page-templates\/side-menu.php","meta":{"_bbp_topic_count":0,"_bbp_reply_count":0,"_bbp_total_topic_count":0,"_bbp_total_reply_count":0,"_bbp_voice_count":0,"_bbp_anonymous_reply_count":0,"_bbp_topic_count_hidden":0,"_bbp_reply_count_hidden":0,"_bbp_forum_subforum_count":0,"site-sidebar-layout":"default","site-content-layout":"","ast-site-content-layout":"","site-content-style":"default","site-sidebar-style":"default","ast-global-header-display":"","ast-banner-title-visibility":"","ast-main-header-display":"","ast-hfb-above-header-display":"","ast-hfb-below-header-display":"","ast-hfb-mobile-header-display":"","site-post-title":"","ast-breadcrumbs-content":"","ast-featured-img":"","footer-sml-layout":"","theme-transparent-header-meta":"","adv-header-id-meta":"","stick-header-meta":"","header-above-stick-meta":"","header-main-stick-meta":"","header-below-stick-meta":"","astra-migrate-meta-layouts":"default","ast-page-background-enabled":"default","ast-page-background-meta":{"desktop":{"background-color":"var(--ast-global-color-4)","background-image":"","background-repeat":"repeat","background-position":"center center","background-size":"auto","background-attachment":"scroll","background-type":"","background-media":"","overlay-type":"","overlay-color":"","overlay-opacity":"","overlay-gradient":""},"tablet":{"background-color":"","background-image":"","background-repeat":"repeat","background-position":"center center","background-size":"auto","background-attachment":"scroll","background-type":"","background-media":"","overlay-type":"","overlay-color":"","overlay-opacity":"","overlay-gradient":""},"mobile":{"background-color":"","background-image":"","background-repeat":"repeat","background-position":"center center","background-size":"auto","background-attachment":"scroll","background-type":"","background-media":"","overlay-type":"","overlay-color":"","overlay-opacity":"","overlay-gradient":""}},"ast-content-background-meta":{"desktop":{"background-color":"var(--ast-global-color-5)","background-image":"","background-repeat":"repeat","background-position":"center center","background-size":"auto","background-attachment":"scroll","background-type":"","background-media":"","overlay-type":"","overlay-color":"","overlay-opacity":"","overlay-gradient":""},"tablet":{"background-color":"var(--ast-global-color-5)","background-image":"","background-repeat":"repeat","background-position":"center center","background-size":"auto","background-attachment":"scroll","background-type":"","background-media":"","overlay-type":"","overlay-color":"","overlay-opacity":"","overlay-gradient":""},"mobile":{"background-color":"var(--ast-global-color-5)","background-image":"","background-repeat":"repeat","background-position":"center center","background-size":"auto","background-attachment":"scroll","background-type":"","background-media":"","overlay-type":"","overlay-color":"","overlay-opacity":"","overlay-gradient":""}},"footnotes":""},"class_list":["post-11505","page","type-page","status-publish","hentry"],"post_mailing_queue_ids":[],"_links":{"self":[{"href":"https:\/\/agora.xtec.cat\/iesgerbert\/wp-json\/wp\/v2\/pages\/11505","targetHints":{"allow":["GET"]}}],"collection":[{"href":"https:\/\/agora.xtec.cat\/iesgerbert\/wp-json\/wp\/v2\/pages"}],"about":[{"href":"https:\/\/agora.xtec.cat\/iesgerbert\/wp-json\/wp\/v2\/types\/page"}],"author":[{"embeddable":true,"href":"https:\/\/agora.xtec.cat\/iesgerbert\/wp-json\/wp\/v2\/users\/18"}],"replies":[{"embeddable":true,"href":"https:\/\/agora.xtec.cat\/iesgerbert\/wp-json\/wp\/v2\/comments?post=11505"}],"version-history":[{"count":5,"href":"https:\/\/agora.xtec.cat\/iesgerbert\/wp-json\/wp\/v2\/pages\/11505\/revisions"}],"predecessor-version":[{"id":11566,"href":"https:\/\/agora.xtec.cat\/iesgerbert\/wp-json\/wp\/v2\/pages\/11505\/revisions\/11566"}],"up":[{"embeddable":true,"href":"https:\/\/agora.xtec.cat\/iesgerbert\/wp-json\/wp\/v2\/pages\/19"}],"wp:attachment":[{"href":"https:\/\/agora.xtec.cat\/iesgerbert\/wp-json\/wp\/v2\/media?parent=11505"}],"curies":[{"name":"wp","href":"https:\/\/api.w.org\/{rel}","templated":true}]}}