{"id":379,"date":"2015-05-22T22:55:17","date_gmt":"2015-05-22T21:55:17","guid":{"rendered":"http:\/\/agora.xtec.cat\/iesgelida\/?page_id=379"},"modified":"2015-06-25T23:15:57","modified_gmt":"2015-06-25T22:15:57","slug":"altres-projectes","status":"publish","type":"page","link":"https:\/\/agora.xtec.cat\/iesgelida\/altres-projectes\/","title":{"rendered":"Altres projectes"},"content":{"rendered":"<h6 id=\"sites-page-title-header\" align=\"left\"><\/h6>\n<div id=\"sites-canvas-main\" class=\"sites-canvas-main\">\n<div id=\"sites-canvas-main-content\">\n<div dir=\"ltr\" style=\"text-align: justify;\"><span style=\"color: #000000; font-size: medium;\"><b>Mediaci\u00f3:<\/b><\/span>\u00a0Projecte per la millora de la conviv\u00e8ncia escolar en qu\u00e8 un grup d&#8217;alumnes formats i coordinats per un professor intervenen en la mediaci\u00f3 de conflictes entre alumnes.<\/div>\n<div dir=\"ltr\">\n<div><\/div>\n<h4><\/h4>\n<div><\/div>\n<div style=\"text-align: justify;\"><span style=\"color: #000000; font-size: medium;\"><b>EFEC (Educaci\u00f3 Financera a les Escoles de Catalanya):<\/b><\/span>\u00a0En l\u2019actual marc econ\u00f2mic-financer, m\u00e9s que mai, cal oferir coneixements financers a diversos col\u00b7lectius i en diferents nivells, per\u00f2 molt especialment a escoles i adolescents.\u00a0El programa EFEC est\u00e0 dirigit a alumnes de 4rt d\u2019ESO de les escoles catalanes que volunt\u00e0riament participen.<\/div>\n<div>\n<div><\/div>\n<h4><\/h4>\n<div><\/div>\n<div style=\"text-align: justify;\"><span style=\"color: #000000; font-size: medium;\"><b>Pla Educatiu d&#8217;Entorn:<\/b><\/span> Pla que aglutina i coordina nombroses activitats i projectes a nivell local, tant en els centres d&#8217;ensenyament com a d&#8217;altres entitats i administracions. En el nostre Institut \u00e9s a trav\u00e9s d&#8217;aquest pla i les aportacions municipals que es porta a terme l&#8217;<b>Estudi Assistit<\/b>, refor\u00e7 escolar en horari no lectiu per a alumnes amb dificultats de rendiment escolar.<\/div>\n<h4 style=\"text-align: justify;\"><\/h4>\n<div style=\"text-align: justify;\"><\/div>\n<div style=\"text-align: justify;\"><span style=\"color: #000000; font-size: medium;\"><b>Pla d&#8217;Autonomia de Centre:<\/b><\/span> Darrer curs d&#8217;un pla quatriennal que cerca objectius de millora a trav\u00e9s de recursos econ\u00f2mics i humans i d&#8217;un seguiment per part de la inspecci\u00f3 i l&#8217;administraci\u00f3 educativa. Malgrat que aquests recursos s&#8217;han estroncat aquests darrers anys se segueix treballant per portar a terme els objectius planificats.<\/div>\n<div style=\"text-align: justify;\"><\/div>\n<h4 style=\"text-align: justify;\"><\/h4>\n<div style=\"text-align: justify;\"><\/div>\n<div style=\"text-align: justify;\"><span style=\"color: #000000;\"><b><span style=\"font-size: medium;\">Centre Formador:<\/span><\/b><\/span> L&#8217;Institut Gelida est\u00e0 dins la llista de Centres Formadors del Departament d&#8217;Ensenyament per a portar a terme les pr\u00e0ctiques del M\u00e0ster per a Professors d&#8217;Ensenyament Secundari.<\/div>\n<\/div>\n<\/div>\n<\/div>\n<\/div>\n","protected":false},"excerpt":{"rendered":"<p>Mediaci\u00f3:\u00a0Projecte per la millora de la conviv\u00e8ncia escolar en qu\u00e8 un grup d&#8217;alumnes formats i coordinats per un professor intervenen en la mediaci\u00f3 de conflictes entre alumnes.<\/p>\n<p>EFEC (Educaci\u00f3 Financera a les Escoles de Catalanya):\u00a0En l\u2019actual marc econ\u00f2mic-financer, m\u00e9s que mai, cal oferir coneixements financers a&hellip;  <a href=\"https:\/\/agora.xtec.cat\/iesgelida\/altres-projectes\/\" title=\"Read Altres projectes\">Llegeix m\u00e9s\u00bb<\/a><\/p>\n","protected":false},"author":1,"featured_media":0,"parent":0,"menu_order":0,"comment_status":"closed","ping_status":"closed","template":"","meta":{"_bbp_topic_count":0,"_bbp_reply_count":0,"_bbp_total_topic_count":0,"_bbp_total_reply_count":0,"_bbp_voice_count":0,"_bbp_anonymous_reply_count":0,"_bbp_topic_count_hidden":0,"_bbp_reply_count_hidden":0,"_bbp_forum_subforum_count":0,"footnotes":""},"class_list":["post-379","page","type-page","status-publish","hentry"],"post_mailing_queue_ids":[],"_links":{"self":[{"href":"https:\/\/agora.xtec.cat\/iesgelida\/wp-json\/wp\/v2\/pages\/379","targetHints":{"allow":["GET"]}}],"collection":[{"href":"https:\/\/agora.xtec.cat\/iesgelida\/wp-json\/wp\/v2\/pages"}],"about":[{"href":"https:\/\/agora.xtec.cat\/iesgelida\/wp-json\/wp\/v2\/types\/page"}],"author":[{"embeddable":true,"href":"https:\/\/agora.xtec.cat\/iesgelida\/wp-json\/wp\/v2\/users\/1"}],"replies":[{"embeddable":true,"href":"https:\/\/agora.xtec.cat\/iesgelida\/wp-json\/wp\/v2\/comments?post=379"}],"version-history":[{"count":3,"href":"https:\/\/agora.xtec.cat\/iesgelida\/wp-json\/wp\/v2\/pages\/379\/revisions"}],"predecessor-version":[{"id":476,"href":"https:\/\/agora.xtec.cat\/iesgelida\/wp-json\/wp\/v2\/pages\/379\/revisions\/476"}],"wp:attachment":[{"href":"https:\/\/agora.xtec.cat\/iesgelida\/wp-json\/wp\/v2\/media?parent=379"}],"curies":[{"name":"wp","href":"https:\/\/api.w.org\/{rel}","templated":true}]}}