{"id":338,"date":"2015-05-20T21:41:03","date_gmt":"2015-05-20T20:41:03","guid":{"rendered":"http:\/\/agora.xtec.cat\/iesgelida\/?page_id=338"},"modified":"2026-03-02T18:20:27","modified_gmt":"2026-03-02T17:20:27","slug":"batxillerat","status":"publish","type":"page","link":"https:\/\/agora.xtec.cat\/iesgelida\/curriculum\/batxillerat\/","title":{"rendered":"Batxillerat"},"content":{"rendered":"<p>L\u2019Institut Gelida s\u2019 ofereixen itineraris amplis que permetin abastar totes les vies d\u2019 acc\u00e9s posteriors a la universitat i que vagi b\u00e9 per a les expectatives de futur del major nombre d\u2019 alumnes. Malgrat ser un centre petit i no poder oferir totes les opcions possibles, es poden cursar els dos itineraris m\u00e9s solicitats -per m\u00e9s del 90% de l&#8217;alumnat- a Catalunya: el batxillerat cient\u00edfic-tecnol\u00f2gic i el batxillerat human\u00edstic-social.<\/p>\n<p>Els ensenyaments de batxillerat consten d\u2019 una part comuna, formada per les mat\u00e8ries comunes i la tutoria, i una part diversificada, formada per les mat\u00e8ries de modalitat, les mat\u00e8ries optatives i el treball de recerca, segons l\u2019 esquema seg\u00fcent:<\/p>\n<ul>\n<li>Part comuna: \u00e9s la formada per les 6 mat\u00e8ries comunes a 1r i 5 a 2n, cursades per tots els alumnes.<\/li>\n<li>Part diversificada. La formen les mat\u00e8ries seg\u00fcents:\n<ul>\n<li>Modalitat. Les 4 mat\u00e8ries que permeten a l\u2019 alumne escollir un itinerari que el condueixi des de la formaci\u00f3 general, proporcionada per les mat\u00e8ries comunes, fins a la consolidaci\u00f3 del seu curr\u00edculum, adre\u00e7at cap a uns estudis o unes professions determinats.<\/li>\n<li>Treball de recerca. \u00c9s el treball d\u2019 investigaci\u00f3 que, dirigit per un professor, pret\u00e9n que l\u2019alumne apliqui els coneixements adquirits, demostri l\u2019assoliment dels objectius generals de l\u2019etapa, faci transfer\u00e8ncies de coneixements, posi en pr\u00e0ctica les seves capacitats d\u2019investigaci\u00f3 i es prepari per a futurs treballs similars.<\/li>\n<\/ul>\n<\/li>\n<\/ul>\n<p>El curs 2026-27 comen\u00e7aran a impartir-se mat\u00e8ries optatives a 1r de batxillerat, d&#8217;acord amb la modificaci\u00f3 del Decret 171\/2022 que est\u00e0 tramitant el Departament d&#8217;Educaci\u00f3. Aquestes mat\u00e8ries permetran el refor\u00e7 d&#8217;algunes mat\u00e8ries de modalitat i tamb\u00e9 l&#8217;exploraci\u00f3 de \u00e0rees del saber complement\u00e0ries, permetent una diversificaci\u00f3 de l&#8217;itinerari formatiu de l&#8217;alumnat segons els seus interessos.<\/p>\n","protected":false},"excerpt":{"rendered":"<p>L\u2019Institut Gelida s\u2019 ofereixen itineraris amplis que permetin abastar totes les vies d\u2019 acc\u00e9s posteriors a la universitat i que vagi b\u00e9 per a les expectatives de futur del major nombre d\u2019 alumnes. Malgrat ser un centre petit i no poder oferir totes les opcions&hellip;  <a href=\"https:\/\/agora.xtec.cat\/iesgelida\/curriculum\/batxillerat\/\" title=\"Read Batxillerat\">Llegeix m\u00e9s\u00bb<\/a><\/p>\n","protected":false},"author":1,"featured_media":0,"parent":332,"menu_order":3,"comment_status":"closed","ping_status":"closed","template":"page-templates\/side-menu.php","meta":{"_bbp_topic_count":0,"_bbp_reply_count":0,"_bbp_total_topic_count":0,"_bbp_total_reply_count":0,"_bbp_voice_count":0,"_bbp_anonymous_reply_count":0,"_bbp_topic_count_hidden":0,"_bbp_reply_count_hidden":0,"_bbp_forum_subforum_count":0,"footnotes":""},"class_list":["post-338","page","type-page","status-publish","hentry"],"post_mailing_queue_ids":[],"_links":{"self":[{"href":"https:\/\/agora.xtec.cat\/iesgelida\/wp-json\/wp\/v2\/pages\/338","targetHints":{"allow":["GET"]}}],"collection":[{"href":"https:\/\/agora.xtec.cat\/iesgelida\/wp-json\/wp\/v2\/pages"}],"about":[{"href":"https:\/\/agora.xtec.cat\/iesgelida\/wp-json\/wp\/v2\/types\/page"}],"author":[{"embeddable":true,"href":"https:\/\/agora.xtec.cat\/iesgelida\/wp-json\/wp\/v2\/users\/1"}],"replies":[{"embeddable":true,"href":"https:\/\/agora.xtec.cat\/iesgelida\/wp-json\/wp\/v2\/comments?post=338"}],"version-history":[{"count":5,"href":"https:\/\/agora.xtec.cat\/iesgelida\/wp-json\/wp\/v2\/pages\/338\/revisions"}],"predecessor-version":[{"id":4474,"href":"https:\/\/agora.xtec.cat\/iesgelida\/wp-json\/wp\/v2\/pages\/338\/revisions\/4474"}],"up":[{"embeddable":true,"href":"https:\/\/agora.xtec.cat\/iesgelida\/wp-json\/wp\/v2\/pages\/332"}],"wp:attachment":[{"href":"https:\/\/agora.xtec.cat\/iesgelida\/wp-json\/wp\/v2\/media?parent=338"}],"curies":[{"name":"wp","href":"https:\/\/api.w.org\/{rel}","templated":true}]}}