{"id":4640,"date":"2017-08-29T17:31:50","date_gmt":"2017-08-29T15:31:50","guid":{"rendered":"http:\/\/agora.xtec.cat\/iesgaudi\/?page_id=4640"},"modified":"2024-02-27T19:27:32","modified_gmt":"2024-02-27T18:27:32","slug":"fp-dual","status":"publish","type":"page","link":"https:\/\/agora.xtec.cat\/iesgaudi\/fp-dual\/","title":{"rendered":"FP Dual"},"content":{"rendered":"<header class=\"entry-header\">\n<h1 class=\"entry-title\">QU\u00c8 \u00c9S LA DUAL INTENSIVA<\/h1>\n<\/header>\n<div class=\"entry-content\">\n<p>La\u00a0<strong>formaci\u00f3 dual<\/strong>\u00a0\u00e9s la modalitat de la formaci\u00f3 professional (FP) en la qual l\u2019estudiant esdev\u00e9 aprenent i combina la formaci\u00f3 en el centre educatiu amb l\u2019activitat productiva en l\u2019empresa.<\/p>\n<p>Amb l\u2019objectiu de donar resposta a les necessitats del mercat laboral, la formaci\u00f3 professional dual aposta per augmentar la col\u2022laboraci\u00f3 entre els centres de formaci\u00f3 professional i les empreses, en el proc\u00e9s formatiu de l\u2019alumnat.<\/p>\n<h4>Com funciona<\/h4>\n<ul>\n<li>La col\u00b7laboraci\u00f3 entre el centre i l\u2019empresa es formalitza mitjan\u00e7ant un conveni de col\u00b7laboraci\u00f3.<\/li>\n<li>Per a cada alumne s\u2019acorden les activitats formatives a desenvolupar en l\u2019empresa per completar la seva qualificaci\u00f3, aix\u00ed com l\u2019horari i el calendari.<\/li>\n<li>L\u2019empresa acull l\u2019aprenent i li assigna un lloc de treball adient.<\/li>\n<li>El centre educatiu i l\u2019empresa designen els tutors que fan el seguiment dels alumnes aprenents.<\/li>\n<li>El seguiment i la valoraci\u00f3 de l\u2019aprenent es fa de forma conjunta entre l\u2019empresa i el centre<\/li>\n<\/ul>\n<h4>Fases<\/h4>\n<p>L\u2019<strong>estada a l\u2019empresa<\/strong>\u00a0es divideix en\u00a0<strong>dues fases<\/strong>:<\/p>\n<p><strong>1a fase \u2013 Integraci\u00f3.\u00a0<\/strong>L\u2019alumne hi fa pr\u00e0ctiques i mentre s\u2019adapta al funcionament de l\u2019empresa.<\/p>\n<table width=\"778\">\n<tbody>\n<tr>\n<td width=\"104\"><strong>Relaci\u00f3<\/strong><\/td>\n<td width=\"140\"><strong>Durada<\/strong><\/td>\n<td width=\"150\"><strong>Retribucions<\/strong><\/td>\n<td width=\"377\"><strong>Seguretat social (SS)<\/strong><\/td>\n<\/tr>\n<tr>\n<td width=\"104\">Dual general<\/td>\n<td width=\"140\">100 hores<\/td>\n<td width=\"150\">No remunerades<\/td>\n<td width=\"377\">Alta a la Seguretat Social: Pr\u00e0ctiques no retributives<\/td>\n<\/tr>\n<\/tbody>\n<\/table>\n<p><strong>2a fase \u2013 Dues modalitats:<\/strong><\/p>\n<table style=\"width: 91.837%; height: 610px;\" width=\"682\">\n<tbody>\n<tr style=\"height: 32px;\">\n<td style=\"height: 32px;\" width=\"104\"><strong>Relaci\u00f3<\/strong><\/td>\n<td style=\"height: 32px;\" width=\"140\"><strong>Durada<\/strong><\/td>\n<td style=\"height: 32px;\" width=\"169\"><strong>Retribucions<\/strong><\/td>\n<td style=\"height: 32px;\" width=\"262\"><strong>Seguretat social (SS)<\/strong><\/td>\n<\/tr>\n<tr style=\"height: 372px;\">\n<td style=\"height: 372px;\" width=\"104\"><strong>Opci\u00f3<\/strong>\u00a0<strong>1. Beca (signatura d&#8217;un acord formatiu entre empresa, centre i aprenent)<\/strong><\/td>\n<td style=\"height: 372px;\" width=\"140\">De 2 a 10 mesos per curs (es pot fer una pr\u00f2rroga)<\/td>\n<td style=\"height: 372px;\" width=\"169\">\n<ul>\n<li>En els cicles formatius de grau mitj\u00e0, al 50% del Salari M\u00ednim Interprofessional de l\u2019any 2020.<\/li>\n<li>En els cicles de grau superior, al 60% del Salari M\u00ednim Interprofessional de l\u2019any 2020, durant la primera meitat de l\u2019estada a l\u2019empresa, i al 70% al llarg de la segona meitat formativa.<\/li>\n<\/ul>\n<\/td>\n<td style=\"height: 372px;\" width=\"262\">Alta a l\u2019SS com a becari\/a<\/td>\n<\/tr>\n<tr style=\"height: 206px;\">\n<td style=\"height: 206px;\" width=\"104\"><strong>Opci\u00f3 2. Contracte de formaci\u00f3 en alternan\u00e7a<\/strong><\/td>\n<td style=\"height: 206px;\" width=\"140\">M\u00ednim 3 mesos, m\u00e0xim 2 anys.<\/td>\n<td style=\"height: 206px;\" width=\"169\">En cap cas la retribuci\u00f3 podr\u00e0 ser inferior al salari m\u00ednim interprofessional en proporci\u00f3 al temps de treball efectiu.<\/td>\n<td style=\"height: 206px;\" width=\"262\">L\u2019aprenent \u00e9s un\/a treballador\/a de l\u2019empresa i est\u00e0 sotm\u00e8s a les normes i legislaci\u00f3 laboral: sou, vacances, permisos, drets i obligacions, entre d\u2019altres, pel fet de formar part de la plantilla de l\u2019empresa.<\/td>\n<\/tr>\n<\/tbody>\n<\/table>\n<p>&nbsp;<\/p>\n<p><strong>Enlla\u00e7os d\u2019inter\u00e8s<\/strong><\/p>\n<ul>\n<li>P\u00e0gina\u00a0<a href=\"http:\/\/www.fpdual.cat\/index.php\">FP dual<\/a><\/li>\n<li><a href=\"http:\/\/www.todofp.es\/sobre-fp\/informacion-general\/formacion-profesional-dual.html\">Todo FP dual<\/a><\/li>\n<\/ul>\n<\/div>\n","protected":false},"excerpt":{"rendered":"<p>QU\u00c8 \u00c9S LA DUAL INTENSIVA La\u00a0formaci\u00f3 dual\u00a0\u00e9s la modalitat de la formaci\u00f3 professional (FP) en la qual l\u2019estudiant esdev\u00e9 aprenent i combina la formaci\u00f3 en el centre educatiu amb l\u2019activitat productiva en l\u2019empresa. Amb l\u2019objectiu de donar resposta a les necessitats del mercat laboral, la formaci\u00f3 professional dual aposta per augmentar la col\u2022laboraci\u00f3 entre els [&hellip;]<\/p>\n","protected":false},"author":331,"featured_media":0,"parent":0,"menu_order":0,"comment_status":"closed","ping_status":"closed","template":"","meta":{"_bbp_topic_count":0,"_bbp_reply_count":0,"_bbp_total_topic_count":0,"_bbp_total_reply_count":0,"_bbp_voice_count":0,"_bbp_anonymous_reply_count":0,"_bbp_topic_count_hidden":0,"_bbp_reply_count_hidden":0,"_bbp_forum_subforum_count":0,"site-sidebar-layout":"default","site-content-layout":"","ast-site-content-layout":"","site-content-style":"default","site-sidebar-style":"default","ast-global-header-display":"","ast-banner-title-visibility":"","ast-main-header-display":"","ast-hfb-above-header-display":"","ast-hfb-below-header-display":"","ast-hfb-mobile-header-display":"","site-post-title":"","ast-breadcrumbs-content":"","ast-featured-img":"","footer-sml-layout":"","theme-transparent-header-meta":"","adv-header-id-meta":"","stick-header-meta":"","header-above-stick-meta":"","header-main-stick-meta":"","header-below-stick-meta":"","astra-migrate-meta-layouts":"default","ast-page-background-enabled":"default","ast-page-background-meta":{"desktop":{"background-color":"var(--ast-global-color-4)","background-image":"","background-repeat":"repeat","background-position":"center center","background-size":"auto","background-attachment":"scroll","background-type":"","background-media":"","overlay-type":"","overlay-color":"","overlay-opacity":"","overlay-gradient":""},"tablet":{"background-color":"","background-image":"","background-repeat":"repeat","background-position":"center center","background-size":"auto","background-attachment":"scroll","background-type":"","background-media":"","overlay-type":"","overlay-color":"","overlay-opacity":"","overlay-gradient":""},"mobile":{"background-color":"","background-image":"","background-repeat":"repeat","background-position":"center center","background-size":"auto","background-attachment":"scroll","background-type":"","background-media":"","overlay-type":"","overlay-color":"","overlay-opacity":"","overlay-gradient":""}},"ast-content-background-meta":{"desktop":{"background-color":"var(--ast-global-color-5)","background-image":"","background-repeat":"repeat","background-position":"center center","background-size":"auto","background-attachment":"scroll","background-type":"","background-media":"","overlay-type":"","overlay-color":"","overlay-opacity":"","overlay-gradient":""},"tablet":{"background-color":"var(--ast-global-color-5)","background-image":"","background-repeat":"repeat","background-position":"center center","background-size":"auto","background-attachment":"scroll","background-type":"","background-media":"","overlay-type":"","overlay-color":"","overlay-opacity":"","overlay-gradient":""},"mobile":{"background-color":"var(--ast-global-color-5)","background-image":"","background-repeat":"repeat","background-position":"center center","background-size":"auto","background-attachment":"scroll","background-type":"","background-media":"","overlay-type":"","overlay-color":"","overlay-opacity":"","overlay-gradient":""}},"footnotes":""},"class_list":["post-4640","page","type-page","status-publish","hentry"],"post_mailing_queue_ids":[],"_links":{"self":[{"href":"https:\/\/agora.xtec.cat\/iesgaudi\/wp-json\/wp\/v2\/pages\/4640","targetHints":{"allow":["GET"]}}],"collection":[{"href":"https:\/\/agora.xtec.cat\/iesgaudi\/wp-json\/wp\/v2\/pages"}],"about":[{"href":"https:\/\/agora.xtec.cat\/iesgaudi\/wp-json\/wp\/v2\/types\/page"}],"author":[{"embeddable":true,"href":"https:\/\/agora.xtec.cat\/iesgaudi\/wp-json\/wp\/v2\/users\/331"}],"replies":[{"embeddable":true,"href":"https:\/\/agora.xtec.cat\/iesgaudi\/wp-json\/wp\/v2\/comments?post=4640"}],"version-history":[{"count":6,"href":"https:\/\/agora.xtec.cat\/iesgaudi\/wp-json\/wp\/v2\/pages\/4640\/revisions"}],"predecessor-version":[{"id":11578,"href":"https:\/\/agora.xtec.cat\/iesgaudi\/wp-json\/wp\/v2\/pages\/4640\/revisions\/11578"}],"wp:attachment":[{"href":"https:\/\/agora.xtec.cat\/iesgaudi\/wp-json\/wp\/v2\/media?parent=4640"}],"curies":[{"name":"wp","href":"https:\/\/api.w.org\/{rel}","templated":true}]}}

<header class="entry-header">
<h1 class="entry-title">QUÈ ÉS LA DUAL INTENSIVA</h1>
</header>
<div class="entry-content">
<p>La <strong>formació dual</strong> és la modalitat de la formació professional (FP) en la qual l’estudiant esdevé aprenent i combina la formació en el centre educatiu amb l’activitat productiva en l’empresa.</p>
<p>Amb l’objectiu de donar resposta a les necessitats del mercat laboral, la formació professional dual aposta per augmentar la col•laboració entre els centres de formació professional i les empreses, en el procés formatiu de l’alumnat.</p>
<h4>Com funciona</h4>
<ul>
<li>La col·laboració entre el centre i l’empresa es formalitza mitjançant un conveni de col·laboració.</li>
<li>Per a cada alumne s’acorden les activitats formatives a desenvolupar en l’empresa per completar la seva qualificació, així com l’horari i el calendari.</li>
<li>L’empresa acull l’aprenent i li assigna un lloc de treball adient.</li>
<li>El centre educatiu i l’empresa designen els tutors que fan el seguiment dels alumnes aprenents.</li>
<li>El seguiment i la valoració de l’aprenent es fa de forma conjunta entre l’empresa i el centre</li>
</ul>
<h4>Fases</h4>
<p>L’<strong>estada a l’empresa</strong> es divideix en <strong>dues fases</strong>:</p>
<p><strong>1a fase – Integració. </strong>L’alumne hi fa pràctiques i mentre s’adapta al funcionament de l’empresa.</p>
<table width="778">
<tbody>
<tr>
<td width="104"><strong>Relació</strong></td>
<td width="140"><strong>Durada</strong></td>
<td width="150"><strong>Retribucions</strong></td>
<td width="377"><strong>Seguretat social (SS)</strong></td>
</tr>
<tr>
<td width="104">Dual general</td>
<td width="140">100 hores</td>
<td width="150">No remunerades</td>
<td width="377">Alta a la Seguretat Social: Pràctiques no retributives</td>
</tr>
</tbody>
</table>
<p><strong>2a fase – Dues modalitats:</strong></p>
<table style="width: 91.837%; height: 610px;" width="682">
<tbody>
<tr style="height: 32px;">
<td style="height: 32px;" width="104"><strong>Relació</strong></td>
<td style="height: 32px;" width="140"><strong>Durada</strong></td>
<td style="height: 32px;" width="169"><strong>Retribucions</strong></td>
<td style="height: 32px;" width="262"><strong>Seguretat social (SS)</strong></td>
</tr>
<tr style="height: 372px;">
<td style="height: 372px;" width="104"><strong>Opció</strong> <strong>1. Beca (signatura d&#8217;un acord formatiu entre empresa, centre i aprenent)</strong></td>
<td style="height: 372px;" width="140">De 2 a 10 mesos per curs (es pot fer una pròrroga)</td>
<td style="height: 372px;" width="169">
<ul>
<li>En els cicles formatius de grau mitjà, al 50% del Salari Mínim Interprofessional de l’any 2020.</li>
<li>En els cicles de grau superior, al 60% del Salari Mínim Interprofessional de l’any 2020, durant la primera meitat de l’estada a l’empresa, i al 70% al llarg de la segona meitat formativa.</li>
</ul>
</td>
<td style="height: 372px;" width="262">Alta a l’SS com a becari/a</td>
</tr>
<tr style="height: 206px;">
<td style="height: 206px;" width="104"><strong>Opció 2. Contracte de formació en alternança</strong></td>
<td style="height: 206px;" width="140">Mínim 3 mesos, màxim 2 anys.</td>
<td style="height: 206px;" width="169">En cap cas la retribució podrà ser inferior al salari mínim interprofessional en proporció al temps de treball efectiu.</td>
<td style="height: 206px;" width="262">L’aprenent és un/a treballador/a de l’empresa i està sotmès a les normes i legislació laboral: sou, vacances, permisos, drets i obligacions, entre d’altres, pel fet de formar part de la plantilla de l’empresa.</td>
</tr>
</tbody>
</table>
<p>&nbsp;</p>
<p><strong>Enllaços d’interès</strong></p>
<ul>
<li>Pàgina <a href="http://www.fpdual.cat/index.php">FP dual</a></li>
<li><a href="http://www.todofp.es/sobre-fp/informacion-general/formacion-profesional-dual.html">Todo FP dual</a></li>
</ul>
</div>

<p>QUÈ ÉS LA DUAL INTENSIVA La formació dual és la modalitat de la formació professional (FP) en la qual l’estudiant esdevé aprenent i combina la formació en el centre educatiu amb l’activitat productiva en l’empresa. Amb l’objectiu de donar resposta a les necessitats del mercat laboral, la formació professional dual aposta per augmentar la col•laboració entre els [&hellip;]</p>
