{"id":4631,"date":"2017-08-29T17:04:15","date_gmt":"2017-08-29T15:04:15","guid":{"rendered":"http:\/\/agora.xtec.cat\/iesgaudi\/?page_id=4631"},"modified":"2017-08-29T17:04:15","modified_gmt":"2017-08-29T15:04:15","slug":"que-es-la-fp-dual","status":"publish","type":"page","link":"https:\/\/agora.xtec.cat\/iesgaudi\/que-es-la-fp-dual\/","title":{"rendered":"QU\u00c8 \u00c9S LA FP DUAL"},"content":{"rendered":"<p>La\u00a0<strong>formaci\u00f3 dual<\/strong>\u00a0\u00e9s la modalitat de la formaci\u00f3 professional (FP) en la qual l&#8217;estudiant esdev\u00e9 aprenent i combina la formaci\u00f3 en el centre educatiu amb l&#8217;activitat productiva en l&#8217;empresa.<\/p>\n<p>Amb l&#8217;objectiu de donar resposta a les necessitats del mercat laboral, la formaci\u00f3 professional dual aposta per augmentar la col\u2022laboraci\u00f3 entre els centres de formaci\u00f3 professional i les empreses, en el proc\u00e9s formatiu de l\u2019alumnat.<\/p>\n<h4>Com funciona<\/h4>\n<ul>\n<li>La col\u00b7laboraci\u00f3 entre el centre i l&#8217;empresa es formalitza mitjan\u00e7ant un conveni de col\u00b7laboraci\u00f3.<\/li>\n<li>Per a cada alumne s&#8217;acorden les activitats formatives a desenvolupar en l&#8217;empresa per completar la seva qualificaci\u00f3, aix\u00ed com l&#8217;horari i el calendari.<\/li>\n<li>L&#8217;empresa acull l&#8217;aprenent i li assigna un lloc de treball adient.<\/li>\n<li>El centre educatiu i l&#8217;empresa designen els tutors que fan el seguiment dels alumnes aprenents.<\/li>\n<li>El seguiment i la valoraci\u00f3 de l&#8217;aprenent es fa de forma conjunta entre l&#8217;empresa i el centre<\/li>\n<\/ul>\n<h4>\nFases<\/h4>\n<p>L&#8217;<strong>estada a l&#8217;empresa<\/strong>\u00a0es divideix en\u00a0<strong>dues fases<\/strong>:<\/p>\n<p><strong>1a fase &#8211; Integraci\u00f3.\u00a0<\/strong>L&#8217;alumne hi fa pr\u00e0ctiques i mentre s&#8217;adapta al funcionament de l&#8217;empresa.<\/p>\n<table width=\"778\">\n<tbody>\n<tr>\n<td width=\"104\"><strong>Relaci\u00f3<\/strong><\/td>\n<td width=\"140\"><strong>Durada<\/strong><\/td>\n<td width=\"150\"><strong>Retribucions<\/strong><\/td>\n<td width=\"377\"><strong>Seguretat social (SS)<\/strong><\/td>\n<\/tr>\n<tr>\n<td width=\"104\">FCT (pr\u00e0ctiques)<\/td>\n<td width=\"140\">80-100 hores<\/td>\n<td width=\"150\">No remunerades<\/td>\n<td width=\"377\">Sense alta a l&#8217;SS<br \/>\nAsseguran\u00e7a escolar<\/td>\n<\/tr>\n<\/tbody>\n<\/table>\n<p><strong>2a fase &#8211; Consolidaci\u00f3.<\/strong>\u00a0Estada remunerada en modalitat de contracte o de beca, atenent als criteris d&#8217;acc\u00e9s pr\u00e8viament acordats entre l&#8217;empresa i el centre educatiu.<\/p>\n<table width=\"682\">\n<tbody>\n<tr>\n<td width=\"104\"><strong>Relaci\u00f3<\/strong><\/td>\n<td width=\"140\"><strong>Durada<\/strong><\/td>\n<td width=\"169\"><strong>Retribucions<\/strong><\/td>\n<td width=\"262\"><strong>Seguretat social (SS)<\/strong><\/td>\n<\/tr>\n<tr>\n<td width=\"104\"><strong>Opci\u00f3<\/strong>\u00a0<strong>1.\u00a0Contracte de treball per a la formaci\u00f3 i l&#8217;aprenentatge<\/strong><\/td>\n<td width=\"140\">1 any, com a m\u00ednim<\/td>\n<td width=\"169\">Pactades entre empresa i centre educatiu<\/p>\n<p>Salari segons conveni col.lectiu (en funci\u00f3 d&#8217;hores de treball efectiu)<\/p>\n<p>No poden ser inferiors a l&#8217;SMI (4 \u20ac\/h aprox.)<\/td>\n<td width=\"262\">Alta a l&#8217;SS com a treballador<\/td>\n<\/tr>\n<tr>\n<td width=\"104\"><strong>Opci\u00f3\u00a02. Beca\u00a0(signatura d&#8217;un acord formatiu entre empresa-centre i aprenent)<\/strong><\/td>\n<td width=\"140\"><strong>De 2 a 10 mesos per curs<\/strong><\/p>\n<p><strong>(es pot fer una pr\u00f2rroga)\u00a0<\/strong><\/td>\n<td width=\"169\"><strong>Pactada entre empresa i centre educatiu, en funci\u00f3 de les hores d&#8217;estada<\/strong><\/p>\n<p><strong>No poden ser inferiors a l&#8217;IPREM (3,5\u20ac\/h aprox.)<\/strong><\/td>\n<td width=\"262\">Alta a l&#8217;SS com a becari<\/td>\n<\/tr>\n<\/tbody>\n<\/table>\n<p>IPREM: Indicador p\u00fablic de renda d&#8217;efectes m\u00faltiples | FCT: Formaci\u00f3 en centres de treball | SMI: Salari m\u00ednim interprofessional<\/p>\n<p><strong>Enlla\u00e7os d\u2019inter\u00e8s<\/strong><\/p>\n<ul>\n<li>P\u00e0gina <a href=\"http:\/\/www.fpdual.cat\/index.php\">FP dual<\/a><\/li>\n<li><a href=\"http:\/\/www.todofp.es\/sobre-fp\/informacion-general\/formacion-profesional-dual.html\">Todo FP dual<\/a><\/li>\n<\/ul>\n","protected":false},"excerpt":{"rendered":"<p>La\u00a0formaci\u00f3 dual\u00a0\u00e9s la modalitat de la formaci\u00f3 professional (FP) en la qual l&#8217;estudiant esdev\u00e9 aprenent i combina la formaci\u00f3 en el centre educatiu amb l&#8217;activitat productiva en l&#8217;empresa. Amb l&#8217;objectiu de donar resposta a les necessitats del mercat laboral, la formaci\u00f3 professional dual aposta per augmentar la col\u2022laboraci\u00f3 entre els centres de formaci\u00f3 professional i [&hellip;]<\/p>\n","protected":false},"author":331,"featured_media":0,"parent":0,"menu_order":0,"comment_status":"closed","ping_status":"closed","template":"","meta":{"_bbp_topic_count":0,"_bbp_reply_count":0,"_bbp_total_topic_count":0,"_bbp_total_reply_count":0,"_bbp_voice_count":0,"_bbp_anonymous_reply_count":0,"_bbp_topic_count_hidden":0,"_bbp_reply_count_hidden":0,"_bbp_forum_subforum_count":0,"site-sidebar-layout":"default","site-content-layout":"","ast-site-content-layout":"","site-content-style":"default","site-sidebar-style":"default","ast-global-header-display":"","ast-banner-title-visibility":"","ast-main-header-display":"","ast-hfb-above-header-display":"","ast-hfb-below-header-display":"","ast-hfb-mobile-header-display":"","site-post-title":"","ast-breadcrumbs-content":"","ast-featured-img":"","footer-sml-layout":"","theme-transparent-header-meta":"","adv-header-id-meta":"","stick-header-meta":"","header-above-stick-meta":"","header-main-stick-meta":"","header-below-stick-meta":"","astra-migrate-meta-layouts":"default","ast-page-background-enabled":"default","ast-page-background-meta":{"desktop":{"background-color":"var(--ast-global-color-4)","background-image":"","background-repeat":"repeat","background-position":"center center","background-size":"auto","background-attachment":"scroll","background-type":"","background-media":"","overlay-type":"","overlay-color":"","overlay-opacity":"","overlay-gradient":""},"tablet":{"background-color":"","background-image":"","background-repeat":"repeat","background-position":"center center","background-size":"auto","background-attachment":"scroll","background-type":"","background-media":"","overlay-type":"","overlay-color":"","overlay-opacity":"","overlay-gradient":""},"mobile":{"background-color":"","background-image":"","background-repeat":"repeat","background-position":"center center","background-size":"auto","background-attachment":"scroll","background-type":"","background-media":"","overlay-type":"","overlay-color":"","overlay-opacity":"","overlay-gradient":""}},"ast-content-background-meta":{"desktop":{"background-color":"var(--ast-global-color-5)","background-image":"","background-repeat":"repeat","background-position":"center center","background-size":"auto","background-attachment":"scroll","background-type":"","background-media":"","overlay-type":"","overlay-color":"","overlay-opacity":"","overlay-gradient":""},"tablet":{"background-color":"var(--ast-global-color-5)","background-image":"","background-repeat":"repeat","background-position":"center center","background-size":"auto","background-attachment":"scroll","background-type":"","background-media":"","overlay-type":"","overlay-color":"","overlay-opacity":"","overlay-gradient":""},"mobile":{"background-color":"var(--ast-global-color-5)","background-image":"","background-repeat":"repeat","background-position":"center center","background-size":"auto","background-attachment":"scroll","background-type":"","background-media":"","overlay-type":"","overlay-color":"","overlay-opacity":"","overlay-gradient":""}},"footnotes":""},"class_list":["post-4631","page","type-page","status-publish","hentry"],"post_mailing_queue_ids":[],"_links":{"self":[{"href":"https:\/\/agora.xtec.cat\/iesgaudi\/wp-json\/wp\/v2\/pages\/4631","targetHints":{"allow":["GET"]}}],"collection":[{"href":"https:\/\/agora.xtec.cat\/iesgaudi\/wp-json\/wp\/v2\/pages"}],"about":[{"href":"https:\/\/agora.xtec.cat\/iesgaudi\/wp-json\/wp\/v2\/types\/page"}],"author":[{"embeddable":true,"href":"https:\/\/agora.xtec.cat\/iesgaudi\/wp-json\/wp\/v2\/users\/331"}],"replies":[{"embeddable":true,"href":"https:\/\/agora.xtec.cat\/iesgaudi\/wp-json\/wp\/v2\/comments?post=4631"}],"version-history":[{"count":1,"href":"https:\/\/agora.xtec.cat\/iesgaudi\/wp-json\/wp\/v2\/pages\/4631\/revisions"}],"predecessor-version":[{"id":4632,"href":"https:\/\/agora.xtec.cat\/iesgaudi\/wp-json\/wp\/v2\/pages\/4631\/revisions\/4632"}],"wp:attachment":[{"href":"https:\/\/agora.xtec.cat\/iesgaudi\/wp-json\/wp\/v2\/media?parent=4631"}],"curies":[{"name":"wp","href":"https:\/\/api.w.org\/{rel}","templated":true}]}}

QUÈ ÉS LA FP DUAL

<p>La <strong>formació dual</strong> és la modalitat de la formació professional (FP) en la qual l&#8217;estudiant esdevé aprenent i combina la formació en el centre educatiu amb l&#8217;activitat productiva en l&#8217;empresa.</p>
<p>Amb l&#8217;objectiu de donar resposta a les necessitats del mercat laboral, la formació professional dual aposta per augmentar la col•laboració entre els centres de formació professional i les empreses, en el procés formatiu de l’alumnat.</p>
<h4>Com funciona</h4>
<ul>
<li>La col·laboració entre el centre i l&#8217;empresa es formalitza mitjançant un conveni de col·laboració.</li>
<li>Per a cada alumne s&#8217;acorden les activitats formatives a desenvolupar en l&#8217;empresa per completar la seva qualificació, així com l&#8217;horari i el calendari.</li>
<li>L&#8217;empresa acull l&#8217;aprenent i li assigna un lloc de treball adient.</li>
<li>El centre educatiu i l&#8217;empresa designen els tutors que fan el seguiment dels alumnes aprenents.</li>
<li>El seguiment i la valoració de l&#8217;aprenent es fa de forma conjunta entre l&#8217;empresa i el centre</li>
</ul>
<h4>
Fases</h4>
<p>L&#8217;<strong>estada a l&#8217;empresa</strong> es divideix en <strong>dues fases</strong>:</p>
<p><strong>1a fase &#8211; Integració. </strong>L&#8217;alumne hi fa pràctiques i mentre s&#8217;adapta al funcionament de l&#8217;empresa.</p>
<table width="778">
<tbody>
<tr>
<td width="104"><strong>Relació</strong></td>
<td width="140"><strong>Durada</strong></td>
<td width="150"><strong>Retribucions</strong></td>
<td width="377"><strong>Seguretat social (SS)</strong></td>
</tr>
<tr>
<td width="104">FCT (pràctiques)</td>
<td width="140">80-100 hores</td>
<td width="150">No remunerades</td>
<td width="377">Sense alta a l&#8217;SS<br />
Assegurança escolar</td>
</tr>
</tbody>
</table>
<p><strong>2a fase &#8211; Consolidació.</strong> Estada remunerada en modalitat de contracte o de beca, atenent als criteris d&#8217;accés prèviament acordats entre l&#8217;empresa i el centre educatiu.</p>
<table width="682">
<tbody>
<tr>
<td width="104"><strong>Relació</strong></td>
<td width="140"><strong>Durada</strong></td>
<td width="169"><strong>Retribucions</strong></td>
<td width="262"><strong>Seguretat social (SS)</strong></td>
</tr>
<tr>
<td width="104"><strong>Opció</strong> <strong>1. Contracte de treball per a la formació i l&#8217;aprenentatge</strong></td>
<td width="140">1 any, com a mínim</td>
<td width="169">Pactades entre empresa i centre educatiu</p>
<p>Salari segons conveni col.lectiu (en funció d&#8217;hores de treball efectiu)</p>
<p>No poden ser inferiors a l&#8217;SMI (4 €/h aprox.)</td>
<td width="262">Alta a l&#8217;SS com a treballador</td>
</tr>
<tr>
<td width="104"><strong>Opció 2. Beca (signatura d&#8217;un acord formatiu entre empresa-centre i aprenent)</strong></td>
<td width="140"><strong>De 2 a 10 mesos per curs</strong></p>
<p><strong>(es pot fer una pròrroga) </strong></td>
<td width="169"><strong>Pactada entre empresa i centre educatiu, en funció de les hores d&#8217;estada</strong></p>
<p><strong>No poden ser inferiors a l&#8217;IPREM (3,5€/h aprox.)</strong></td>
<td width="262">Alta a l&#8217;SS com a becari</td>
</tr>
</tbody>
</table>
<p>IPREM: Indicador públic de renda d&#8217;efectes múltiples | FCT: Formació en centres de treball | SMI: Salari mínim interprofessional</p>
<p><strong>Enllaços d’interès</strong></p>
<ul>
<li>Pàgina <a href="http://www.fpdual.cat/index.php">FP dual</a></li>
<li><a href="http://www.todofp.es/sobre-fp/informacion-general/formacion-profesional-dual.html">Todo FP dual</a></li>
</ul>

<p>La formació dual és la modalitat de la formació professional (FP) en la qual l&#8217;estudiant esdevé aprenent i combina la formació en el centre educatiu amb l&#8217;activitat productiva en l&#8217;empresa. Amb l&#8217;objectiu de donar resposta a les necessitats del mercat laboral, la formació professional dual aposta per augmentar la col•laboració entre els centres de formació professional i [&hellip;]</p>
