{"id":4621,"date":"2017-08-25T12:57:11","date_gmt":"2017-08-25T10:57:11","guid":{"rendered":"http:\/\/agora.xtec.cat\/iesgaudi\/?page_id=4621"},"modified":"2021-11-23T20:08:53","modified_gmt":"2021-11-23T19:08:53","slug":"tramit-de-delictes","status":"publish","type":"page","link":"https:\/\/agora.xtec.cat\/iesgaudi\/tramit-de-delictes\/","title":{"rendered":"TR\u00c0MIT DE CERTIFICAT NEGATIU DE DELICTES SEXUALS"},"content":{"rendered":"<p>CERTIFICAT NEGATIU DEL REGISTRE CENTRAL DE DELINQ\u00dcENTS SEXUALS<\/p>\n<p>D&#8217;acord amb el que estableix la\u00a0<em>Llei 26\/2015 de 28 de juliol, de modificaci\u00f3 del sistema de protecci\u00f3 a la inf\u00e0ncia i adolesc\u00e8ncia<\/em>, cal que tot l&#8217;alumnat de cicles formatius que hagin de fer la formaci\u00f3 en centres de treball en una empresa o entitat en que l&#8217;activitat impliqui\u00a0<strong>contacte habitual amb menors<\/strong>,\u00a0<strong>amb car\u00e0cter previ a la realitzaci\u00f3 de la FPCT<\/strong>,\u00a0<strong>ha d&#8217;acreditar que disposa del<\/strong>\u00a0<strong>Certificat negatiu del Registre central de delinq\u00fcents sexuals<\/strong>.<\/p>\n<p>Un cop obtingut el certificat negatiu,\u00a0<strong>el centre l\u2019arxiva a l\u2019expedient de l\u2019alumna\/<\/strong>\u00a0<strong>En cas de no disposar del certificat, l\u2019alumna\/e no pot iniciar les pr\u00e0ctiques.<\/strong><\/p>\n<p><strong>OBTENCI\u00d3 DEL CERTIFICAT<\/strong><\/p>\n<table>\n<tbody>\n<tr>\n<td width=\"522\">\u00b7\u00a0\u00a0\u00a0\u00a0\u00a0\u00a0\u00a0\u00a0\u00a0 Informaci\u00f3 i tr\u00e0mit telem\u00e0tic -&gt; Cliqueu <a href=\"http:\/\/www.mjusticia.gob.es\/cs\/Satellite\/Portal\/es\/registro-central-delincuentes\">AQU\u00cd<\/a> .<\/p>\n<p>\u00b7\u00a0\u00a0\u00a0\u00a0\u00a0\u00a0\u00a0\u00a0\u00a0 Podeu obtenir indicacions sobre els procediments per a l\u2019obtenci\u00f3 del certificat al <a href=\"http:\/\/www.mjusticia.gob.es\/cs\/Satellite\/Portal\/es\/ciudadanos\/tramites-gestiones-personales\/certificado-delitos\">MINISTERI DE JUST\u00cdCIA<\/a><\/p>\n<p>Per tramitar el certificat amb seu electr\u00f2nica cliqueu <a href=\"https:\/\/sede.mjusticia.gob.es\/cs\/Satellite\/Sede\/es\/tramites\/certificado-registro-central\">AQU\u00cd<\/a><\/td>\n<\/tr>\n<\/tbody>\n<\/table>\n<p><span style=\"color: #800000;\"><strong>IMPORTANT!!!!<\/strong><\/span><\/p>\n<p>Haureu de presentar el certificat a la Secretaria de l&#8217;Institut a trav\u00e9s d&#8217;una\u00a0<strong>INST\u00c0NCIA aportant una c\u00f2pia del certificat negatiu.<\/strong>\u00a0Aquesta ha de ser\u00a0<strong>per duplicat<\/strong>, una se la queda al centre i l&#8217;altre \u00e9s per vosaltres amb registre d&#8217;entrada.<br \/>\n<strong>Una c\u00f2pia de la Inst\u00e0ncia amb el registre d&#8217;entrada i c\u00f2pia del certificat negatiu<\/strong>\u00a0l&#8217;heu de facilitar al vostre\u00a0<strong>TUTOR o TUTORA<\/strong>\u00a0perqu\u00e8\u00a0pugui fer el seguiment i tramitar el conveni de pr\u00e0ctiques.<\/p>\n<p><strong><u>NO ES TRAMITAR\u00c0 CAP CONVENI SENSE AQUESTS DOCUMENTS<\/u><\/strong><\/p>\n","protected":false},"excerpt":{"rendered":"<p>CERTIFICAT NEGATIU DEL REGISTRE CENTRAL DE DELINQ\u00dcENTS SEXUALS D&#8217;acord amb el que estableix la\u00a0Llei 26\/2015 de 28 de juliol, de modificaci\u00f3 del sistema de protecci\u00f3 a la inf\u00e0ncia i adolesc\u00e8ncia, cal que tot l&#8217;alumnat de cicles formatius que hagin de fer la formaci\u00f3 en centres de treball en una empresa o entitat en que l&#8217;activitat [&hellip;]<\/p>\n","protected":false},"author":331,"featured_media":0,"parent":0,"menu_order":0,"comment_status":"closed","ping_status":"closed","template":"","meta":{"_bbp_topic_count":0,"_bbp_reply_count":0,"_bbp_total_topic_count":0,"_bbp_total_reply_count":0,"_bbp_voice_count":0,"_bbp_anonymous_reply_count":0,"_bbp_topic_count_hidden":0,"_bbp_reply_count_hidden":0,"_bbp_forum_subforum_count":0,"site-sidebar-layout":"default","site-content-layout":"","ast-site-content-layout":"","site-content-style":"default","site-sidebar-style":"default","ast-global-header-display":"","ast-banner-title-visibility":"","ast-main-header-display":"","ast-hfb-above-header-display":"","ast-hfb-below-header-display":"","ast-hfb-mobile-header-display":"","site-post-title":"","ast-breadcrumbs-content":"","ast-featured-img":"","footer-sml-layout":"","theme-transparent-header-meta":"","adv-header-id-meta":"","stick-header-meta":"","header-above-stick-meta":"","header-main-stick-meta":"","header-below-stick-meta":"","astra-migrate-meta-layouts":"default","ast-page-background-enabled":"default","ast-page-background-meta":{"desktop":{"background-color":"var(--ast-global-color-4)","background-image":"","background-repeat":"repeat","background-position":"center center","background-size":"auto","background-attachment":"scroll","background-type":"","background-media":"","overlay-type":"","overlay-color":"","overlay-opacity":"","overlay-gradient":""},"tablet":{"background-color":"","background-image":"","background-repeat":"repeat","background-position":"center center","background-size":"auto","background-attachment":"scroll","background-type":"","background-media":"","overlay-type":"","overlay-color":"","overlay-opacity":"","overlay-gradient":""},"mobile":{"background-color":"","background-image":"","background-repeat":"repeat","background-position":"center center","background-size":"auto","background-attachment":"scroll","background-type":"","background-media":"","overlay-type":"","overlay-color":"","overlay-opacity":"","overlay-gradient":""}},"ast-content-background-meta":{"desktop":{"background-color":"var(--ast-global-color-5)","background-image":"","background-repeat":"repeat","background-position":"center center","background-size":"auto","background-attachment":"scroll","background-type":"","background-media":"","overlay-type":"","overlay-color":"","overlay-opacity":"","overlay-gradient":""},"tablet":{"background-color":"var(--ast-global-color-5)","background-image":"","background-repeat":"repeat","background-position":"center center","background-size":"auto","background-attachment":"scroll","background-type":"","background-media":"","overlay-type":"","overlay-color":"","overlay-opacity":"","overlay-gradient":""},"mobile":{"background-color":"var(--ast-global-color-5)","background-image":"","background-repeat":"repeat","background-position":"center center","background-size":"auto","background-attachment":"scroll","background-type":"","background-media":"","overlay-type":"","overlay-color":"","overlay-opacity":"","overlay-gradient":""}},"footnotes":""},"class_list":["post-4621","page","type-page","status-publish","hentry"],"post_mailing_queue_ids":[],"_links":{"self":[{"href":"https:\/\/agora.xtec.cat\/iesgaudi\/wp-json\/wp\/v2\/pages\/4621","targetHints":{"allow":["GET"]}}],"collection":[{"href":"https:\/\/agora.xtec.cat\/iesgaudi\/wp-json\/wp\/v2\/pages"}],"about":[{"href":"https:\/\/agora.xtec.cat\/iesgaudi\/wp-json\/wp\/v2\/types\/page"}],"author":[{"embeddable":true,"href":"https:\/\/agora.xtec.cat\/iesgaudi\/wp-json\/wp\/v2\/users\/331"}],"replies":[{"embeddable":true,"href":"https:\/\/agora.xtec.cat\/iesgaudi\/wp-json\/wp\/v2\/comments?post=4621"}],"version-history":[{"count":3,"href":"https:\/\/agora.xtec.cat\/iesgaudi\/wp-json\/wp\/v2\/pages\/4621\/revisions"}],"predecessor-version":[{"id":9566,"href":"https:\/\/agora.xtec.cat\/iesgaudi\/wp-json\/wp\/v2\/pages\/4621\/revisions\/9566"}],"wp:attachment":[{"href":"https:\/\/agora.xtec.cat\/iesgaudi\/wp-json\/wp\/v2\/media?parent=4621"}],"curies":[{"name":"wp","href":"https:\/\/api.w.org\/{rel}","templated":true}]}}