{"id":371,"date":"2015-03-18T19:09:03","date_gmt":"2015-03-18T18:09:03","guid":{"rendered":"http:\/\/agora.xtec.cat\/iesgaudi\/?page_id=371"},"modified":"2025-03-27T09:05:50","modified_gmt":"2025-03-27T08:05:50","slug":"intercanvi-de-llibres-entre-alumnes","status":"publish","type":"page","link":"https:\/\/agora.xtec.cat\/iesgaudi\/secretaria\/intercanvi-de-llibres-entre-alumnes\/","title":{"rendered":"Documents descarregables"},"content":{"rendered":"<p><strong>Documents<\/strong><\/p>\n<table style=\"border-collapse: collapse; width: 59.4046%;\">\n<tbody>\n<tr>\n<td style=\"width: 50%;\">M\u00e8todes de pagament<\/td>\n<td style=\"width: 9.4046%;\"><a href=\"https:\/\/agora.xtec.cat\/iesgaudi\/wp-content\/uploads\/usu31\/2022\/06\/METODES-DE-PAGAMENT-.pdf\"><img loading=\"lazy\" decoding=\"async\" class=\"aligncenter wp-image-8831 size-full\" src=\"https:\/\/agora.xtec.cat\/iesgaudi\/wp-content\/uploads\/usu31\/2021\/03\/Icono_pdf.png\" alt=\"\" width=\"22\" height=\"23\" \/><\/a><\/td>\n<\/tr>\n<tr style=\"height: 32px;\">\n<td style=\"width: 50%; height: 32px;\">Autoritzaci\u00f3 &#8220;Dret de No assist\u00e8ncia&#8221; per convocat\u00f2ria de vaga menors d&#8217;edat<\/td>\n<td style=\"width: 9.4046%; height: 32px;\"><a href=\"https:\/\/agora.xtec.cat\/iesgaudi\/wp-content\/uploads\/usu31\/2023\/10\/Convocatoria-de-vaga-i-dret-de-no-assistencia-a-classe.pdf\"><img loading=\"lazy\" decoding=\"async\" class=\"wp-image-8831 size-full aligncenter\" src=\"https:\/\/agora.xtec.cat\/iesgaudi\/wp-content\/uploads\/usu31\/2021\/03\/Icono_pdf.png\" alt=\"\" width=\"22\" height=\"23\" \/><\/a><\/td>\n<\/tr>\n<tr>\n<td style=\"width: 50%;\">Autoritzaci\u00f3 &#8220;Dret de No assist\u00e8ncia&#8221; per convocat\u00f2ria de vaga majors d&#8217;edat<\/td>\n<td style=\"width: 9.4046%;\"><a href=\"https:\/\/agora.xtec.cat\/iesgaudi\/wp-content\/uploads\/usu31\/2023\/10\/Convocatoria-de-vaga-i-dret-de-no-assistencia-a-classe-majors.pdf\"><img loading=\"lazy\" decoding=\"async\" class=\"wp-image-8831 size-full aligncenter\" src=\"https:\/\/agora.xtec.cat\/iesgaudi\/wp-content\/uploads\/usu31\/2021\/03\/Icono_pdf.png\" alt=\"\" width=\"22\" height=\"23\" \/><\/a><\/td>\n<\/tr>\n<\/tbody>\n<\/table>\n<p>&nbsp;<\/p>\n<p><strong>Sol\u00b7licituds i inst\u00e0ncies<\/strong><\/p>\n<p>Un cop descarregat el document, cal que l&#8217;ompliu i l&#8217;entregueu a secretaria juntament amb la documentaci\u00f3 pertinent.<\/p>\n<table style=\"border-collapse: collapse; width: 59.4046%; height: 306px;\">\n<tbody>\n<tr style=\"height: 39px;\">\n<td style=\"width: 50%; height: 39px;\">Inst\u00e0ncia (model gen\u00e8ric)<\/td>\n<td style=\"width: 9.4046%; height: 39px;\"><a href=\"https:\/\/agora.xtec.cat\/iesgaudi\/wp-content\/uploads\/usu31\/2021\/10\/INSTANCIA-GENERICA-1.pdf\"><img loading=\"lazy\" decoding=\"async\" class=\"aligncenter wp-image-8831 size-full\" src=\"https:\/\/agora.xtec.cat\/iesgaudi\/wp-content\/uploads\/usu31\/2021\/03\/Icono_pdf.png\" alt=\"\" width=\"22\" height=\"23\" \/><\/a><\/td>\n<\/tr>\n<tr style=\"height: 39px;\">\n<td style=\"width: 50%; height: 39px;\">Sol\u00b7licitud de convalidaci\u00f3 de cr\u00e8dits, m\u00f2duls o unitats formatives de cicles formatius<\/td>\n<td style=\"width: 9.4046%; height: 39px;\"><a href=\"https:\/\/agora.xtec.cat\/iesgaudi\/wp-content\/uploads\/usu31\/2023\/10\/SOL\u00b7LICITUD-DE-CONVALIDACIO_v2.pdf\"><img loading=\"lazy\" decoding=\"async\" class=\"aligncenter size-full wp-image-8831\" src=\"https:\/\/agora.xtec.cat\/iesgaudi\/wp-content\/uploads\/usu31\/2021\/03\/Icono_pdf.png\" alt=\"\" width=\"22\" height=\"23\" \/><\/a><\/td>\n<\/tr>\n<tr style=\"height: 39px;\">\n<td style=\"width: 50%; height: 39px;\">Sol\u00b7licitud de convalidaci\u00f3 singular<\/td>\n<td style=\"width: 9.4046%; height: 39px;\"><a href=\"https:\/\/agora.xtec.cat\/iesgaudi\/wp-content\/uploads\/usu31\/2023\/10\/Convalidacio-Singular.pdf\"><img loading=\"lazy\" decoding=\"async\" class=\"aligncenter size-full wp-image-8831\" src=\"https:\/\/agora.xtec.cat\/iesgaudi\/wp-content\/uploads\/usu31\/2021\/03\/Icono_pdf.png\" alt=\"\" width=\"22\" height=\"23\" \/><\/a><\/td>\n<\/tr>\n<tr style=\"height: 39px;\">\n<td style=\"width: 50%; height: 39px;\">Sol\u00b7licitud de semipresencialitat<\/td>\n<td style=\"width: 9.4046%; height: 39px;\"><a href=\"https:\/\/agora.xtec.cat\/iesgaudi\/wp-content\/uploads\/usu31\/2021\/10\/SOL\u00b7LICITUD-DE-SEMIPRESENCIALITAT-2.pdf\"><img loading=\"lazy\" decoding=\"async\" class=\"aligncenter size-full wp-image-8831\" src=\"https:\/\/agora.xtec.cat\/iesgaudi\/wp-content\/uploads\/usu31\/2021\/03\/Icono_pdf.png\" alt=\"\" width=\"22\" height=\"23\" \/><\/a><\/td>\n<\/tr>\n<tr style=\"height: 39px;\">\n<td style=\"width: 50%; height: 39px;\">Sol\u00b7licitud de ren\u00fancia d&#8217;UF<\/td>\n<td style=\"width: 9.4046%; height: 39px;\"><a href=\"https:\/\/agora.xtec.cat\/iesgaudi\/wp-content\/uploads\/usu31\/2021\/10\/SOL\u00b7LICITUD-DE-RENUNCIA-UF.pdf\"><img loading=\"lazy\" decoding=\"async\" class=\"aligncenter size-full wp-image-8831\" src=\"https:\/\/agora.xtec.cat\/iesgaudi\/wp-content\/uploads\/usu31\/2021\/03\/Icono_pdf.png\" alt=\"\" width=\"22\" height=\"23\" \/><\/a><\/td>\n<\/tr>\n<tr style=\"height: 39px;\">\n<td style=\"width: 50%; height: 39px;\">Sol\u00b7licitud de baixa<\/td>\n<td style=\"width: 9.4046%; height: 39px;\"><a href=\"https:\/\/agora.xtec.cat\/iesgaudi\/wp-content\/uploads\/usu31\/2025\/03\/SOL\u00b7LICITUD-DE-BAIXA.pdf\"><img loading=\"lazy\" decoding=\"async\" class=\"aligncenter wp-image-8831 size-full\" src=\"https:\/\/agora.xtec.cat\/iesgaudi\/wp-content\/uploads\/usu31\/2021\/03\/Icono_pdf.png\" alt=\"\" width=\"22\" height=\"23\" \/><\/a><\/td>\n<\/tr>\n<tr style=\"height: 39px;\">\n<td style=\"width: 50%; height: 39px;\">Sol\u00b7licitud de retorn de preus p\u00fablics<\/td>\n<td style=\"width: 9.4046%; height: 39px;\"><a href=\"https:\/\/agora.xtec.cat\/iesgaudi\/wp-content\/uploads\/usu31\/2025\/03\/SOL\u00b7LICITUD-DE-RETORN-ECONOMIC-PREUS-PUBLICS.pdf\"><img loading=\"lazy\" decoding=\"async\" class=\"aligncenter wp-image-8831 size-full\" src=\"https:\/\/agora.xtec.cat\/iesgaudi\/wp-content\/uploads\/usu31\/2021\/03\/Icono_pdf.png\" alt=\"\" width=\"22\" height=\"23\" \/><\/a><\/td>\n<\/tr>\n<tr style=\"height: 40px;\">\n<td style=\"width: 50%; height: 40px;\">Sol\u00b7licitud de retorn econ\u00f2mic (altres conceptes)<\/td>\n<td style=\"width: 9.4046%; height: 40px;\"><a href=\"https:\/\/agora.xtec.cat\/iesgaudi\/wp-content\/uploads\/usu31\/2025\/03\/SOL\u00b7LICITUD-RETORN-ECONOMIC-ALTRES-MOTIUS.pdf\"><img loading=\"lazy\" decoding=\"async\" class=\"aligncenter wp-image-8831 size-full\" src=\"https:\/\/agora.xtec.cat\/iesgaudi\/wp-content\/uploads\/usu31\/2021\/03\/Icono_pdf.png\" alt=\"\" width=\"22\" height=\"23\" \/><\/a><\/td>\n<\/tr>\n<\/tbody>\n<\/table>\n<p>&nbsp;<\/p>\n","protected":false},"excerpt":{"rendered":"<p>Documents M\u00e8todes de pagament Autoritzaci\u00f3 &#8220;Dret de No assist\u00e8ncia&#8221; per convocat\u00f2ria de vaga menors d&#8217;edat Autoritzaci\u00f3 &#8220;Dret de No assist\u00e8ncia&#8221; per convocat\u00f2ria de vaga majors d&#8217;edat &nbsp; Sol\u00b7licituds i inst\u00e0ncies Un cop descarregat el document, cal que l&#8217;ompliu i l&#8217;entregueu a secretaria juntament amb la documentaci\u00f3 pertinent. Inst\u00e0ncia (model gen\u00e8ric) Sol\u00b7licitud de convalidaci\u00f3 de cr\u00e8dits, [&hellip;]<\/p>\n","protected":false},"author":1,"featured_media":0,"parent":81,"menu_order":0,"comment_status":"closed","ping_status":"closed","template":"page-templates\/side-menu.php","meta":{"_bbp_topic_count":0,"_bbp_reply_count":0,"_bbp_total_topic_count":0,"_bbp_total_reply_count":0,"_bbp_voice_count":0,"_bbp_anonymous_reply_count":0,"_bbp_topic_count_hidden":0,"_bbp_reply_count_hidden":0,"_bbp_forum_subforum_count":0,"site-sidebar-layout":"default","site-content-layout":"","ast-site-content-layout":"","site-content-style":"default","site-sidebar-style":"default","ast-global-header-display":"","ast-banner-title-visibility":"","ast-main-header-display":"","ast-hfb-above-header-display":"","ast-hfb-below-header-display":"","ast-hfb-mobile-header-display":"","site-post-title":"","ast-breadcrumbs-content":"","ast-featured-img":"","footer-sml-layout":"","theme-transparent-header-meta":"","adv-header-id-meta":"","stick-header-meta":"","header-above-stick-meta":"","header-main-stick-meta":"","header-below-stick-meta":"","astra-migrate-meta-layouts":"default","ast-page-background-enabled":"default","ast-page-background-meta":{"desktop":{"background-color":"var(--ast-global-color-4)","background-image":"","background-repeat":"repeat","background-position":"center center","background-size":"auto","background-attachment":"scroll","background-type":"","background-media":"","overlay-type":"","overlay-color":"","overlay-opacity":"","overlay-gradient":""},"tablet":{"background-color":"","background-image":"","background-repeat":"repeat","background-position":"center center","background-size":"auto","background-attachment":"scroll","background-type":"","background-media":"","overlay-type":"","overlay-color":"","overlay-opacity":"","overlay-gradient":""},"mobile":{"background-color":"","background-image":"","background-repeat":"repeat","background-position":"center center","background-size":"auto","background-attachment":"scroll","background-type":"","background-media":"","overlay-type":"","overlay-color":"","overlay-opacity":"","overlay-gradient":""}},"ast-content-background-meta":{"desktop":{"background-color":"var(--ast-global-color-5)","background-image":"","background-repeat":"repeat","background-position":"center center","background-size":"auto","background-attachment":"scroll","background-type":"","background-media":"","overlay-type":"","overlay-color":"","overlay-opacity":"","overlay-gradient":""},"tablet":{"background-color":"var(--ast-global-color-5)","background-image":"","background-repeat":"repeat","background-position":"center center","background-size":"auto","background-attachment":"scroll","background-type":"","background-media":"","overlay-type":"","overlay-color":"","overlay-opacity":"","overlay-gradient":""},"mobile":{"background-color":"var(--ast-global-color-5)","background-image":"","background-repeat":"repeat","background-position":"center center","background-size":"auto","background-attachment":"scroll","background-type":"","background-media":"","overlay-type":"","overlay-color":"","overlay-opacity":"","overlay-gradient":""}},"footnotes":""},"class_list":["post-371","page","type-page","status-publish","hentry"],"post_mailing_queue_ids":[],"_links":{"self":[{"href":"https:\/\/agora.xtec.cat\/iesgaudi\/wp-json\/wp\/v2\/pages\/371","targetHints":{"allow":["GET"]}}],"collection":[{"href":"https:\/\/agora.xtec.cat\/iesgaudi\/wp-json\/wp\/v2\/pages"}],"about":[{"href":"https:\/\/agora.xtec.cat\/iesgaudi\/wp-json\/wp\/v2\/types\/page"}],"author":[{"embeddable":true,"href":"https:\/\/agora.xtec.cat\/iesgaudi\/wp-json\/wp\/v2\/users\/1"}],"replies":[{"embeddable":true,"href":"https:\/\/agora.xtec.cat\/iesgaudi\/wp-json\/wp\/v2\/comments?post=371"}],"version-history":[{"count":6,"href":"https:\/\/agora.xtec.cat\/iesgaudi\/wp-json\/wp\/v2\/pages\/371\/revisions"}],"predecessor-version":[{"id":12620,"href":"https:\/\/agora.xtec.cat\/iesgaudi\/wp-json\/wp\/v2\/pages\/371\/revisions\/12620"}],"up":[{"embeddable":true,"href":"https:\/\/agora.xtec.cat\/iesgaudi\/wp-json\/wp\/v2\/pages\/81"}],"wp:attachment":[{"href":"https:\/\/agora.xtec.cat\/iesgaudi\/wp-json\/wp\/v2\/media?parent=371"}],"curies":[{"name":"wp","href":"https:\/\/api.w.org\/{rel}","templated":true}]}}