{"id":81,"date":"2014-09-18T10:38:05","date_gmt":"2014-09-18T10:38:05","guid":{"rendered":"http:\/\/agora.xtec.cat\/iesgallecs\/?page_id=81"},"modified":"2025-06-18T10:25:13","modified_gmt":"2025-06-18T08:25:13","slug":"secretaria","status":"publish","type":"page","link":"https:\/\/agora.xtec.cat\/iesgallecs\/linstitut\/secretaria\/","title":{"rendered":"Secretaria"},"content":{"rendered":"<h3><strong>Horari d&#8217;atenci\u00f3 al p\u00fablic:<\/strong><\/h3>\n<p>Mati: de dilluns a divendres de 9:30h a 13:30h<\/p>\n<p>Tarda: de dilluns a dijous de 16:30h a 18:30h<\/p>\n<h3><strong>Horari d&#8217;estiu d&#8217;atenci\u00f3 al p\u00fablic (mesos de juny, juliol i setembre)<\/strong><\/h3>\n<p>Mat\u00ed: de dilluns a divendres de 9:30h a 13:30h<\/p>\n<p>El mes d&#8217;agost el centre romandr\u00e0 tancat.<\/p>\n<h3><strong>Horari d&#8217;atenci\u00f3 telef\u00f2nica de secretaria<\/strong><\/h3>\n<p>L\u2019atenci\u00f3 telef\u00f2nica de secretaria \u00e9s el seg\u00fcent<\/p>\n<p>Mat\u00ed: de 9:30h a 13h<\/p>\n<p>Tarda: de 16:30h a 18:30h<\/p>\n<h3><strong>Horari d&#8217;estiu d&#8217;atenci\u00f3 telef\u00f2nica (mesos de juny, juliol i setembre)<\/strong><\/h3>\n<p>Mat\u00ed de 9:30h a 13:00h<\/p>\n<h4><strong>Dades de contacte<\/strong><\/h4>\n<p><strong>Tel\u00e8fon:<\/strong> 935 705 343<\/p>\n<p><strong>Correu electr\u00f2nic:<\/strong> <a href=\"mailto:secretaria@insgallecs.cat\">secretaria@insgallecs.cat<\/a><\/p>\n<p><strong>Adre\u00e7a postal<\/strong><\/p>\n<p>Institut Gallecs<\/p>\n<p>Passeig Cesc Bas, 5<\/p>\n<p>08100 Mollet del Vall\u00e8s<\/p>\n<p><a href=\"https:\/\/agora.xtec.cat\/iesgallecs\/wp-content\/uploads\/usu1971\/2024\/02\/IMG_20240223_120218-scaled.jpg\"><img loading=\"lazy\" decoding=\"async\" class=\"aligncenter size-full wp-image-5564\" src=\"https:\/\/agora.xtec.cat\/iesgallecs\/wp-content\/uploads\/usu1971\/2024\/02\/IMG_20240223_120218-scaled.jpg\" alt=\"\" width=\"2560\" height=\"1560\" srcset=\"https:\/\/agora.xtec.cat\/iesgallecs\/wp-content\/uploads\/usu1971\/2024\/02\/IMG_20240223_120218-scaled.jpg 2560w, https:\/\/agora.xtec.cat\/iesgallecs\/wp-content\/uploads\/usu1971\/2024\/02\/IMG_20240223_120218-300x183.jpg 300w, https:\/\/agora.xtec.cat\/iesgallecs\/wp-content\/uploads\/usu1971\/2024\/02\/IMG_20240223_120218-1024x624.jpg 1024w, https:\/\/agora.xtec.cat\/iesgallecs\/wp-content\/uploads\/usu1971\/2024\/02\/IMG_20240223_120218-768x468.jpg 768w, https:\/\/agora.xtec.cat\/iesgallecs\/wp-content\/uploads\/usu1971\/2024\/02\/IMG_20240223_120218-1536x936.jpg 1536w, https:\/\/agora.xtec.cat\/iesgallecs\/wp-content\/uploads\/usu1971\/2024\/02\/IMG_20240223_120218-2048x1248.jpg 2048w\" sizes=\"auto, (max-width: 2560px) 100vw, 2560px\" \/><\/a><\/p>\n<p><a href=\"https:\/\/agora.xtec.cat\/iesgallecs\/wp-content\/uploads\/usu1971\/2024\/02\/IMG_20240223_120427-scaled.jpg\"><img loading=\"lazy\" decoding=\"async\" class=\"aligncenter size-full wp-image-5565\" src=\"https:\/\/agora.xtec.cat\/iesgallecs\/wp-content\/uploads\/usu1971\/2024\/02\/IMG_20240223_120427-scaled.jpg\" alt=\"\" width=\"2560\" height=\"1694\" srcset=\"https:\/\/agora.xtec.cat\/iesgallecs\/wp-content\/uploads\/usu1971\/2024\/02\/IMG_20240223_120427-scaled.jpg 2560w, https:\/\/agora.xtec.cat\/iesgallecs\/wp-content\/uploads\/usu1971\/2024\/02\/IMG_20240223_120427-300x199.jpg 300w, https:\/\/agora.xtec.cat\/iesgallecs\/wp-content\/uploads\/usu1971\/2024\/02\/IMG_20240223_120427-1024x678.jpg 1024w, https:\/\/agora.xtec.cat\/iesgallecs\/wp-content\/uploads\/usu1971\/2024\/02\/IMG_20240223_120427-768x508.jpg 768w, https:\/\/agora.xtec.cat\/iesgallecs\/wp-content\/uploads\/usu1971\/2024\/02\/IMG_20240223_120427-1536x1017.jpg 1536w, https:\/\/agora.xtec.cat\/iesgallecs\/wp-content\/uploads\/usu1971\/2024\/02\/IMG_20240223_120427-2048x1355.jpg 2048w\" sizes=\"auto, (max-width: 2560px) 100vw, 2560px\" \/><\/a><\/p>\n","protected":false},"excerpt":{"rendered":"<p>Horari d&#8217;atenci\u00f3 al p\u00fablic: Mati: de dilluns a divendres de 9:30h a 13:30h Tarda: de dilluns a dijous de 16:30h a 18:30h Horari d&#8217;estiu d&#8217;atenci\u00f3 al p\u00fablic (mesos de juny, juliol i setembre) Mat\u00ed: de dilluns a divendres de 9:30h a 13:30h El mes d&#8217;agost el centre romandr\u00e0 tancat. Horari d&#8217;atenci\u00f3 telef\u00f2nica de secretaria L\u2019atenci\u00f3 [&hellip;]<\/p>\n","protected":false},"author":1,"featured_media":0,"parent":19,"menu_order":5,"comment_status":"closed","ping_status":"closed","template":"page-templates\/side-menu.php","meta":{"site-sidebar-layout":"default","site-content-layout":"","ast-site-content-layout":"","site-content-style":"default","site-sidebar-style":"default","ast-global-header-display":"","ast-banner-title-visibility":"","ast-main-header-display":"","ast-hfb-above-header-display":"","ast-hfb-below-header-display":"","ast-hfb-mobile-header-display":"","site-post-title":"","ast-breadcrumbs-content":"","ast-featured-img":"","footer-sml-layout":"","theme-transparent-header-meta":"","adv-header-id-meta":"","stick-header-meta":"","header-above-stick-meta":"","header-main-stick-meta":"","header-below-stick-meta":"","astra-migrate-meta-layouts":"default","ast-page-background-enabled":"default","ast-page-background-meta":{"desktop":{"background-color":"var(--ast-global-color-5)","background-image":"","background-repeat":"repeat","background-position":"center center","background-size":"auto","background-attachment":"scroll","background-type":"","background-media":"","overlay-type":"","overlay-color":"","overlay-opacity":"","overlay-gradient":""},"tablet":{"background-color":"","background-image":"","background-repeat":"repeat","background-position":"center center","background-size":"auto","background-attachment":"scroll","background-type":"","background-media":"","overlay-type":"","overlay-color":"","overlay-opacity":"","overlay-gradient":""},"mobile":{"background-color":"","background-image":"","background-repeat":"repeat","background-position":"center center","background-size":"auto","background-attachment":"scroll","background-type":"","background-media":"","overlay-type":"","overlay-color":"","overlay-opacity":"","overlay-gradient":""}},"ast-content-background-meta":{"desktop":{"background-color":"var(--ast-global-color-4)","background-image":"","background-repeat":"repeat","background-position":"center center","background-size":"auto","background-attachment":"scroll","background-type":"","background-media":"","overlay-type":"","overlay-color":"","overlay-opacity":"","overlay-gradient":""},"tablet":{"background-color":"var(--ast-global-color-4)","background-image":"","background-repeat":"repeat","background-position":"center center","background-size":"auto","background-attachment":"scroll","background-type":"","background-media":"","overlay-type":"","overlay-color":"","overlay-opacity":"","overlay-gradient":""},"mobile":{"background-color":"var(--ast-global-color-4)","background-image":"","background-repeat":"repeat","background-position":"center center","background-size":"auto","background-attachment":"scroll","background-type":"","background-media":"","overlay-type":"","overlay-color":"","overlay-opacity":"","overlay-gradient":""}},"footnotes":""},"class_list":["post-81","page","type-page","status-publish","hentry"],"post_mailing_queue_ids":[],"_links":{"self":[{"href":"https:\/\/agora.xtec.cat\/iesgallecs\/wp-json\/wp\/v2\/pages\/81","targetHints":{"allow":["GET"]}}],"collection":[{"href":"https:\/\/agora.xtec.cat\/iesgallecs\/wp-json\/wp\/v2\/pages"}],"about":[{"href":"https:\/\/agora.xtec.cat\/iesgallecs\/wp-json\/wp\/v2\/types\/page"}],"author":[{"embeddable":true,"href":"https:\/\/agora.xtec.cat\/iesgallecs\/wp-json\/wp\/v2\/users\/1"}],"replies":[{"embeddable":true,"href":"https:\/\/agora.xtec.cat\/iesgallecs\/wp-json\/wp\/v2\/comments?post=81"}],"version-history":[{"count":7,"href":"https:\/\/agora.xtec.cat\/iesgallecs\/wp-json\/wp\/v2\/pages\/81\/revisions"}],"predecessor-version":[{"id":6561,"href":"https:\/\/agora.xtec.cat\/iesgallecs\/wp-json\/wp\/v2\/pages\/81\/revisions\/6561"}],"up":[{"embeddable":true,"href":"https:\/\/agora.xtec.cat\/iesgallecs\/wp-json\/wp\/v2\/pages\/19"}],"wp:attachment":[{"href":"https:\/\/agora.xtec.cat\/iesgallecs\/wp-json\/wp\/v2\/media?parent=81"}],"curies":[{"name":"wp","href":"https:\/\/api.w.org\/{rel}","templated":true}]}}

<h3><strong>Horari d&#8217;atenció al públic:</strong></h3>
<p>Mati: de dilluns a divendres de 9:30h a 13:30h</p>
<p>Tarda: de dilluns a dijous de 16:30h a 18:30h</p>
<h3><strong>Horari d&#8217;estiu d&#8217;atenció al públic (mesos de juny, juliol i setembre)</strong></h3>
<p>Matí: de dilluns a divendres de 9:30h a 13:30h</p>
<p>El mes d&#8217;agost el centre romandrà tancat.</p>
<h3><strong>Horari d&#8217;atenció telefònica de secretaria</strong></h3>
<p>L’atenció telefònica de secretaria és el següent</p>
<p>Matí: de 9:30h a 13h</p>
<p>Tarda: de 16:30h a 18:30h</p>
<h3><strong>Horari d&#8217;estiu d&#8217;atenció telefònica (mesos de juny, juliol i setembre)</strong></h3>
<p>Matí de 9:30h a 13:00h</p>
<h4><strong>Dades de contacte</strong></h4>
<p><strong>Telèfon:</strong> 935 705 343</p>
<p><strong>Correu electrònic:</strong> <a href="mailto:secretaria@insgallecs.cat">secretaria@insgallecs.cat</a></p>
<p><strong>Adreça postal</strong></p>
<p>Institut Gallecs</p>
<p>Passeig Cesc Bas, 5</p>
<p>08100 Mollet del Vallès</p>
<p><a href="https://agora.xtec.cat/iesgallecs/wp-content/uploads/usu1971/2024/02/IMG_20240223_120218-scaled.jpg"><img loading="lazy" decoding="async" class="aligncenter size-full wp-image-5564" src="https://agora.xtec.cat/iesgallecs/wp-content/uploads/usu1971/2024/02/IMG_20240223_120218-scaled.jpg" alt="" width="2560" height="1560" srcset="https://agora.xtec.cat/iesgallecs/wp-content/uploads/usu1971/2024/02/IMG_20240223_120218-scaled.jpg 2560w, https://agora.xtec.cat/iesgallecs/wp-content/uploads/usu1971/2024/02/IMG_20240223_120218-300x183.jpg 300w, https://agora.xtec.cat/iesgallecs/wp-content/uploads/usu1971/2024/02/IMG_20240223_120218-1024x624.jpg 1024w, https://agora.xtec.cat/iesgallecs/wp-content/uploads/usu1971/2024/02/IMG_20240223_120218-768x468.jpg 768w, https://agora.xtec.cat/iesgallecs/wp-content/uploads/usu1971/2024/02/IMG_20240223_120218-1536x936.jpg 1536w, https://agora.xtec.cat/iesgallecs/wp-content/uploads/usu1971/2024/02/IMG_20240223_120218-2048x1248.jpg 2048w" sizes="auto, (max-width: 2560px) 100vw, 2560px" /></a></p>
<p><a href="https://agora.xtec.cat/iesgallecs/wp-content/uploads/usu1971/2024/02/IMG_20240223_120427-scaled.jpg"><img loading="lazy" decoding="async" class="aligncenter size-full wp-image-5565" src="https://agora.xtec.cat/iesgallecs/wp-content/uploads/usu1971/2024/02/IMG_20240223_120427-scaled.jpg" alt="" width="2560" height="1694" srcset="https://agora.xtec.cat/iesgallecs/wp-content/uploads/usu1971/2024/02/IMG_20240223_120427-scaled.jpg 2560w, https://agora.xtec.cat/iesgallecs/wp-content/uploads/usu1971/2024/02/IMG_20240223_120427-300x199.jpg 300w, https://agora.xtec.cat/iesgallecs/wp-content/uploads/usu1971/2024/02/IMG_20240223_120427-1024x678.jpg 1024w, https://agora.xtec.cat/iesgallecs/wp-content/uploads/usu1971/2024/02/IMG_20240223_120427-768x508.jpg 768w, https://agora.xtec.cat/iesgallecs/wp-content/uploads/usu1971/2024/02/IMG_20240223_120427-1536x1017.jpg 1536w, https://agora.xtec.cat/iesgallecs/wp-content/uploads/usu1971/2024/02/IMG_20240223_120427-2048x1355.jpg 2048w" sizes="auto, (max-width: 2560px) 100vw, 2560px" /></a></p>

<p>Horari d&#8217;atenció al públic: Mati: de dilluns a divendres de 9:30h a 13:30h Tarda: de dilluns a dijous de 16:30h a 18:30h Horari d&#8217;estiu d&#8217;atenció al públic (mesos de juny, juliol i setembre) Matí: de dilluns a divendres de 9:30h a 13:30h El mes d&#8217;agost el centre romandrà tancat. Horari d&#8217;atenció telefònica de secretaria L’atenció [&hellip;]</p>
