{"id":7491,"date":"2026-04-27T16:32:44","date_gmt":"2026-04-27T14:32:44","guid":{"rendered":"https:\/\/agora.xtec.cat\/iesgallecs\/?page_id=7491"},"modified":"2026-04-27T16:40:28","modified_gmt":"2026-04-27T14:40:28","slug":"sollicitud-de-certificats-del-nivell-de-catala-c","status":"publish","type":"page","link":"https:\/\/agora.xtec.cat\/iesgallecs\/linstitut\/secretaria\/sollicitud-de-certificats-del-nivell-de-catala-c\/","title":{"rendered":"Sol\u00b7licitud de certificats del nivell C de catal\u00e0"},"content":{"rendered":"<p><strong><span style=\"text-decoration: underline;\">Sol\u00b7licituds de certificats de reconeixement dels nivells B2 i C1 de catal\u00e0 per escolaritat reglada no universit\u00e0ria:<\/span> <\/strong><\/p>\n<p>Requisits<\/p>\n<ol>\n<li>Haver nascut a partir de l&#8217;any 1972.<\/li>\n<li>Haver cursat els estudis:\n<ul>\n<li>\u00edntegrament a Catalunya, o<\/li>\n<li>parcialment en altres territoris on el catal\u00e0 era llengua curricular avaluable, i\u00a0haver obtingut la titulaci\u00f3 al sistema educatiu de Catalunya.<\/li>\n<\/ul>\n<\/li>\n<li>Haver obtingut una de les\u00a0titulacionsseg\u00fcents:\n<ul>\n<li>graduat\/ada escolar, t\u00e8cnic\/a auxiliar, t\u00e8cnic\/a especialista o BUP, de l&#8217;anterior sistema educatiu;<\/li>\n<li>graduat\/ada d&#8217;educaci\u00f3 secund\u00e0ria obligat\u00f2ria o batxillerat, de l&#8217;actual sistema educatiu.<\/li>\n<\/ul>\n<\/li>\n<\/ol>\n<p>No es tenen en compte:<\/p>\n<ul>\n<li>les proves d&#8217;acc\u00e9s per a m\u00e9s grans de 25 anys,<\/li>\n<li>les proves d&#8217;acc\u00e9s a la universitat,<\/li>\n<li>l&#8217;acc\u00e9s als cicles formatius,<\/li>\n<li>els cicles formatius de grau mitj\u00e0 o de grau superior,<\/li>\n<li>les equival\u00e8ncies a les titulacions.<\/li>\n<\/ul>\n<p>Documentaci\u00f3<\/p>\n<ul>\n<li>Llibre d&#8217;escolaritat o certificat del centre o centres on has cursat els estudis (EGB, BUP, FP, prim\u00e0ria, ESO o batxillerat).<\/li>\n<li>T\u00edtol, resguard del t\u00edtol o certificat que acrediti que has obtingut la titulaci\u00f3 superior sense cap mat\u00e8ria suspesa o, en el cas de l&#8217;ESO, que has superat la mat\u00e8ria de llengua catalana.<\/li>\n<\/ul>\n<p>Si no tens aquesta documentaci\u00f3 i el centre que la va emetre ja no existeix,\u00a0demana a la\u00a0<u><a href=\"https:\/\/educacio.gencat.cat\/ca\/departament\/inspeccio-educacio\/inspeccions-territorials\/\">Inspecci\u00f3 d&#8217;Educaci\u00f3 dels serveis territorials<\/a><\/u>\u00a0de la teva demarcaci\u00f3 quin \u00e9s el centre que t\u00e9 la documentaci\u00f3 del centre educatiu tancat.<\/p>\n<p><strong>Les peticions es gestionaran, sempre que sigui possible, \u00a0en un termini de 72 hores h\u00e0bils des de la recepci\u00f3 de la petici\u00f3. El termini pot variar depenent del volum de sol\u00b7licituds rebudes.<\/strong><\/p>\n","protected":false},"excerpt":{"rendered":"<p>Sol\u00b7licituds de certificats de reconeixement dels nivells B2 i C1 de catal\u00e0 per escolaritat reglada no universit\u00e0ria: Requisits Haver nascut a partir de l&#8217;any 1972. Haver cursat els estudis: \u00edntegrament a Catalunya, o parcialment en altres territoris on el catal\u00e0 era llengua curricular avaluable, i\u00a0haver obtingut la titulaci\u00f3 al sistema educatiu de Catalunya. Haver obtingut [&hellip;]<\/p>\n","protected":false},"author":36,"featured_media":0,"parent":81,"menu_order":3,"comment_status":"closed","ping_status":"closed","template":"","meta":{"site-sidebar-layout":"default","site-content-layout":"","ast-site-content-layout":"default","site-content-style":"default","site-sidebar-style":"default","ast-global-header-display":"","ast-banner-title-visibility":"","ast-main-header-display":"","ast-hfb-above-header-display":"","ast-hfb-below-header-display":"","ast-hfb-mobile-header-display":"","site-post-title":"","ast-breadcrumbs-content":"","ast-featured-img":"","footer-sml-layout":"","theme-transparent-header-meta":"default","adv-header-id-meta":"","stick-header-meta":"","header-above-stick-meta":"","header-main-stick-meta":"","header-below-stick-meta":"","astra-migrate-meta-layouts":"set","ast-page-background-enabled":"default","ast-page-background-meta":{"desktop":{"background-color":"var(--ast-global-color-5)","background-image":"","background-repeat":"repeat","background-position":"center center","background-size":"auto","background-attachment":"scroll","background-type":"","background-media":"","overlay-type":"","overlay-color":"","overlay-opacity":"","overlay-gradient":""},"tablet":{"background-color":"","background-image":"","background-repeat":"repeat","background-position":"center center","background-size":"auto","background-attachment":"scroll","background-type":"","background-media":"","overlay-type":"","overlay-color":"","overlay-opacity":"","overlay-gradient":""},"mobile":{"background-color":"","background-image":"","background-repeat":"repeat","background-position":"center center","background-size":"auto","background-attachment":"scroll","background-type":"","background-media":"","overlay-type":"","overlay-color":"","overlay-opacity":"","overlay-gradient":""}},"ast-content-background-meta":{"desktop":{"background-color":"var(--ast-global-color-4)","background-image":"","background-repeat":"repeat","background-position":"center center","background-size":"auto","background-attachment":"scroll","background-type":"","background-media":"","overlay-type":"","overlay-color":"","overlay-opacity":"","overlay-gradient":""},"tablet":{"background-color":"var(--ast-global-color-4)","background-image":"","background-repeat":"repeat","background-position":"center center","background-size":"auto","background-attachment":"scroll","background-type":"","background-media":"","overlay-type":"","overlay-color":"","overlay-opacity":"","overlay-gradient":""},"mobile":{"background-color":"var(--ast-global-color-4)","background-image":"","background-repeat":"repeat","background-position":"center center","background-size":"auto","background-attachment":"scroll","background-type":"","background-media":"","overlay-type":"","overlay-color":"","overlay-opacity":"","overlay-gradient":""}},"footnotes":""},"class_list":["post-7491","page","type-page","status-publish","hentry"],"post_mailing_queue_ids":[],"_links":{"self":[{"href":"https:\/\/agora.xtec.cat\/iesgallecs\/wp-json\/wp\/v2\/pages\/7491","targetHints":{"allow":["GET"]}}],"collection":[{"href":"https:\/\/agora.xtec.cat\/iesgallecs\/wp-json\/wp\/v2\/pages"}],"about":[{"href":"https:\/\/agora.xtec.cat\/iesgallecs\/wp-json\/wp\/v2\/types\/page"}],"author":[{"embeddable":true,"href":"https:\/\/agora.xtec.cat\/iesgallecs\/wp-json\/wp\/v2\/users\/36"}],"replies":[{"embeddable":true,"href":"https:\/\/agora.xtec.cat\/iesgallecs\/wp-json\/wp\/v2\/comments?post=7491"}],"version-history":[{"count":3,"href":"https:\/\/agora.xtec.cat\/iesgallecs\/wp-json\/wp\/v2\/pages\/7491\/revisions"}],"predecessor-version":[{"id":7496,"href":"https:\/\/agora.xtec.cat\/iesgallecs\/wp-json\/wp\/v2\/pages\/7491\/revisions\/7496"}],"up":[{"embeddable":true,"href":"https:\/\/agora.xtec.cat\/iesgallecs\/wp-json\/wp\/v2\/pages\/81"}],"wp:attachment":[{"href":"https:\/\/agora.xtec.cat\/iesgallecs\/wp-json\/wp\/v2\/media?parent=7491"}],"curies":[{"name":"wp","href":"https:\/\/api.w.org\/{rel}","templated":true}]}}