{"id":714,"date":"2019-01-29T17:12:02","date_gmt":"2019-01-29T16:12:02","guid":{"rendered":"https:\/\/agora.xtec.cat\/iesgallecs\/?page_id=714"},"modified":"2026-01-26T16:28:45","modified_gmt":"2026-01-26T15:28:45","slug":"mon-laboral","status":"publish","type":"page","link":"https:\/\/agora.xtec.cat\/iesgallecs\/cicles-formatius\/mon-laboral\/","title":{"rendered":"M\u00f3n laboral"},"content":{"rendered":"<p><strong>Qu\u00e8 \u00e9s el servei d\u2019assessorament i reconeixement?<\/strong><\/p>\n<p>El Servei d&#8217;assessorament en la formaci\u00f3 professional del sistema educatiu s&#8217;adre\u00e7a a les persones adultes interessades a obtenir la diagnosi de les seves possibilitats formatives i de promoci\u00f3 professional, i l&#8217;itinerari formatiu m\u00e9s adequat per aconseguir l&#8217;objectiu de qualificaci\u00f3 m\u00e9s idoni. Aquesta diagnosi \u00e9s un requisit previ per participar en el reconeixement acad\u00e8mic dels aprenentatges assolits mitjan\u00e7ant l&#8217;experi\u00e8ncia laboral o en activitats socials.<\/p>\n<p>Per la seva banda, el Servei de reconeixement acad\u00e8mic dels aprenentatges assolits mitjan\u00e7ant l&#8217;experi\u00e8ncia laboral o en activitats socials s&#8217;adre\u00e7a a les persones amb experi\u00e8ncia laboral o en activitats socials que vulguin tenir un reconeixement acad\u00e8mic dels aprenentatges adquirits relacionats amb un determinat cicle formatiu.<\/p>\n<h4><\/h4>\n<h4><a href=\"https:\/\/agora.xtec.cat\/iesgallecs\/cicles-formatius\/mon-laboral\/servei-de-reconeixement\/\" target=\"_blank\" rel=\"noopener\">Servei de reconeixement<\/a><\/h4>\n<p><img loading=\"lazy\" decoding=\"async\" class=\"alignnone wp-image-659 size-full\" src=\"https:\/\/agora.xtec.cat\/iesgallecs\/wp-content\/uploads\/usu1971\/2019\/01\/servei-reconeixament.jpg\" alt=\"\" width=\"272\" height=\"111\" \/><\/p>\n<h4><a href=\"https:\/\/agora.xtec.cat\/iesgallecs\/cicles-formatius\/mon-laboral\/servei-dassessorament\/\" target=\"_blank\" rel=\"noopener\">Servei d&#8217;assessorament<\/a><\/h4>\n<p><img loading=\"lazy\" decoding=\"async\" class=\"alignnone size-full wp-image-646\" src=\"https:\/\/agora.xtec.cat\/iesgallecs\/wp-content\/uploads\/usu1971\/2019\/01\/Servei-Assessosrament.jpg\" alt=\"\" width=\"272\" height=\"111\" \/><\/p>\n<p>&nbsp;<\/p>\n<p><strong>Quines sortides tens despr\u00e9s del servei d\u2019assessorament i reconeixement ?<\/strong><\/p>\n<ol>\n<li>Continuar cursant el cicle corresponent que s\u2019ha fet l\u2019assessorament \u00a0i reconeixement i \u00a0convalidar les unitats formatives que s\u2019han obtingut a trav\u00e9s del reconeixement de l\u2019experi\u00e8ncia laboral.<\/li>\n<li>En el cas de tenir els requisits, demanar un certificat de professionalitat per obtenir una qualificaci\u00f3 professional.<\/li>\n<\/ol>\n<p>&nbsp;<\/p>\n<h4><span style=\"text-decoration: underline;\"><strong>Acreditaci\u00f3 de compet\u00e8ncies professionals<\/strong><\/span><\/h4>\n<p><img loading=\"lazy\" decoding=\"async\" class=\"alignnone wp-image-2480 size-medium\" src=\"https:\/\/agora.xtec.cat\/iesgallecs\/wp-content\/uploads\/usu1971\/2020\/12\/Acreditat-300x261.png\" alt=\"\" width=\"300\" height=\"261\" srcset=\"https:\/\/agora.xtec.cat\/iesgallecs\/wp-content\/uploads\/usu1971\/2020\/12\/Acreditat-300x261.png 300w, https:\/\/agora.xtec.cat\/iesgallecs\/wp-content\/uploads\/usu1971\/2020\/12\/Acreditat.png 568w\" sizes=\"auto, (max-width: 300px) 100vw, 300px\" \/><\/p>\n<h4>Mobilitat internacional<\/h4>\n<p><a href=\"https:\/\/agora.xtec.cat\/iesgallecs\/wp-content\/uploads\/usu1971\/2021\/06\/image-1.png\"><img loading=\"lazy\" decoding=\"async\" class=\"alignnone wp-image-3013\" src=\"https:\/\/agora.xtec.cat\/iesgallecs\/wp-content\/uploads\/usu1971\/2021\/06\/image-1-1024x234.png\" alt=\"\" width=\"302\" height=\"69\" srcset=\"https:\/\/agora.xtec.cat\/iesgallecs\/wp-content\/uploads\/usu1971\/2021\/06\/image-1.png 1024w, https:\/\/agora.xtec.cat\/iesgallecs\/wp-content\/uploads\/usu1971\/2021\/06\/image-1-300x69.png 300w, https:\/\/agora.xtec.cat\/iesgallecs\/wp-content\/uploads\/usu1971\/2021\/06\/image-1-768x176.png 768w\" sizes=\"auto, (max-width: 302px) 100vw, 302px\" \/><\/a><\/p>\n<p>&nbsp;<\/p>\n<h4><a style=\"color: #2795b6;\" href=\"https:\/\/www.empresaiformacio.org\/sBid\" target=\"_blank\" rel=\"noopener noreferrer\">Banc integrat de dades<\/a><\/h4>\n<p><a href=\"https:\/\/www.empresaiformacio.org\/sBid\" target=\"_blank\" rel=\"noopener noreferrer\"><img loading=\"lazy\" decoding=\"async\" class=\"alignnone size-medium wp-image-2776\" src=\"https:\/\/agora.xtec.cat\/iesgallecs\/wp-content\/uploads\/usu1971\/2021\/03\/logoBID-300x46.png\" alt=\"\" width=\"300\" height=\"46\" srcset=\"https:\/\/agora.xtec.cat\/iesgallecs\/wp-content\/uploads\/usu1971\/2021\/03\/logoBID-300x46.png 300w, https:\/\/agora.xtec.cat\/iesgallecs\/wp-content\/uploads\/usu1971\/2021\/03\/logoBID-768x117.png 768w, https:\/\/agora.xtec.cat\/iesgallecs\/wp-content\/uploads\/usu1971\/2021\/03\/logoBID-1024x156.png 1024w\" sizes=\"auto, (max-width: 300px) 100vw, 300px\" \/><\/a><\/p>\n","protected":false},"excerpt":{"rendered":"<p>Qu\u00e8 \u00e9s el servei d\u2019assessorament i reconeixement? El Servei d&#8217;assessorament en la formaci\u00f3 professional del sistema educatiu s&#8217;adre\u00e7a a les persones adultes interessades a obtenir la diagnosi de les seves possibilitats formatives i de promoci\u00f3 professional, i l&#8217;itinerari formatiu m\u00e9s adequat per aconseguir l&#8217;objectiu de qualificaci\u00f3 m\u00e9s idoni. Aquesta diagnosi \u00e9s un requisit previ per [&hellip;]<\/p>\n","protected":false},"author":1,"featured_media":0,"parent":2673,"menu_order":8,"comment_status":"closed","ping_status":"closed","template":"","meta":{"site-sidebar-layout":"default","site-content-layout":"","ast-site-content-layout":"default","site-content-style":"default","site-sidebar-style":"default","ast-global-header-display":"","ast-banner-title-visibility":"","ast-main-header-display":"","ast-hfb-above-header-display":"","ast-hfb-below-header-display":"","ast-hfb-mobile-header-display":"","site-post-title":"","ast-breadcrumbs-content":"","ast-featured-img":"","footer-sml-layout":"","theme-transparent-header-meta":"default","adv-header-id-meta":"","stick-header-meta":"","header-above-stick-meta":"","header-main-stick-meta":"","header-below-stick-meta":"","astra-migrate-meta-layouts":"set","ast-page-background-enabled":"default","ast-page-background-meta":{"desktop":{"background-color":"var(--ast-global-color-5)","background-image":"","background-repeat":"repeat","background-position":"center center","background-size":"auto","background-attachment":"scroll","background-type":"","background-media":"","overlay-type":"","overlay-color":"","overlay-opacity":"","overlay-gradient":""},"tablet":{"background-color":"","background-image":"","background-repeat":"repeat","background-position":"center center","background-size":"auto","background-attachment":"scroll","background-type":"","background-media":"","overlay-type":"","overlay-color":"","overlay-opacity":"","overlay-gradient":""},"mobile":{"background-color":"","background-image":"","background-repeat":"repeat","background-position":"center center","background-size":"auto","background-attachment":"scroll","background-type":"","background-media":"","overlay-type":"","overlay-color":"","overlay-opacity":"","overlay-gradient":""}},"ast-content-background-meta":{"desktop":{"background-color":"var(--ast-global-color-4)","background-image":"","background-repeat":"repeat","background-position":"center center","background-size":"auto","background-attachment":"scroll","background-type":"","background-media":"","overlay-type":"","overlay-color":"","overlay-opacity":"","overlay-gradient":""},"tablet":{"background-color":"var(--ast-global-color-4)","background-image":"","background-repeat":"repeat","background-position":"center center","background-size":"auto","background-attachment":"scroll","background-type":"","background-media":"","overlay-type":"","overlay-color":"","overlay-opacity":"","overlay-gradient":""},"mobile":{"background-color":"var(--ast-global-color-4)","background-image":"","background-repeat":"repeat","background-position":"center center","background-size":"auto","background-attachment":"scroll","background-type":"","background-media":"","overlay-type":"","overlay-color":"","overlay-opacity":"","overlay-gradient":""}},"footnotes":""},"class_list":["post-714","page","type-page","status-publish","hentry"],"post_mailing_queue_ids":[],"_links":{"self":[{"href":"https:\/\/agora.xtec.cat\/iesgallecs\/wp-json\/wp\/v2\/pages\/714","targetHints":{"allow":["GET"]}}],"collection":[{"href":"https:\/\/agora.xtec.cat\/iesgallecs\/wp-json\/wp\/v2\/pages"}],"about":[{"href":"https:\/\/agora.xtec.cat\/iesgallecs\/wp-json\/wp\/v2\/types\/page"}],"author":[{"embeddable":true,"href":"https:\/\/agora.xtec.cat\/iesgallecs\/wp-json\/wp\/v2\/users\/1"}],"replies":[{"embeddable":true,"href":"https:\/\/agora.xtec.cat\/iesgallecs\/wp-json\/wp\/v2\/comments?post=714"}],"version-history":[{"count":6,"href":"https:\/\/agora.xtec.cat\/iesgallecs\/wp-json\/wp\/v2\/pages\/714\/revisions"}],"predecessor-version":[{"id":7193,"href":"https:\/\/agora.xtec.cat\/iesgallecs\/wp-json\/wp\/v2\/pages\/714\/revisions\/7193"}],"up":[{"embeddable":true,"href":"https:\/\/agora.xtec.cat\/iesgallecs\/wp-json\/wp\/v2\/pages\/2673"}],"wp:attachment":[{"href":"https:\/\/agora.xtec.cat\/iesgallecs\/wp-json\/wp\/v2\/media?parent=714"}],"curies":[{"name":"wp","href":"https:\/\/api.w.org\/{rel}","templated":true}]}}

Món laboral

<p><strong>Què és el servei d’assessorament i reconeixement?</strong></p>
<p>El Servei d&#8217;assessorament en la formació professional del sistema educatiu s&#8217;adreça a les persones adultes interessades a obtenir la diagnosi de les seves possibilitats formatives i de promoció professional, i l&#8217;itinerari formatiu més adequat per aconseguir l&#8217;objectiu de qualificació més idoni. Aquesta diagnosi és un requisit previ per participar en el reconeixement acadèmic dels aprenentatges assolits mitjançant l&#8217;experiència laboral o en activitats socials.</p>
<p>Per la seva banda, el Servei de reconeixement acadèmic dels aprenentatges assolits mitjançant l&#8217;experiència laboral o en activitats socials s&#8217;adreça a les persones amb experiència laboral o en activitats socials que vulguin tenir un reconeixement acadèmic dels aprenentatges adquirits relacionats amb un determinat cicle formatiu.</p>
<h4></h4>
<h4><a href="https://agora.xtec.cat/iesgallecs/cicles-formatius/mon-laboral/servei-de-reconeixement/" target="_blank" rel="noopener">Servei de reconeixement</a></h4>
<p><img loading="lazy" decoding="async" class="alignnone wp-image-659 size-full" src="https://agora.xtec.cat/iesgallecs/wp-content/uploads/usu1971/2019/01/servei-reconeixament.jpg" alt="" width="272" height="111" /></p>
<h4><a href="https://agora.xtec.cat/iesgallecs/cicles-formatius/mon-laboral/servei-dassessorament/" target="_blank" rel="noopener">Servei d&#8217;assessorament</a></h4>
<p><img loading="lazy" decoding="async" class="alignnone size-full wp-image-646" src="https://agora.xtec.cat/iesgallecs/wp-content/uploads/usu1971/2019/01/Servei-Assessosrament.jpg" alt="" width="272" height="111" /></p>
<p>&nbsp;</p>
<p><strong>Quines sortides tens després del servei d’assessorament i reconeixement ?</strong></p>
<ol>
<li>Continuar cursant el cicle corresponent que s’ha fet l’assessorament  i reconeixement i  convalidar les unitats formatives que s’han obtingut a través del reconeixement de l’experiència laboral.</li>
<li>En el cas de tenir els requisits, demanar un certificat de professionalitat per obtenir una qualificació professional.</li>
</ol>
<p>&nbsp;</p>
<h4><span style="text-decoration: underline;"><strong>Acreditació de competències professionals</strong></span></h4>
<p><img loading="lazy" decoding="async" class="alignnone wp-image-2480 size-medium" src="https://agora.xtec.cat/iesgallecs/wp-content/uploads/usu1971/2020/12/Acreditat-300x261.png" alt="" width="300" height="261" srcset="https://agora.xtec.cat/iesgallecs/wp-content/uploads/usu1971/2020/12/Acreditat-300x261.png 300w, https://agora.xtec.cat/iesgallecs/wp-content/uploads/usu1971/2020/12/Acreditat.png 568w" sizes="auto, (max-width: 300px) 100vw, 300px" /></p>
<h4>Mobilitat internacional</h4>
<p><a href="https://agora.xtec.cat/iesgallecs/wp-content/uploads/usu1971/2021/06/image-1.png"><img loading="lazy" decoding="async" class="alignnone wp-image-3013" src="https://agora.xtec.cat/iesgallecs/wp-content/uploads/usu1971/2021/06/image-1-1024x234.png" alt="" width="302" height="69" srcset="https://agora.xtec.cat/iesgallecs/wp-content/uploads/usu1971/2021/06/image-1.png 1024w, https://agora.xtec.cat/iesgallecs/wp-content/uploads/usu1971/2021/06/image-1-300x69.png 300w, https://agora.xtec.cat/iesgallecs/wp-content/uploads/usu1971/2021/06/image-1-768x176.png 768w" sizes="auto, (max-width: 302px) 100vw, 302px" /></a></p>
<p>&nbsp;</p>
<h4><a style="color: #2795b6;" href="https://www.empresaiformacio.org/sBid" target="_blank" rel="noopener noreferrer">Banc integrat de dades</a></h4>
<p><a href="https://www.empresaiformacio.org/sBid" target="_blank" rel="noopener noreferrer"><img loading="lazy" decoding="async" class="alignnone size-medium wp-image-2776" src="https://agora.xtec.cat/iesgallecs/wp-content/uploads/usu1971/2021/03/logoBID-300x46.png" alt="" width="300" height="46" srcset="https://agora.xtec.cat/iesgallecs/wp-content/uploads/usu1971/2021/03/logoBID-300x46.png 300w, https://agora.xtec.cat/iesgallecs/wp-content/uploads/usu1971/2021/03/logoBID-768x117.png 768w, https://agora.xtec.cat/iesgallecs/wp-content/uploads/usu1971/2021/03/logoBID-1024x156.png 1024w" sizes="auto, (max-width: 300px) 100vw, 300px" /></a></p>

<p>Què és el servei d’assessorament i reconeixement? El Servei d&#8217;assessorament en la formació professional del sistema educatiu s&#8217;adreça a les persones adultes interessades a obtenir la diagnosi de les seves possibilitats formatives i de promoció professional, i l&#8217;itinerari formatiu més adequat per aconseguir l&#8217;objectiu de qualificació més idoni. Aquesta diagnosi és un requisit previ per [&hellip;]</p>
