{"id":604,"date":"2019-01-19T19:13:10","date_gmt":"2019-01-19T18:13:10","guid":{"rendered":"https:\/\/agora.xtec.cat\/iesgallecs\/?page_id=604"},"modified":"2023-01-26T14:44:16","modified_gmt":"2023-01-26T13:44:16","slug":"sollicitud-de-beques","status":"publish","type":"page","link":"https:\/\/agora.xtec.cat\/iesgallecs\/linstitut\/secretaria\/sollicitud-de-beques\/","title":{"rendered":"Sol\u00b7licitud de beques"},"content":{"rendered":"<h3><strong>Beques de car\u00e0cter general per a ensenyaments postobligatoris (no universitaris)<\/strong><\/h3>\n<p>Beques convocades pel Ministeri d\u2019Educaci\u00f3, Cultura i Esport\u00a0 per a estudiants que cursen ensenyaments postobligatoris i superiors. Els tipus de beques que es poden sol\u00b7licitar s\u00f3n les seg\u00fcents:<\/p>\n<p>a) Quanties fixes<\/p>\n<p>\u2013\u00a0Quantia fixa lligada a la renda<br \/>\n\u2013 Quantia fixa lligada a la resid\u00e8ncia de l\u2019estudiant durant el curs escolar<br \/>\n\u2013\u00a0Beca b\u00e0sica<\/p>\n<p>b) Quantia variable<\/p>\n<p>\u2013 Segons el resultat de la ponderaci\u00f3 de la nota mitjana de l\u2019expedient de l\u2019estudiant i de la seva renda familiar.<\/p>\n<div class=\"FW_tramitContent\">\n<p class=\"iDepBoldOVT\">A qui va dirigit?<\/p>\n<div class=\"FW_sEditPro\">\n<p>A estudiants dels ensenyaments postobligatoris no universitaris seg\u00fcents:<\/p>\n<p>\u2013 Primer i segon cursos de batxillerat<br \/>\n\u2013 Formaci\u00f3 professional de grau mitj\u00e0 i de grau superior<br \/>\n\u2013 Ensenyaments art\u00edstics professionals<br \/>\n\u2013 Ensenyaments esportius<br \/>\n\u2013 Ensenyaments art\u00edstics superiors<br \/>\n\u2013 Estudis d\u2019idiomes en escoles oficials (inclosa la modalitat\u00a0a dist\u00e0ncia)<br \/>\n\u2013 Cursos d\u2019acc\u00e9s i cursos de preparaci\u00f3 per a les proves d\u2019acc\u00e9s a la formaci\u00f3 professional i cursos de formaci\u00f3 espec\u00edfics per a l\u2019acc\u00e9s als cicles formatius de grau mitj\u00e0 i de grau superior<br \/>\n\u2013 Programes de qualificaci\u00f3 professional inicial<br \/>\n<em>\u2013 <\/em>Formaci\u00f3 professional b\u00e0sica \/ Programes de formaci\u00f3 i inserci\u00f3<em><br \/>\n<\/em>\u2013 Estudis religiosos i militars<\/p>\n<\/div>\n<div class=\"FW_sQuadre_avis FW_EstilQuadre_avis\">\n<p>Termini\u00a0per\u00a0presentar la sol\u00b7licitud: <strong><br \/>\n<\/strong>M\u00e9s informaci\u00f3 a la <a href=\"http:\/\/tramits.gencat.cat\/ca\/integraciodepartamentaltramit\/tramits\/PerTemes\/detall\/Beques-de-caracter-general-per-a-estudis-postobligatoris?category=7449fd1c-a82c-11e3-a972-000c29052e2c\" target=\"_blank\" rel=\"noopener\">web gencat.cat<\/a><\/p>\n<div class=\"FW_clear\"><\/div>\n<h3 class=\"FW_ico\"><strong>Ajuts per a alumnes amb necessitat espec\u00edfica de suport educatiu<\/strong><\/h3>\n<p class=\"FW_avis FW_sEditPro\">Ajuts individualitzats convocats pel Ministeri d\u2019Educaci\u00f3, Cultura i Esport per a alumnes amb necessitat espec\u00edfica de suport educatiu:<\/p>\n<ul>\n<li style=\"list-style-type: none;\">\n<ul>\n<li>Ajuts directes per\u00a0a alumnes (inclosos els que tenen TDAH) que necessiten\u00a0suports determinats i atencions educatives espec\u00edfiques derivades d\u2019una discapacitat o d\u2019un\u00a0trastorn greu de la conducta, durant tota l\u2019escolaritzaci\u00f3 o nom\u00e9s durant un per\u00edode.<\/li>\n<li>Subsidis per a necessitats educatives especials\u00a0derivades d\u2019una discapacitat o un trastorn greu de la conducta per a fam\u00edlies nombroses.<\/li>\n<li>Ajuts per a programes espec\u00edfics complementaris a l\u2019educaci\u00f3 reglada per a alumnes amb necessitats espec\u00edfiques de suport educatiu associat a altes capacitats intel\u00b7lectuals.<\/li>\n<\/ul>\n<\/li>\n<\/ul>\n<div class=\"FW_tramitContent\">\n<h5 class=\"iDepBoldOVT\">A qui va dirigit?<\/h5>\n<div class=\"FW_sEditPro\">\n<p>A alumnes d\u2019educaci\u00f3 infantil, educaci\u00f3 prim\u00e0ria, educaci\u00f3 secund\u00e0ria obligat\u00f2ria, batxillerat, cicles formatius de grau mitj\u00e0 o superior, ensenyaments art\u00edstics professionals, PQPI, formaci\u00f3 professional b\u00e0sica o\u00a0programes de formaci\u00f3 per a la transici\u00f3 a la vida adulta, que presenten una necessitat\u00a0espec\u00edfica de suport educatiu derivada de discapacitat\u00a0o trastorn greu de la conducta o a causa de les seves elevades capacitats\u00a0 intelectuals.<\/p>\n<\/div>\n<div class=\"FW_sQuadre_avis FW_EstilQuadre_avis\">\n<div class=\"FW_ico\">\n<div class=\"FW_avis FW_sEditPro\">\n<p>Termini per presentar la sol\u00b7licitud:<strong><br \/>\n<\/strong>M\u00e9s informaci\u00f3 a la <a href=\"http:\/\/tramits.gencat.cat\/ca\/integraciodepartamentaltramit\/tramits\/PerTemes\/detall\/Ajuts-per-a-alumnes-amb-necessitat-especifica-de-suport-educatiu?category=7449fd1c-a82c-11e3-a972-000c29052e2c\" target=\"_blank\" rel=\"noopener\">web gencat.cat<\/a><\/p>\n<\/div>\n<\/div>\n<\/div>\n<\/div>\n<\/div>\n<\/div>\n","protected":false},"excerpt":{"rendered":"<p>Beques de car\u00e0cter general per a ensenyaments postobligatoris (no universitaris) Beques convocades pel Ministeri d\u2019Educaci\u00f3, Cultura i Esport\u00a0 per a estudiants que cursen ensenyaments postobligatoris i superiors. Els tipus de beques que es poden sol\u00b7licitar s\u00f3n les seg\u00fcents: a) Quanties fixes \u2013\u00a0Quantia fixa lligada a la renda \u2013 Quantia fixa lligada a la resid\u00e8ncia de [&hellip;]<\/p>\n","protected":false},"author":1,"featured_media":0,"parent":81,"menu_order":0,"comment_status":"closed","ping_status":"closed","template":"page-templates\/side-menu.php","meta":{"site-sidebar-layout":"default","site-content-layout":"","ast-site-content-layout":"","site-content-style":"default","site-sidebar-style":"default","ast-global-header-display":"","ast-banner-title-visibility":"","ast-main-header-display":"","ast-hfb-above-header-display":"","ast-hfb-below-header-display":"","ast-hfb-mobile-header-display":"","site-post-title":"","ast-breadcrumbs-content":"","ast-featured-img":"","footer-sml-layout":"","theme-transparent-header-meta":"","adv-header-id-meta":"","stick-header-meta":"","header-above-stick-meta":"","header-main-stick-meta":"","header-below-stick-meta":"","astra-migrate-meta-layouts":"default","ast-page-background-enabled":"default","ast-page-background-meta":{"desktop":{"background-color":"var(--ast-global-color-5)","background-image":"","background-repeat":"repeat","background-position":"center center","background-size":"auto","background-attachment":"scroll","background-type":"","background-media":"","overlay-type":"","overlay-color":"","overlay-opacity":"","overlay-gradient":""},"tablet":{"background-color":"","background-image":"","background-repeat":"repeat","background-position":"center center","background-size":"auto","background-attachment":"scroll","background-type":"","background-media":"","overlay-type":"","overlay-color":"","overlay-opacity":"","overlay-gradient":""},"mobile":{"background-color":"","background-image":"","background-repeat":"repeat","background-position":"center center","background-size":"auto","background-attachment":"scroll","background-type":"","background-media":"","overlay-type":"","overlay-color":"","overlay-opacity":"","overlay-gradient":""}},"ast-content-background-meta":{"desktop":{"background-color":"var(--ast-global-color-4)","background-image":"","background-repeat":"repeat","background-position":"center center","background-size":"auto","background-attachment":"scroll","background-type":"","background-media":"","overlay-type":"","overlay-color":"","overlay-opacity":"","overlay-gradient":""},"tablet":{"background-color":"var(--ast-global-color-4)","background-image":"","background-repeat":"repeat","background-position":"center center","background-size":"auto","background-attachment":"scroll","background-type":"","background-media":"","overlay-type":"","overlay-color":"","overlay-opacity":"","overlay-gradient":""},"mobile":{"background-color":"var(--ast-global-color-4)","background-image":"","background-repeat":"repeat","background-position":"center center","background-size":"auto","background-attachment":"scroll","background-type":"","background-media":"","overlay-type":"","overlay-color":"","overlay-opacity":"","overlay-gradient":""}},"footnotes":""},"class_list":["post-604","page","type-page","status-publish","hentry"],"post_mailing_queue_ids":[],"_links":{"self":[{"href":"https:\/\/agora.xtec.cat\/iesgallecs\/wp-json\/wp\/v2\/pages\/604","targetHints":{"allow":["GET"]}}],"collection":[{"href":"https:\/\/agora.xtec.cat\/iesgallecs\/wp-json\/wp\/v2\/pages"}],"about":[{"href":"https:\/\/agora.xtec.cat\/iesgallecs\/wp-json\/wp\/v2\/types\/page"}],"author":[{"embeddable":true,"href":"https:\/\/agora.xtec.cat\/iesgallecs\/wp-json\/wp\/v2\/users\/1"}],"replies":[{"embeddable":true,"href":"https:\/\/agora.xtec.cat\/iesgallecs\/wp-json\/wp\/v2\/comments?post=604"}],"version-history":[{"count":3,"href":"https:\/\/agora.xtec.cat\/iesgallecs\/wp-json\/wp\/v2\/pages\/604\/revisions"}],"predecessor-version":[{"id":4355,"href":"https:\/\/agora.xtec.cat\/iesgallecs\/wp-json\/wp\/v2\/pages\/604\/revisions\/4355"}],"up":[{"embeddable":true,"href":"https:\/\/agora.xtec.cat\/iesgallecs\/wp-json\/wp\/v2\/pages\/81"}],"wp:attachment":[{"href":"https:\/\/agora.xtec.cat\/iesgallecs\/wp-json\/wp\/v2\/media?parent=604"}],"curies":[{"name":"wp","href":"https:\/\/api.w.org\/{rel}","templated":true}]}}

<h3><strong>Beques de caràcter general per a ensenyaments postobligatoris (no universitaris)</strong></h3>
<p>Beques convocades pel Ministeri d’Educació, Cultura i Esport  per a estudiants que cursen ensenyaments postobligatoris i superiors. Els tipus de beques que es poden sol·licitar són les següents:</p>
<p>a) Quanties fixes</p>
<p>– Quantia fixa lligada a la renda<br />
– Quantia fixa lligada a la residència de l’estudiant durant el curs escolar<br />
– Beca bàsica</p>
<p>b) Quantia variable</p>
<p>– Segons el resultat de la ponderació de la nota mitjana de l’expedient de l’estudiant i de la seva renda familiar.</p>
<div class="FW_tramitContent">
<p class="iDepBoldOVT">A qui va dirigit?</p>
<div class="FW_sEditPro">
<p>A estudiants dels ensenyaments postobligatoris no universitaris següents:</p>
<p>– Primer i segon cursos de batxillerat<br />
– Formació professional de grau mitjà i de grau superior<br />
– Ensenyaments artístics professionals<br />
– Ensenyaments esportius<br />
– Ensenyaments artístics superiors<br />
– Estudis d’idiomes en escoles oficials (inclosa la modalitat a distància)<br />
– Cursos d’accés i cursos de preparació per a les proves d’accés a la formació professional i cursos de formació específics per a l’accés als cicles formatius de grau mitjà i de grau superior<br />
– Programes de qualificació professional inicial<br />
<em>– </em>Formació professional bàsica / Programes de formació i inserció<em><br />
</em>– Estudis religiosos i militars</p>
</div>
<div class="FW_sQuadre_avis FW_EstilQuadre_avis">
<p>Termini per presentar la sol·licitud: <strong><br />
</strong>Més informació a la <a href="http://tramits.gencat.cat/ca/integraciodepartamentaltramit/tramits/PerTemes/detall/Beques-de-caracter-general-per-a-estudis-postobligatoris?category=7449fd1c-a82c-11e3-a972-000c29052e2c" target="_blank" rel="noopener">web gencat.cat</a></p>
<div class="FW_clear"></div>
<h3 class="FW_ico"><strong>Ajuts per a alumnes amb necessitat específica de suport educatiu</strong></h3>
<p class="FW_avis FW_sEditPro">Ajuts individualitzats convocats pel Ministeri d’Educació, Cultura i Esport per a alumnes amb necessitat específica de suport educatiu:</p>
<ul>
<li style="list-style-type: none;">
<ul>
<li>Ajuts directes per a alumnes (inclosos els que tenen TDAH) que necessiten suports determinats i atencions educatives específiques derivades d’una discapacitat o d’un trastorn greu de la conducta, durant tota l’escolarització o només durant un període.</li>
<li>Subsidis per a necessitats educatives especials derivades d’una discapacitat o un trastorn greu de la conducta per a famílies nombroses.</li>
<li>Ajuts per a programes específics complementaris a l’educació reglada per a alumnes amb necessitats específiques de suport educatiu associat a altes capacitats intel·lectuals.</li>
</ul>
</li>
</ul>
<div class="FW_tramitContent">
<h5 class="iDepBoldOVT">A qui va dirigit?</h5>
<div class="FW_sEditPro">
<p>A alumnes d’educació infantil, educació primària, educació secundària obligatòria, batxillerat, cicles formatius de grau mitjà o superior, ensenyaments artístics professionals, PQPI, formació professional bàsica o programes de formació per a la transició a la vida adulta, que presenten una necessitat específica de suport educatiu derivada de discapacitat o trastorn greu de la conducta o a causa de les seves elevades capacitats  intelectuals.</p>
</div>
<div class="FW_sQuadre_avis FW_EstilQuadre_avis">
<div class="FW_ico">
<div class="FW_avis FW_sEditPro">
<p>Termini per presentar la sol·licitud:<strong><br />
</strong>Més informació a la <a href="http://tramits.gencat.cat/ca/integraciodepartamentaltramit/tramits/PerTemes/detall/Ajuts-per-a-alumnes-amb-necessitat-especifica-de-suport-educatiu?category=7449fd1c-a82c-11e3-a972-000c29052e2c" target="_blank" rel="noopener">web gencat.cat</a></p>
</div>
</div>
</div>
</div>
</div>
</div>

<p>Beques de caràcter general per a ensenyaments postobligatoris (no universitaris) Beques convocades pel Ministeri d’Educació, Cultura i Esport  per a estudiants que cursen ensenyaments postobligatoris i superiors. Els tipus de beques que es poden sol·licitar són les següents: a) Quanties fixes – Quantia fixa lligada a la renda – Quantia fixa lligada a la residència de [&hellip;]</p>
