{"id":4674,"date":"2023-02-21T15:08:43","date_gmt":"2023-02-21T14:08:43","guid":{"rendered":"https:\/\/agora.xtec.cat\/iesgallecs\/?page_id=4674"},"modified":"2026-03-05T12:39:18","modified_gmt":"2026-03-05T11:39:18","slug":"8m-dia-de-la-dona","status":"publish","type":"page","link":"https:\/\/agora.xtec.cat\/iesgallecs\/celebracions-i-esdeveniments\/coeducacio-i-perspectiva-de-genere\/8m-dia-de-la-dona\/","title":{"rendered":"8M Dia de la Dona"},"content":{"rendered":"<p><span style=\"text-decoration: underline;\"><strong>8M curs 25-26<\/strong><\/span><\/p>\n<p>A l&#8217;Institut Gallecs volem reivindicar i posar en valor la feina quotidiana de teixir.<\/p>\n<p>Volem teixir valors, sentiments, pensaments, idees, necessitats, realitats&#8230; d\u2019IGUALTAT.\u00a0Volem aconseguir recuperar una activitat gaireb\u00e9 present a totes les cases. Volem reivindicar la hist\u00f2ria que han filat les dones per donar-los el protagonisme que\u00a0es mereixen.<br \/>\nTeixir \u00e9s art i molt m\u00e9s, \u00e9s una manera de lligar-nos com a comunitat.\u00a0Al GALLECS TEIXIM IGUALTAT, TEIXIM COMUNITAT!!<\/p>\n<p>Gr\u00e0cies a 2n. Integraci\u00f3 Social Mat\u00ed per la seva iniciativa i creativitat per fer-ne difusi\u00f3.<\/p>\n<div class=\"ast-oembed-container \" style=\"height: 100%;\"><iframe loading=\"lazy\" title=\"8M curs 25-26\" width=\"500\" height=\"281\" src=\"https:\/\/www.youtube.com\/embed\/_ACtBnEweFA?feature=oembed\" frameborder=\"0\" allow=\"accelerometer; autoplay; clipboard-write; encrypted-media; gyroscope; picture-in-picture; web-share\" referrerpolicy=\"strict-origin-when-cross-origin\" allowfullscreen><\/iframe><\/div>\n<p>&nbsp;<\/p>\n<p><span style=\"text-decoration: underline;\"><strong>8M Curs 24-25<\/strong><\/span><\/p>\n<p>El davantal, eina quotidiana de les dones hist\u00f2ricament, s&#8217;ha convertit a l&#8217;Institut Gallecs en un s\u00edmbol de resist\u00e8ncia donant veu i for\u00e7a a les demandes d&#8217;equiparaci\u00f3 femenina, en un discurs de fortalesa i llibertat.<\/p>\n<div class=\"ast-oembed-container \" style=\"height: 100%;\"><iframe loading=\"lazy\" title=\"Institut Gallecs 8M\" width=\"422\" height=\"750\" src=\"https:\/\/www.youtube.com\/embed\/dzhN0Ks18K8?feature=oembed\" frameborder=\"0\" allow=\"accelerometer; autoplay; clipboard-write; encrypted-media; gyroscope; picture-in-picture; web-share\" referrerpolicy=\"strict-origin-when-cross-origin\" allowfullscreen><\/iframe><\/div>\n<p><span style=\"font-weight: 400;\">Durant aquesta setmana, des de l\u2019Institut Gallecs i amb l\u2019objectiu d\u2019apropar el 8M Dia Internacional de les Dones realitzem un conjunt d\u2019actes i activitats que posa el centre del debat en els aven\u00e7os assolits per les dones i en garantir els drets humans de les dones i la igualtat de g\u00e8nere.\u00a0<\/span><\/p>\n<p><a href=\"https:\/\/agora.xtec.cat\/iesgallecs\/wp-content\/uploads\/usu1971\/2026\/01\/IMG-20250307-WA0018.jpg\"><img loading=\"lazy\" decoding=\"async\" class=\"aligncenter size-full wp-image-7064\" src=\"https:\/\/agora.xtec.cat\/iesgallecs\/wp-content\/uploads\/usu1971\/2026\/01\/IMG-20250307-WA0018.jpg\" alt=\"\" width=\"2048\" height=\"1536\" srcset=\"https:\/\/agora.xtec.cat\/iesgallecs\/wp-content\/uploads\/usu1971\/2026\/01\/IMG-20250307-WA0018.jpg 2048w, https:\/\/agora.xtec.cat\/iesgallecs\/wp-content\/uploads\/usu1971\/2026\/01\/IMG-20250307-WA0018-300x225.jpg 300w, https:\/\/agora.xtec.cat\/iesgallecs\/wp-content\/uploads\/usu1971\/2026\/01\/IMG-20250307-WA0018-1024x768.jpg 1024w, https:\/\/agora.xtec.cat\/iesgallecs\/wp-content\/uploads\/usu1971\/2026\/01\/IMG-20250307-WA0018-768x576.jpg 768w, https:\/\/agora.xtec.cat\/iesgallecs\/wp-content\/uploads\/usu1971\/2026\/01\/IMG-20250307-WA0018-1536x1152.jpg 1536w\" sizes=\"auto, (max-width: 2048px) 100vw, 2048px\" \/><\/a><\/p>\n<p><span style=\"font-weight: 400;\">Tallers, v\u00eddeos, cartells divulgatius, activitats des de tutories, b\u00fasties liles, \u2026.activitats vinculades amb altres entitats de la ciutat que des de les pr\u00f2pies tutories ens permeten millorar la cohesi\u00f3 de l\u2019alumnat i de tota la comunitat educativa.<\/span><\/p>\n<p><a href=\"https:\/\/agora.xtec.cat\/iesgallecs\/wp-content\/uploads\/usu1971\/2025\/01\/IMG_20230307_204317.jpg\"><img loading=\"lazy\" decoding=\"async\" class=\"aligncenter size-full wp-image-6236\" src=\"https:\/\/agora.xtec.cat\/iesgallecs\/wp-content\/uploads\/usu1971\/2025\/01\/IMG_20230307_204317.jpg\" alt=\"\" width=\"1000\" height=\"750\" srcset=\"https:\/\/agora.xtec.cat\/iesgallecs\/wp-content\/uploads\/usu1971\/2025\/01\/IMG_20230307_204317.jpg 1000w, https:\/\/agora.xtec.cat\/iesgallecs\/wp-content\/uploads\/usu1971\/2025\/01\/IMG_20230307_204317-300x225.jpg 300w, https:\/\/agora.xtec.cat\/iesgallecs\/wp-content\/uploads\/usu1971\/2025\/01\/IMG_20230307_204317-768x576.jpg 768w, https:\/\/agora.xtec.cat\/iesgallecs\/wp-content\/uploads\/usu1971\/2025\/01\/IMG_20230307_204317-200x150.jpg 200w\" sizes=\"auto, (max-width: 1000px) 100vw, 1000px\" \/><\/a> <a href=\"https:\/\/agora.xtec.cat\/iesgallecs\/wp-content\/uploads\/usu1971\/2025\/01\/IMG_20230307_204324.jpg\"><img loading=\"lazy\" decoding=\"async\" class=\"aligncenter size-full wp-image-6237\" src=\"https:\/\/agora.xtec.cat\/iesgallecs\/wp-content\/uploads\/usu1971\/2025\/01\/IMG_20230307_204324.jpg\" alt=\"\" width=\"1000\" height=\"750\" srcset=\"https:\/\/agora.xtec.cat\/iesgallecs\/wp-content\/uploads\/usu1971\/2025\/01\/IMG_20230307_204324.jpg 1000w, https:\/\/agora.xtec.cat\/iesgallecs\/wp-content\/uploads\/usu1971\/2025\/01\/IMG_20230307_204324-300x225.jpg 300w, https:\/\/agora.xtec.cat\/iesgallecs\/wp-content\/uploads\/usu1971\/2025\/01\/IMG_20230307_204324-768x576.jpg 768w, https:\/\/agora.xtec.cat\/iesgallecs\/wp-content\/uploads\/usu1971\/2025\/01\/IMG_20230307_204324-200x150.jpg 200w\" sizes=\"auto, (max-width: 1000px) 100vw, 1000px\" \/><\/a><\/p>\n<p><a href=\"https:\/\/agora.xtec.cat\/iesgallecs\/celebracions-i-esdeveniments\/8m-dia-de-la-dona\/attachment\/8m1\/\" rel=\"attachment wp-att-4726\"><img loading=\"lazy\" decoding=\"async\" class=\"wp-image-4726 alignnone\" src=\"https:\/\/agora.xtec.cat\/iesgallecs\/wp-content\/uploads\/usu1971\/2023\/02\/8m1-1024x768.jpg\" alt=\"\" width=\"437\" height=\"327\" srcset=\"https:\/\/agora.xtec.cat\/iesgallecs\/wp-content\/uploads\/usu1971\/2023\/02\/8m1-1024x768.jpg 1024w, https:\/\/agora.xtec.cat\/iesgallecs\/wp-content\/uploads\/usu1971\/2023\/02\/8m1-300x225.jpg 300w, https:\/\/agora.xtec.cat\/iesgallecs\/wp-content\/uploads\/usu1971\/2023\/02\/8m1-768x576.jpg 768w, https:\/\/agora.xtec.cat\/iesgallecs\/wp-content\/uploads\/usu1971\/2023\/02\/8m1-1536x1152.jpg 1536w, https:\/\/agora.xtec.cat\/iesgallecs\/wp-content\/uploads\/usu1971\/2023\/02\/8m1-200x150.jpg 200w, https:\/\/agora.xtec.cat\/iesgallecs\/wp-content\/uploads\/usu1971\/2023\/02\/8m1.jpg 1600w\" sizes=\"auto, (max-width: 437px) 100vw, 437px\" \/><\/a><a href=\"https:\/\/agora.xtec.cat\/iesgallecs\/celebracions-i-esdeveniments\/8m-dia-de-la-dona\/attachment\/8m2\/\" rel=\"attachment wp-att-4727\"><img loading=\"lazy\" decoding=\"async\" class=\"wp-image-4727 alignnone\" src=\"https:\/\/agora.xtec.cat\/iesgallecs\/wp-content\/uploads\/usu1971\/2023\/02\/8m2-1024x660.jpg\" alt=\"\" width=\"506\" height=\"326\" srcset=\"https:\/\/agora.xtec.cat\/iesgallecs\/wp-content\/uploads\/usu1971\/2023\/02\/8m2-1024x660.jpg 1024w, https:\/\/agora.xtec.cat\/iesgallecs\/wp-content\/uploads\/usu1971\/2023\/02\/8m2-300x193.jpg 300w, https:\/\/agora.xtec.cat\/iesgallecs\/wp-content\/uploads\/usu1971\/2023\/02\/8m2-768x495.jpg 768w, https:\/\/agora.xtec.cat\/iesgallecs\/wp-content\/uploads\/usu1971\/2023\/02\/8m2-1536x990.jpg 1536w, https:\/\/agora.xtec.cat\/iesgallecs\/wp-content\/uploads\/usu1971\/2023\/02\/8m2.jpg 1600w\" sizes=\"auto, (max-width: 506px) 100vw, 506px\" \/><\/a><\/p>\n<p><a href=\"https:\/\/agora.xtec.cat\/iesgallecs\/celebracions-i-esdeveniments\/8m-dia-de-la-dona\/attachment\/8m3\/\" rel=\"attachment wp-att-4728\"><img loading=\"lazy\" decoding=\"async\" class=\"aligncenter size-large wp-image-4728\" src=\"https:\/\/agora.xtec.cat\/iesgallecs\/wp-content\/uploads\/usu1971\/2023\/02\/8m3-769x1024.jpg\" alt=\"\" width=\"769\" height=\"1024\" srcset=\"https:\/\/agora.xtec.cat\/iesgallecs\/wp-content\/uploads\/usu1971\/2023\/02\/8m3-769x1024.jpg 769w, https:\/\/agora.xtec.cat\/iesgallecs\/wp-content\/uploads\/usu1971\/2023\/02\/8m3-225x300.jpg 225w, https:\/\/agora.xtec.cat\/iesgallecs\/wp-content\/uploads\/usu1971\/2023\/02\/8m3-768x1022.jpg 768w, https:\/\/agora.xtec.cat\/iesgallecs\/wp-content\/uploads\/usu1971\/2023\/02\/8m3-1154x1536.jpg 1154w, https:\/\/agora.xtec.cat\/iesgallecs\/wp-content\/uploads\/usu1971\/2023\/02\/8m3.jpg 1202w\" sizes=\"auto, (max-width: 769px) 100vw, 769px\" \/><\/a><\/p>\n","protected":false},"excerpt":{"rendered":"<p>8M curs 25-26 A l&#8217;Institut Gallecs volem reivindicar i posar en valor la feina quotidiana de teixir. Volem teixir valors, sentiments, pensaments, idees, necessitats, realitats&#8230; d\u2019IGUALTAT.\u00a0Volem aconseguir recuperar una activitat gaireb\u00e9 present a totes les cases. Volem reivindicar la hist\u00f2ria que han filat les dones per donar-los el protagonisme que\u00a0es mereixen. Teixir \u00e9s art i [&hellip;]<\/p>\n","protected":false},"author":36,"featured_media":0,"parent":2639,"menu_order":1,"comment_status":"closed","ping_status":"closed","template":"","meta":{"site-sidebar-layout":"default","site-content-layout":"","ast-site-content-layout":"default","site-content-style":"default","site-sidebar-style":"default","ast-global-header-display":"","ast-banner-title-visibility":"","ast-main-header-display":"","ast-hfb-above-header-display":"","ast-hfb-below-header-display":"","ast-hfb-mobile-header-display":"","site-post-title":"","ast-breadcrumbs-content":"","ast-featured-img":"","footer-sml-layout":"","theme-transparent-header-meta":"default","adv-header-id-meta":"","stick-header-meta":"","header-above-stick-meta":"","header-main-stick-meta":"","header-below-stick-meta":"","astra-migrate-meta-layouts":"set","ast-page-background-enabled":"default","ast-page-background-meta":{"desktop":{"background-color":"var(--ast-global-color-5)","background-image":"","background-repeat":"repeat","background-position":"center center","background-size":"auto","background-attachment":"scroll","background-type":"","background-media":"","overlay-type":"","overlay-color":"","overlay-opacity":"","overlay-gradient":""},"tablet":{"background-color":"","background-image":"","background-repeat":"repeat","background-position":"center center","background-size":"auto","background-attachment":"scroll","background-type":"","background-media":"","overlay-type":"","overlay-color":"","overlay-opacity":"","overlay-gradient":""},"mobile":{"background-color":"","background-image":"","background-repeat":"repeat","background-position":"center center","background-size":"auto","background-attachment":"scroll","background-type":"","background-media":"","overlay-type":"","overlay-color":"","overlay-opacity":"","overlay-gradient":""}},"ast-content-background-meta":{"desktop":{"background-color":"var(--ast-global-color-4)","background-image":"","background-repeat":"repeat","background-position":"center center","background-size":"auto","background-attachment":"scroll","background-type":"","background-media":"","overlay-type":"","overlay-color":"","overlay-opacity":"","overlay-gradient":""},"tablet":{"background-color":"var(--ast-global-color-4)","background-image":"","background-repeat":"repeat","background-position":"center center","background-size":"auto","background-attachment":"scroll","background-type":"","background-media":"","overlay-type":"","overlay-color":"","overlay-opacity":"","overlay-gradient":""},"mobile":{"background-color":"var(--ast-global-color-4)","background-image":"","background-repeat":"repeat","background-position":"center center","background-size":"auto","background-attachment":"scroll","background-type":"","background-media":"","overlay-type":"","overlay-color":"","overlay-opacity":"","overlay-gradient":""}},"footnotes":""},"class_list":["post-4674","page","type-page","status-publish","hentry"],"post_mailing_queue_ids":[],"_links":{"self":[{"href":"https:\/\/agora.xtec.cat\/iesgallecs\/wp-json\/wp\/v2\/pages\/4674","targetHints":{"allow":["GET"]}}],"collection":[{"href":"https:\/\/agora.xtec.cat\/iesgallecs\/wp-json\/wp\/v2\/pages"}],"about":[{"href":"https:\/\/agora.xtec.cat\/iesgallecs\/wp-json\/wp\/v2\/types\/page"}],"author":[{"embeddable":true,"href":"https:\/\/agora.xtec.cat\/iesgallecs\/wp-json\/wp\/v2\/users\/36"}],"replies":[{"embeddable":true,"href":"https:\/\/agora.xtec.cat\/iesgallecs\/wp-json\/wp\/v2\/comments?post=4674"}],"version-history":[{"count":7,"href":"https:\/\/agora.xtec.cat\/iesgallecs\/wp-json\/wp\/v2\/pages\/4674\/revisions"}],"predecessor-version":[{"id":7340,"href":"https:\/\/agora.xtec.cat\/iesgallecs\/wp-json\/wp\/v2\/pages\/4674\/revisions\/7340"}],"up":[{"embeddable":true,"href":"https:\/\/agora.xtec.cat\/iesgallecs\/wp-json\/wp\/v2\/pages\/2639"}],"wp:attachment":[{"href":"https:\/\/agora.xtec.cat\/iesgallecs\/wp-json\/wp\/v2\/media?parent=4674"}],"curies":[{"name":"wp","href":"https:\/\/api.w.org\/{rel}","templated":true}]}}

<p><span style="text-decoration: underline;"><strong>8M curs 25-26</strong></span></p>
<p>A l&#8217;Institut Gallecs volem reivindicar i posar en valor la feina quotidiana de teixir.</p>
<p>Volem teixir valors, sentiments, pensaments, idees, necessitats, realitats&#8230; d’IGUALTAT. Volem aconseguir recuperar una activitat gairebé present a totes les cases. Volem reivindicar la història que han filat les dones per donar-los el protagonisme que es mereixen.<br />
Teixir és art i molt més, és una manera de lligar-nos com a comunitat. Al GALLECS TEIXIM IGUALTAT, TEIXIM COMUNITAT!!</p>
<p>Gràcies a 2n. Integració Social Matí per la seva iniciativa i creativitat per fer-ne difusió.</p>
<div class="ast-oembed-container " style="height: 100%;"><iframe loading="lazy" title="8M curs 25-26" width="500" height="281" src="https://www.youtube.com/embed/_ACtBnEweFA?feature=oembed" frameborder="0" allow="accelerometer; autoplay; clipboard-write; encrypted-media; gyroscope; picture-in-picture; web-share" referrerpolicy="strict-origin-when-cross-origin" allowfullscreen></iframe></div>
<p>&nbsp;</p>
<p><span style="text-decoration: underline;"><strong>8M Curs 24-25</strong></span></p>
<p>El davantal, eina quotidiana de les dones històricament, s&#8217;ha convertit a l&#8217;Institut Gallecs en un símbol de resistència donant veu i força a les demandes d&#8217;equiparació femenina, en un discurs de fortalesa i llibertat.</p>
<div class="ast-oembed-container " style="height: 100%;"><iframe loading="lazy" title="Institut Gallecs 8M" width="422" height="750" src="https://www.youtube.com/embed/dzhN0Ks18K8?feature=oembed" frameborder="0" allow="accelerometer; autoplay; clipboard-write; encrypted-media; gyroscope; picture-in-picture; web-share" referrerpolicy="strict-origin-when-cross-origin" allowfullscreen></iframe></div>
<p><span style="font-weight: 400;">Durant aquesta setmana, des de l’Institut Gallecs i amb l’objectiu d’apropar el 8M Dia Internacional de les Dones realitzem un conjunt d’actes i activitats que posa el centre del debat en els avenços assolits per les dones i en garantir els drets humans de les dones i la igualtat de gènere. </span></p>
<p><a href="https://agora.xtec.cat/iesgallecs/wp-content/uploads/usu1971/2026/01/IMG-20250307-WA0018.jpg"><img loading="lazy" decoding="async" class="aligncenter size-full wp-image-7064" src="https://agora.xtec.cat/iesgallecs/wp-content/uploads/usu1971/2026/01/IMG-20250307-WA0018.jpg" alt="" width="2048" height="1536" srcset="https://agora.xtec.cat/iesgallecs/wp-content/uploads/usu1971/2026/01/IMG-20250307-WA0018.jpg 2048w, https://agora.xtec.cat/iesgallecs/wp-content/uploads/usu1971/2026/01/IMG-20250307-WA0018-300x225.jpg 300w, https://agora.xtec.cat/iesgallecs/wp-content/uploads/usu1971/2026/01/IMG-20250307-WA0018-1024x768.jpg 1024w, https://agora.xtec.cat/iesgallecs/wp-content/uploads/usu1971/2026/01/IMG-20250307-WA0018-768x576.jpg 768w, https://agora.xtec.cat/iesgallecs/wp-content/uploads/usu1971/2026/01/IMG-20250307-WA0018-1536x1152.jpg 1536w" sizes="auto, (max-width: 2048px) 100vw, 2048px" /></a></p>
<p><span style="font-weight: 400;">Tallers, vídeos, cartells divulgatius, activitats des de tutories, bústies liles, ….activitats vinculades amb altres entitats de la ciutat que des de les pròpies tutories ens permeten millorar la cohesió de l’alumnat i de tota la comunitat educativa.</span></p>
<p><a href="https://agora.xtec.cat/iesgallecs/wp-content/uploads/usu1971/2025/01/IMG_20230307_204317.jpg"><img loading="lazy" decoding="async" class="aligncenter size-full wp-image-6236" src="https://agora.xtec.cat/iesgallecs/wp-content/uploads/usu1971/2025/01/IMG_20230307_204317.jpg" alt="" width="1000" height="750" srcset="https://agora.xtec.cat/iesgallecs/wp-content/uploads/usu1971/2025/01/IMG_20230307_204317.jpg 1000w, https://agora.xtec.cat/iesgallecs/wp-content/uploads/usu1971/2025/01/IMG_20230307_204317-300x225.jpg 300w, https://agora.xtec.cat/iesgallecs/wp-content/uploads/usu1971/2025/01/IMG_20230307_204317-768x576.jpg 768w, https://agora.xtec.cat/iesgallecs/wp-content/uploads/usu1971/2025/01/IMG_20230307_204317-200x150.jpg 200w" sizes="auto, (max-width: 1000px) 100vw, 1000px" /></a> <a href="https://agora.xtec.cat/iesgallecs/wp-content/uploads/usu1971/2025/01/IMG_20230307_204324.jpg"><img loading="lazy" decoding="async" class="aligncenter size-full wp-image-6237" src="https://agora.xtec.cat/iesgallecs/wp-content/uploads/usu1971/2025/01/IMG_20230307_204324.jpg" alt="" width="1000" height="750" srcset="https://agora.xtec.cat/iesgallecs/wp-content/uploads/usu1971/2025/01/IMG_20230307_204324.jpg 1000w, https://agora.xtec.cat/iesgallecs/wp-content/uploads/usu1971/2025/01/IMG_20230307_204324-300x225.jpg 300w, https://agora.xtec.cat/iesgallecs/wp-content/uploads/usu1971/2025/01/IMG_20230307_204324-768x576.jpg 768w, https://agora.xtec.cat/iesgallecs/wp-content/uploads/usu1971/2025/01/IMG_20230307_204324-200x150.jpg 200w" sizes="auto, (max-width: 1000px) 100vw, 1000px" /></a></p>
<p><a href="https://agora.xtec.cat/iesgallecs/celebracions-i-esdeveniments/8m-dia-de-la-dona/attachment/8m1/" rel="attachment wp-att-4726"><img loading="lazy" decoding="async" class="wp-image-4726 alignnone" src="https://agora.xtec.cat/iesgallecs/wp-content/uploads/usu1971/2023/02/8m1-1024x768.jpg" alt="" width="437" height="327" srcset="https://agora.xtec.cat/iesgallecs/wp-content/uploads/usu1971/2023/02/8m1-1024x768.jpg 1024w, https://agora.xtec.cat/iesgallecs/wp-content/uploads/usu1971/2023/02/8m1-300x225.jpg 300w, https://agora.xtec.cat/iesgallecs/wp-content/uploads/usu1971/2023/02/8m1-768x576.jpg 768w, https://agora.xtec.cat/iesgallecs/wp-content/uploads/usu1971/2023/02/8m1-1536x1152.jpg 1536w, https://agora.xtec.cat/iesgallecs/wp-content/uploads/usu1971/2023/02/8m1-200x150.jpg 200w, https://agora.xtec.cat/iesgallecs/wp-content/uploads/usu1971/2023/02/8m1.jpg 1600w" sizes="auto, (max-width: 437px) 100vw, 437px" /></a><a href="https://agora.xtec.cat/iesgallecs/celebracions-i-esdeveniments/8m-dia-de-la-dona/attachment/8m2/" rel="attachment wp-att-4727"><img loading="lazy" decoding="async" class="wp-image-4727 alignnone" src="https://agora.xtec.cat/iesgallecs/wp-content/uploads/usu1971/2023/02/8m2-1024x660.jpg" alt="" width="506" height="326" srcset="https://agora.xtec.cat/iesgallecs/wp-content/uploads/usu1971/2023/02/8m2-1024x660.jpg 1024w, https://agora.xtec.cat/iesgallecs/wp-content/uploads/usu1971/2023/02/8m2-300x193.jpg 300w, https://agora.xtec.cat/iesgallecs/wp-content/uploads/usu1971/2023/02/8m2-768x495.jpg 768w, https://agora.xtec.cat/iesgallecs/wp-content/uploads/usu1971/2023/02/8m2-1536x990.jpg 1536w, https://agora.xtec.cat/iesgallecs/wp-content/uploads/usu1971/2023/02/8m2.jpg 1600w" sizes="auto, (max-width: 506px) 100vw, 506px" /></a></p>
<p><a href="https://agora.xtec.cat/iesgallecs/celebracions-i-esdeveniments/8m-dia-de-la-dona/attachment/8m3/" rel="attachment wp-att-4728"><img loading="lazy" decoding="async" class="aligncenter size-large wp-image-4728" src="https://agora.xtec.cat/iesgallecs/wp-content/uploads/usu1971/2023/02/8m3-769x1024.jpg" alt="" width="769" height="1024" srcset="https://agora.xtec.cat/iesgallecs/wp-content/uploads/usu1971/2023/02/8m3-769x1024.jpg 769w, https://agora.xtec.cat/iesgallecs/wp-content/uploads/usu1971/2023/02/8m3-225x300.jpg 225w, https://agora.xtec.cat/iesgallecs/wp-content/uploads/usu1971/2023/02/8m3-768x1022.jpg 768w, https://agora.xtec.cat/iesgallecs/wp-content/uploads/usu1971/2023/02/8m3-1154x1536.jpg 1154w, https://agora.xtec.cat/iesgallecs/wp-content/uploads/usu1971/2023/02/8m3.jpg 1202w" sizes="auto, (max-width: 769px) 100vw, 769px" /></a></p>

<p>8M curs 25-26 A l&#8217;Institut Gallecs volem reivindicar i posar en valor la feina quotidiana de teixir. Volem teixir valors, sentiments, pensaments, idees, necessitats, realitats&#8230; d’IGUALTAT. Volem aconseguir recuperar una activitat gairebé present a totes les cases. Volem reivindicar la història que han filat les dones per donar-los el protagonisme que es mereixen. Teixir és art i [&hellip;]</p>
