{"id":46,"date":"2014-09-17T16:53:45","date_gmt":"2014-09-17T16:53:45","guid":{"rendered":"http:\/\/agora.xtec.cat\/iesgallecs\/?page_id=46"},"modified":"2026-01-20T17:41:14","modified_gmt":"2026-01-20T16:41:14","slug":"organigrama","status":"publish","type":"page","link":"https:\/\/agora.xtec.cat\/iesgallecs\/linstitut\/organigrama\/","title":{"rendered":"Organigrama"},"content":{"rendered":"<table style=\"width: 99.7441%; border-collapse: collapse; background-color: #ffffff; height: 224px;\" border=\"1\">\n<tbody>\n<tr style=\"background-color: #517e00;\">\n<td style=\"width: 123.338%; text-align: center; height: 32px;\" colspan=\"2\"><span style=\"color: #ffffff;\"><strong>EQUIP DIRECTIU<\/strong><\/span><\/td>\n<\/tr>\n<tr style=\"height: 32px;\">\n<td style=\"width: 33.3333%; height: 32px;\"><strong>Directora<\/strong><\/td>\n<td style=\"width: 90.0044%; height: 32px;\">Sra. Flora V\u00e1zquez Pamp\u00edn<\/td>\n<\/tr>\n<tr style=\"height: 32px;\">\n<td style=\"width: 33.3333%; height: 32px;\"><strong>Coordinador Pedag\u00f2gic<\/strong><\/td>\n<td style=\"width: 90.0044%; height: 32px;\">Sr. Jordi Ballester Ballester<\/td>\n<\/tr>\n<tr style=\"height: 32px;\">\n<td style=\"width: 33.3333%; height: 32px;\"><strong>Cap d&#8217;Estudis<\/strong><\/td>\n<td style=\"width: 90.0044%; height: 32px;\">Sra. \u00c0ngels Guillaumes R\u00e0fols<\/td>\n<\/tr>\n<tr style=\"height: 32px;\">\n<td style=\"width: 33.3333%; height: 32px;\"><strong>Cap d&#8217;Estudis de Cicles Formatius<\/strong><\/td>\n<td style=\"width: 90.0044%; height: 32px;\">Sra. Lara Navarro Ram\u00edrez<\/td>\n<\/tr>\n<tr style=\"height: 32px;\">\n<td style=\"width: 33.3333%; height: 32px;\"><strong>Cap d&#8217;Estudis Adjunta<\/strong><\/td>\n<td style=\"width: 90.0044%; height: 32px;\">Sra. Raquel P\u00e9rez Noguera<\/td>\n<\/tr>\n<tr style=\"height: 32px;\">\n<td style=\"width: 33.3333%; height: 32px;\"><strong>Secretaria<\/strong><\/td>\n<td style=\"width: 90.0044%; height: 32px;\">Sra. Isabel P\u00e9rez P\u00e9rez<\/td>\n<\/tr>\n<\/tbody>\n<\/table>\n<table style=\"width: 100%; border-collapse: collapse; background-color: #ffffff; height: 240px;\" border=\"1\">\n<tbody>\n<tr style=\"background-color: #517e00;\">\n<td style=\"width: 33.3333%; text-align: center; height: 32px;\" colspan=\"3\"><span style=\"color: #ffffff;\"><span style=\"caret-color: #ffffff;\"><b>COORDINACIONS D&#8217;ETAPA<\/b><\/span><\/span><\/td>\n<\/tr>\n<tr style=\"height: 32px;\">\n<td style=\"width: 33.3333%; height: 32px;\"><b>Coordinadora d&#8217;ESO<\/b><\/td>\n<td style=\"width: 33.3333%; height: 32px;\">Sra. Eva Mar\u00eda Lahuerta Vallez<\/td>\n<td style=\"width: 33.3333%; height: 32px;\">Departament de Tecnologia<\/td>\n<\/tr>\n<tr style=\"height: 32px;\">\n<td style=\"width: 33.3333%; height: 32px;\"><strong>Coordinador de batxillerat<\/strong><\/td>\n<td style=\"width: 33.3333%; height: 32px;\">Sra. Marta Santiuste Ferr\u00e9<\/td>\n<td style=\"width: 33.3333%; height: 32px;\">Departament de Matem\u00e0tiques<\/td>\n<\/tr>\n<tr style=\"height: 32px;\">\n<td style=\"width: 33.3333%; height: 32px;\"><strong>Coordinaci\u00f3 de cicles formatius mat\u00ed\/tarda<\/strong><\/td>\n<td style=\"width: 33.3333%; height: 32px;\">Sra. Eva G\u00f2mez D\u00edaz i Sr Roger Camarasa Mas<\/td>\n<td style=\"width: 33.3333%; height: 32px;\">Departament de Serveis a la Comunitat<\/td>\n<\/tr>\n<tr style=\"height: 32px;\">\n<td style=\"width: 33.3333%; height: 32px;\"><strong>Coordinadora d&#8217;FP<\/strong><\/td>\n<td style=\"width: 33.3333%; height: 32px;\">Sra. Nieves Anguas Ortiz<\/td>\n<td style=\"width: 33.3333%; height: 32px;\">Departament d&#8217;Administraci\u00f3 i Gesti\u00f3<\/td>\n<\/tr>\n<tr style=\"height: 32px;\">\n<td style=\"width: 33.3333%; height: 32px;\"><strong>Coordinadora d&#8217;FP DUAL<\/strong><\/td>\n<td style=\"width: 33.3333%; height: 32px;\">Sra. Ana Rojo P\u00e9rez<\/td>\n<td style=\"width: 33.3333%; height: 32px;\">Departament de Serveis a la Comunitat<\/td>\n<\/tr>\n<tr style=\"height: 48px;\">\n<td style=\"width: 33.3333%; height: 48px;\"><strong>Coordinaci\u00f3 de coeducaci\u00f3, conviv\u00e8ncia i benestar de l&#8217;alumnat<\/strong><\/td>\n<td style=\"width: 33.3333%; height: 48px;\">Sra. Lara Navarro Ram\u00edrez<\/td>\n<td style=\"width: 33.3333%; height: 48px;\">Departament de Serveis a la Comunitat<\/td>\n<\/tr>\n<\/tbody>\n<\/table>\n<table style=\"width: 100%; border-collapse: collapse; background-color: #ffffff; height: 620px;\" border=\"1\">\n<tbody>\n<tr style=\"background-color: #517e00;\">\n<td style=\"width: 104.823%; text-align: center; height: 32px;\" colspan=\"3\"><span style=\"color: #ffffff;\"><span style=\"caret-color: #ffffff;\"><b>DEPARTAMENTS DID\u00c0CTICS- CAPS DE DEPARTAMENT<\/b><\/span><\/span><\/td>\n<\/tr>\n<tr style=\"height: 32px;\">\n<td style=\"width: 55.9001%; height: 32px;\"><b>Departament de Cicles Formatius d&#8217;Administraci\u00f3 i Gesti\u00f3<\/b><\/td>\n<td style=\"width: 48.062%; height: 32px;\">Sr. Marc Pons Laplana<\/td>\n<td style=\"width: 0.861326%; height: 32px;\"><\/td>\n<\/tr>\n<tr style=\"height: 32px;\">\n<td style=\"width: 55.9001%; height: 32px;\"><strong>Departament de Cicles Formatius de Sanitat<\/strong><\/td>\n<td style=\"width: 48.062%; height: 32px;\">Sra. Laura Hern\u00e1ndez Palet<\/td>\n<td style=\"width: 0.861326%; height: 32px;\"><\/td>\n<\/tr>\n<tr style=\"height: 32px;\">\n<td style=\"width: 55.9001%; height: 32px;\"><strong>Departament de Cicles Formatius de Serveis Socioculturals i a la Comunitat<\/strong><\/td>\n<td style=\"width: 48.062%; height: 32px;\">Sra. N\u00faria Llistosella Mauri<\/td>\n<td style=\"width: 0.861326%; height: 32px;\"><\/td>\n<\/tr>\n<tr style=\"height: 52px;\">\n<td style=\"width: 55.9001%; height: 52px;\"><strong>Departament de FOL i Orientaci\u00f3 Educativa<\/strong><\/td>\n<td style=\"width: 48.062%; height: 52px;\">Sra. S\u00f2nia Puig Canet<\/td>\n<td style=\"width: 0.861326%; height: 32px;\"><\/td>\n<\/tr>\n<tr style=\"height: 32px;\">\n<td style=\"width: 55.9001%; height: 32px;\"><strong>Departament de Llengua Catalana<\/strong><\/td>\n<td style=\"width: 48.062%; height: 32px;\">Sra. Elisenda Mancebo S\u00e1nchez<\/td>\n<td style=\"width: 0.861326%; height: 32px;\"><\/td>\n<\/tr>\n<tr style=\"height: 48px;\">\n<td style=\"width: 55.9001%; height: 48px;\"><strong>Departament de Llengua Castellana<\/strong><\/td>\n<td style=\"width: 48.062%; height: 48px;\">Sr. Jose Maria Reverte Serrano<\/td>\n<td style=\"width: 0.861326%; height: 48px;\"><\/td>\n<\/tr>\n<tr style=\"height: 52px;\">\n<td style=\"width: 55.9001%; height: 52px;\"><strong>Departament de Lleng\u00fces Estrangeres\u00a0<\/strong><\/td>\n<td style=\"width: 48.062%; height: 52px;\">Sr. Marc Ruano Oll\u00e9<\/td>\n<td style=\"width: 0.861326%; height: 52px;\"><\/td>\n<\/tr>\n<tr style=\"height: 52px;\">\n<td style=\"width: 55.9001%; height: 52px;\"><strong>Departament de Matem\u00e0tiques\u00a0<\/strong><\/td>\n<td style=\"width: 48.062%; height: 52px;\">Sr. \u00c1ngel Mill\u00e1n Camacho<\/td>\n<td style=\"width: 0.861326%; height: 52px;\"><\/td>\n<\/tr>\n<tr style=\"height: 52px;\">\n<td style=\"width: 55.9001%; height: 52px;\"><strong>Departament de Ci\u00e8ncies Experimentals\u00a0<\/strong><\/td>\n<td style=\"width: 48.062%; height: 52px;\">Sr. Josep Mart\u00ednez Vilella<\/td>\n<td style=\"width: 0.861326%; height: 52px;\"><\/td>\n<\/tr>\n<tr style=\"height: 68px;\">\n<td style=\"width: 55.9001%; height: 68px;\"><strong>Departament de Ci\u00e8ncies Socials, Visual i Pl\u00e0stica i M\u00fasica<\/strong><\/td>\n<td style=\"width: 48.062%; height: 68px;\">Sra. Sole Toribio Rodr\u00edguez<\/td>\n<td style=\"width: 0.861326%; height: 68px;\"><\/td>\n<\/tr>\n<tr style=\"height: 52px;\">\n<td style=\"width: 55.9001%; height: 52px;\"><strong>Departament de Tecnologia i Educaci\u00f3 f\u00edsica<\/strong><\/td>\n<td style=\"width: 48.062%; height: 52px;\">Sr. Xavier Damunt Masip<\/td>\n<td style=\"width: 0.861326%; height: 52px;\"><\/td>\n<\/tr>\n<tr style=\"height: 52px;\">\n<td style=\"width: 55.9001%; height: 52px;\"><\/td>\n<td style=\"width: 48.062%; height: 52px;\"><\/td>\n<td style=\"width: 0.861326%; height: 52px;\"><\/td>\n<\/tr>\n<tr style=\"height: 52px;\">\n<td style=\"width: 55.9001%; height: 52px;\"><\/td>\n<td style=\"width: 48.062%; height: 52px;\"><\/td>\n<td style=\"width: 0.861326%; height: 52px;\"><\/td>\n<\/tr>\n<\/tbody>\n<\/table>\n<p>&nbsp;<\/p>\n","protected":false},"excerpt":{"rendered":"<p>EQUIP DIRECTIU Directora Sra. Flora V\u00e1zquez Pamp\u00edn Coordinador Pedag\u00f2gic Sr. Jordi Ballester Ballester Cap d&#8217;Estudis Sra. \u00c0ngels Guillaumes R\u00e0fols Cap d&#8217;Estudis de Cicles Formatius Sra. Lara Navarro Ram\u00edrez Cap d&#8217;Estudis Adjunta Sra. Raquel P\u00e9rez Noguera Secretaria Sra. Isabel P\u00e9rez P\u00e9rez COORDINACIONS D&#8217;ETAPA Coordinadora d&#8217;ESO Sra. Eva Mar\u00eda Lahuerta Vallez Departament de Tecnologia Coordinador de batxillerat [&hellip;]<\/p>\n","protected":false},"author":1,"featured_media":0,"parent":19,"menu_order":10,"comment_status":"closed","ping_status":"closed","template":"","meta":{"site-sidebar-layout":"default","site-content-layout":"","ast-site-content-layout":"default","site-content-style":"default","site-sidebar-style":"default","ast-global-header-display":"","ast-banner-title-visibility":"","ast-main-header-display":"","ast-hfb-above-header-display":"","ast-hfb-below-header-display":"","ast-hfb-mobile-header-display":"","site-post-title":"","ast-breadcrumbs-content":"","ast-featured-img":"","footer-sml-layout":"","theme-transparent-header-meta":"default","adv-header-id-meta":"","stick-header-meta":"","header-above-stick-meta":"","header-main-stick-meta":"","header-below-stick-meta":"","astra-migrate-meta-layouts":"set","ast-page-background-enabled":"default","ast-page-background-meta":{"desktop":{"background-color":"var(--ast-global-color-5)","background-image":"","background-repeat":"repeat","background-position":"center center","background-size":"auto","background-attachment":"scroll","background-type":"","background-media":"","overlay-type":"","overlay-color":"","overlay-opacity":"","overlay-gradient":""},"tablet":{"background-color":"","background-image":"","background-repeat":"repeat","background-position":"center center","background-size":"auto","background-attachment":"scroll","background-type":"","background-media":"","overlay-type":"","overlay-color":"","overlay-opacity":"","overlay-gradient":""},"mobile":{"background-color":"","background-image":"","background-repeat":"repeat","background-position":"center center","background-size":"auto","background-attachment":"scroll","background-type":"","background-media":"","overlay-type":"","overlay-color":"","overlay-opacity":"","overlay-gradient":""}},"ast-content-background-meta":{"desktop":{"background-color":"var(--ast-global-color-4)","background-image":"","background-repeat":"repeat","background-position":"center center","background-size":"auto","background-attachment":"scroll","background-type":"","background-media":"","overlay-type":"","overlay-color":"","overlay-opacity":"","overlay-gradient":""},"tablet":{"background-color":"var(--ast-global-color-4)","background-image":"","background-repeat":"repeat","background-position":"center center","background-size":"auto","background-attachment":"scroll","background-type":"","background-media":"","overlay-type":"","overlay-color":"","overlay-opacity":"","overlay-gradient":""},"mobile":{"background-color":"var(--ast-global-color-4)","background-image":"","background-repeat":"repeat","background-position":"center center","background-size":"auto","background-attachment":"scroll","background-type":"","background-media":"","overlay-type":"","overlay-color":"","overlay-opacity":"","overlay-gradient":""}},"footnotes":""},"class_list":["post-46","page","type-page","status-publish","hentry"],"post_mailing_queue_ids":[],"_links":{"self":[{"href":"https:\/\/agora.xtec.cat\/iesgallecs\/wp-json\/wp\/v2\/pages\/46","targetHints":{"allow":["GET"]}}],"collection":[{"href":"https:\/\/agora.xtec.cat\/iesgallecs\/wp-json\/wp\/v2\/pages"}],"about":[{"href":"https:\/\/agora.xtec.cat\/iesgallecs\/wp-json\/wp\/v2\/types\/page"}],"author":[{"embeddable":true,"href":"https:\/\/agora.xtec.cat\/iesgallecs\/wp-json\/wp\/v2\/users\/1"}],"replies":[{"embeddable":true,"href":"https:\/\/agora.xtec.cat\/iesgallecs\/wp-json\/wp\/v2\/comments?post=46"}],"version-history":[{"count":7,"href":"https:\/\/agora.xtec.cat\/iesgallecs\/wp-json\/wp\/v2\/pages\/46\/revisions"}],"predecessor-version":[{"id":7045,"href":"https:\/\/agora.xtec.cat\/iesgallecs\/wp-json\/wp\/v2\/pages\/46\/revisions\/7045"}],"up":[{"embeddable":true,"href":"https:\/\/agora.xtec.cat\/iesgallecs\/wp-json\/wp\/v2\/pages\/19"}],"wp:attachment":[{"href":"https:\/\/agora.xtec.cat\/iesgallecs\/wp-json\/wp\/v2\/media?parent=46"}],"curies":[{"name":"wp","href":"https:\/\/api.w.org\/{rel}","templated":true}]}}

<table style="width: 99.7441%; border-collapse: collapse; background-color: #ffffff; height: 224px;" border="1">
<tbody>
<tr style="background-color: #517e00;">
<td style="width: 123.338%; text-align: center; height: 32px;" colspan="2"><span style="color: #ffffff;"><strong>EQUIP DIRECTIU</strong></span></td>
</tr>
<tr style="height: 32px;">
<td style="width: 33.3333%; height: 32px;"><strong>Directora</strong></td>
<td style="width: 90.0044%; height: 32px;">Sra. Flora Vázquez Pampín</td>
</tr>
<tr style="height: 32px;">
<td style="width: 33.3333%; height: 32px;"><strong>Coordinador Pedagògic</strong></td>
<td style="width: 90.0044%; height: 32px;">Sr. Jordi Ballester Ballester</td>
</tr>
<tr style="height: 32px;">
<td style="width: 33.3333%; height: 32px;"><strong>Cap d&#8217;Estudis</strong></td>
<td style="width: 90.0044%; height: 32px;">Sra. Àngels Guillaumes Ràfols</td>
</tr>
<tr style="height: 32px;">
<td style="width: 33.3333%; height: 32px;"><strong>Cap d&#8217;Estudis de Cicles Formatius</strong></td>
<td style="width: 90.0044%; height: 32px;">Sra. Lara Navarro Ramírez</td>
</tr>
<tr style="height: 32px;">
<td style="width: 33.3333%; height: 32px;"><strong>Cap d&#8217;Estudis Adjunta</strong></td>
<td style="width: 90.0044%; height: 32px;">Sra. Raquel Pérez Noguera</td>
</tr>
<tr style="height: 32px;">
<td style="width: 33.3333%; height: 32px;"><strong>Secretaria</strong></td>
<td style="width: 90.0044%; height: 32px;">Sra. Isabel Pérez Pérez</td>
</tr>
</tbody>
</table>
<table style="width: 100%; border-collapse: collapse; background-color: #ffffff; height: 240px;" border="1">
<tbody>
<tr style="background-color: #517e00;">
<td style="width: 33.3333%; text-align: center; height: 32px;" colspan="3"><span style="color: #ffffff;"><span style="caret-color: #ffffff;"><b>COORDINACIONS D&#8217;ETAPA</b></span></span></td>
</tr>
<tr style="height: 32px;">
<td style="width: 33.3333%; height: 32px;"><b>Coordinadora d&#8217;ESO</b></td>
<td style="width: 33.3333%; height: 32px;">Sra. Eva María Lahuerta Vallez</td>
<td style="width: 33.3333%; height: 32px;">Departament de Tecnologia</td>
</tr>
<tr style="height: 32px;">
<td style="width: 33.3333%; height: 32px;"><strong>Coordinador de batxillerat</strong></td>
<td style="width: 33.3333%; height: 32px;">Sra. Marta Santiuste Ferré</td>
<td style="width: 33.3333%; height: 32px;">Departament de Matemàtiques</td>
</tr>
<tr style="height: 32px;">
<td style="width: 33.3333%; height: 32px;"><strong>Coordinació de cicles formatius matí/tarda</strong></td>
<td style="width: 33.3333%; height: 32px;">Sra. Eva Gòmez Díaz i Sr Roger Camarasa Mas</td>
<td style="width: 33.3333%; height: 32px;">Departament de Serveis a la Comunitat</td>
</tr>
<tr style="height: 32px;">
<td style="width: 33.3333%; height: 32px;"><strong>Coordinadora d&#8217;FP</strong></td>
<td style="width: 33.3333%; height: 32px;">Sra. Nieves Anguas Ortiz</td>
<td style="width: 33.3333%; height: 32px;">Departament d&#8217;Administració i Gestió</td>
</tr>
<tr style="height: 32px;">
<td style="width: 33.3333%; height: 32px;"><strong>Coordinadora d&#8217;FP DUAL</strong></td>
<td style="width: 33.3333%; height: 32px;">Sra. Ana Rojo Pérez</td>
<td style="width: 33.3333%; height: 32px;">Departament de Serveis a la Comunitat</td>
</tr>
<tr style="height: 48px;">
<td style="width: 33.3333%; height: 48px;"><strong>Coordinació de coeducació, convivència i benestar de l&#8217;alumnat</strong></td>
<td style="width: 33.3333%; height: 48px;">Sra. Lara Navarro Ramírez</td>
<td style="width: 33.3333%; height: 48px;">Departament de Serveis a la Comunitat</td>
</tr>
</tbody>
</table>
<table style="width: 100%; border-collapse: collapse; background-color: #ffffff; height: 620px;" border="1">
<tbody>
<tr style="background-color: #517e00;">
<td style="width: 104.823%; text-align: center; height: 32px;" colspan="3"><span style="color: #ffffff;"><span style="caret-color: #ffffff;"><b>DEPARTAMENTS DIDÀCTICS- CAPS DE DEPARTAMENT</b></span></span></td>
</tr>
<tr style="height: 32px;">
<td style="width: 55.9001%; height: 32px;"><b>Departament de Cicles Formatius d&#8217;Administració i Gestió</b></td>
<td style="width: 48.062%; height: 32px;">Sr. Marc Pons Laplana</td>
<td style="width: 0.861326%; height: 32px;"></td>
</tr>
<tr style="height: 32px;">
<td style="width: 55.9001%; height: 32px;"><strong>Departament de Cicles Formatius de Sanitat</strong></td>
<td style="width: 48.062%; height: 32px;">Sra. Laura Hernández Palet</td>
<td style="width: 0.861326%; height: 32px;"></td>
</tr>
<tr style="height: 32px;">
<td style="width: 55.9001%; height: 32px;"><strong>Departament de Cicles Formatius de Serveis Socioculturals i a la Comunitat</strong></td>
<td style="width: 48.062%; height: 32px;">Sra. Núria Llistosella Mauri</td>
<td style="width: 0.861326%; height: 32px;"></td>
</tr>
<tr style="height: 52px;">
<td style="width: 55.9001%; height: 52px;"><strong>Departament de FOL i Orientació Educativa</strong></td>
<td style="width: 48.062%; height: 52px;">Sra. Sònia Puig Canet</td>
<td style="width: 0.861326%; height: 32px;"></td>
</tr>
<tr style="height: 32px;">
<td style="width: 55.9001%; height: 32px;"><strong>Departament de Llengua Catalana</strong></td>
<td style="width: 48.062%; height: 32px;">Sra. Elisenda Mancebo Sánchez</td>
<td style="width: 0.861326%; height: 32px;"></td>
</tr>
<tr style="height: 48px;">
<td style="width: 55.9001%; height: 48px;"><strong>Departament de Llengua Castellana</strong></td>
<td style="width: 48.062%; height: 48px;">Sr. Jose Maria Reverte Serrano</td>
<td style="width: 0.861326%; height: 48px;"></td>
</tr>
<tr style="height: 52px;">
<td style="width: 55.9001%; height: 52px;"><strong>Departament de Llengües Estrangeres </strong></td>
<td style="width: 48.062%; height: 52px;">Sr. Marc Ruano Ollé</td>
<td style="width: 0.861326%; height: 52px;"></td>
</tr>
<tr style="height: 52px;">
<td style="width: 55.9001%; height: 52px;"><strong>Departament de Matemàtiques </strong></td>
<td style="width: 48.062%; height: 52px;">Sr. Ángel Millán Camacho</td>
<td style="width: 0.861326%; height: 52px;"></td>
</tr>
<tr style="height: 52px;">
<td style="width: 55.9001%; height: 52px;"><strong>Departament de Ciències Experimentals </strong></td>
<td style="width: 48.062%; height: 52px;">Sr. Josep Martínez Vilella</td>
<td style="width: 0.861326%; height: 52px;"></td>
</tr>
<tr style="height: 68px;">
<td style="width: 55.9001%; height: 68px;"><strong>Departament de Ciències Socials, Visual i Plàstica i Música</strong></td>
<td style="width: 48.062%; height: 68px;">Sra. Sole Toribio Rodríguez</td>
<td style="width: 0.861326%; height: 68px;"></td>
</tr>
<tr style="height: 52px;">
<td style="width: 55.9001%; height: 52px;"><strong>Departament de Tecnologia i Educació física</strong></td>
<td style="width: 48.062%; height: 52px;">Sr. Xavier Damunt Masip</td>
<td style="width: 0.861326%; height: 52px;"></td>
</tr>
<tr style="height: 52px;">
<td style="width: 55.9001%; height: 52px;"></td>
<td style="width: 48.062%; height: 52px;"></td>
<td style="width: 0.861326%; height: 52px;"></td>
</tr>
<tr style="height: 52px;">
<td style="width: 55.9001%; height: 52px;"></td>
<td style="width: 48.062%; height: 52px;"></td>
<td style="width: 0.861326%; height: 52px;"></td>
</tr>
</tbody>
</table>
<p>&nbsp;</p>

<p>EQUIP DIRECTIU Directora Sra. Flora Vázquez Pampín Coordinador Pedagògic Sr. Jordi Ballester Ballester Cap d&#8217;Estudis Sra. Àngels Guillaumes Ràfols Cap d&#8217;Estudis de Cicles Formatius Sra. Lara Navarro Ramírez Cap d&#8217;Estudis Adjunta Sra. Raquel Pérez Noguera Secretaria Sra. Isabel Pérez Pérez COORDINACIONS D&#8217;ETAPA Coordinadora d&#8217;ESO Sra. Eva María Lahuerta Vallez Departament de Tecnologia Coordinador de batxillerat [&hellip;]</p>
