{"id":43,"date":"2014-09-17T16:45:07","date_gmt":"2014-09-17T16:45:07","guid":{"rendered":"http:\/\/agora.xtec.cat\/iesgallecs\/?page_id=43"},"modified":"2026-03-20T14:35:08","modified_gmt":"2026-03-20T13:35:08","slug":"consell-escolar","status":"publish","type":"page","link":"https:\/\/agora.xtec.cat\/iesgallecs\/linstitut\/consell-escolar\/","title":{"rendered":"Consell escolar"},"content":{"rendered":"<p>El Consell Escolar del centre \u00e9s l&#8217;\u00f2rgan de participaci\u00f3 de la comunitat educativa en el govern del centre i l&#8217;\u00f2rgan de programaci\u00f3, seguiment i avaluaci\u00f3 general de les seves activitats. Hi s\u00f3n representants l&#8217;Equip Directiu, el Professorat, les Fam\u00edlies, l&#8217;Alumnat, l&#8217;Ajuntament, l&#8217;AFA i el Personal d&#8217;Administraci\u00f3 i Serveis.<\/p>\n<p>Actualment, el Consell Escolar de l&#8217;Institut Gallecs est\u00e0 constitu\u00eft pels seg\u00fcents representants:<\/p>\n<table style=\"border-collapse: collapse; width: 100%;\" border=\"1\">\n<tbody>\n<tr>\n<td style=\"width: 50%;\"><strong>\u00a0EQUIP DIRECTIU<\/strong><\/td>\n<td style=\"width: 50%;\">\n<ul>\n<li>Flora V\u00e1zquez Pamp\u00edn\u00a0 (Directora)<\/li>\n<li>\u00c0ngels Guillaumes R\u00e0fols\u00a0 (Cap d\u2019Estudis)<\/li>\n<li>Isabel P\u00e9rez P\u00e9rez (Secret\u00e0ria)<\/li>\n<\/ul>\n<\/td>\n<\/tr>\n<tr>\n<td style=\"width: 50%;\"><strong>\u00a0PROFESSORAT<\/strong><\/td>\n<td style=\"width: 50%;\">\n<ul>\n<li>Aleix Carreras Almar<\/li>\n<li>Mariano Escrig Ortega<\/li>\n<li>Sonia Garcia Andr\u00e9s<\/li>\n<li>Raquel Borreguero Roman<\/li>\n<li>Lluis Plaza i Font<\/li>\n<li>S\u00f3nia Calvo Corral<\/li>\n<li>Albert Ramellat Fern\u00e1ndez<\/li>\n<li>Jose M\u00aa Reverte Serrano<\/li>\n<\/ul>\n<p>&nbsp;<\/td>\n<\/tr>\n<tr>\n<td style=\"width: 50%;\"><strong>\u00a0AFA<\/strong><\/td>\n<td style=\"width: 50%;\">\n<ul>\n<li>Dolors M\u00e1rmol Reyes<\/li>\n<li>S\u00f2nia S\u00e1nchez Barrio<\/li>\n<li>Nuria Notario Mar\u00edn<\/li>\n<\/ul>\n<p>AFA: Gemma Gonzalez Escudero<\/td>\n<\/tr>\n<tr>\n<td style=\"width: 50%;\"><strong>\u00a0ALUMNAT<\/strong><\/td>\n<td style=\"width: 50%;\">&nbsp;<\/p>\n<ul>\n<li>Rodrigo Narv\u00e1ez Campos<\/li>\n<li>Alba Torres Garc\u00eda<\/li>\n<li>Aitana Herraiz Carrasco<\/li>\n<li>Luc\u00eda Pastor G\u00f3mez<\/li>\n<\/ul>\n<\/td>\n<\/tr>\n<tr>\n<td style=\"width: 50%;\"><strong>\u00a0AJUNTAMENT<\/strong><\/td>\n<td style=\"width: 50%;\">\n<ul>\n<li>Sandra Palma Sim\u00f3n<\/li>\n<\/ul>\n<\/td>\n<\/tr>\n<tr>\n<td style=\"width: 50%;\"><strong>\u00a0PAS<\/strong><\/td>\n<td style=\"width: 50%;\">\n<ul>\n<li>Iolanda Ibarz Padrosa<\/li>\n<\/ul>\n<\/td>\n<\/tr>\n<\/tbody>\n<\/table>\n","protected":false},"excerpt":{"rendered":"<p>El Consell Escolar del centre \u00e9s l&#8217;\u00f2rgan de participaci\u00f3 de la comunitat educativa en el govern del centre i l&#8217;\u00f2rgan de programaci\u00f3, seguiment i avaluaci\u00f3 general de les seves activitats. Hi s\u00f3n representants l&#8217;Equip Directiu, el Professorat, les Fam\u00edlies, l&#8217;Alumnat, l&#8217;Ajuntament, l&#8217;AFA i el Personal d&#8217;Administraci\u00f3 i Serveis. Actualment, el Consell Escolar de l&#8217;Institut Gallecs [&hellip;]<\/p>\n","protected":false},"author":1,"featured_media":0,"parent":19,"menu_order":9,"comment_status":"closed","ping_status":"closed","template":"","meta":{"site-sidebar-layout":"default","site-content-layout":"","ast-site-content-layout":"default","site-content-style":"default","site-sidebar-style":"default","ast-global-header-display":"","ast-banner-title-visibility":"","ast-main-header-display":"","ast-hfb-above-header-display":"","ast-hfb-below-header-display":"","ast-hfb-mobile-header-display":"","site-post-title":"","ast-breadcrumbs-content":"","ast-featured-img":"","footer-sml-layout":"","theme-transparent-header-meta":"default","adv-header-id-meta":"","stick-header-meta":"","header-above-stick-meta":"","header-main-stick-meta":"","header-below-stick-meta":"","astra-migrate-meta-layouts":"set","ast-page-background-enabled":"default","ast-page-background-meta":{"desktop":{"background-color":"var(--ast-global-color-5)","background-image":"","background-repeat":"repeat","background-position":"center center","background-size":"auto","background-attachment":"scroll","background-type":"","background-media":"","overlay-type":"","overlay-color":"","overlay-opacity":"","overlay-gradient":""},"tablet":{"background-color":"","background-image":"","background-repeat":"repeat","background-position":"center center","background-size":"auto","background-attachment":"scroll","background-type":"","background-media":"","overlay-type":"","overlay-color":"","overlay-opacity":"","overlay-gradient":""},"mobile":{"background-color":"","background-image":"","background-repeat":"repeat","background-position":"center center","background-size":"auto","background-attachment":"scroll","background-type":"","background-media":"","overlay-type":"","overlay-color":"","overlay-opacity":"","overlay-gradient":""}},"ast-content-background-meta":{"desktop":{"background-color":"var(--ast-global-color-4)","background-image":"","background-repeat":"repeat","background-position":"center center","background-size":"auto","background-attachment":"scroll","background-type":"","background-media":"","overlay-type":"","overlay-color":"","overlay-opacity":"","overlay-gradient":""},"tablet":{"background-color":"var(--ast-global-color-4)","background-image":"","background-repeat":"repeat","background-position":"center center","background-size":"auto","background-attachment":"scroll","background-type":"","background-media":"","overlay-type":"","overlay-color":"","overlay-opacity":"","overlay-gradient":""},"mobile":{"background-color":"var(--ast-global-color-4)","background-image":"","background-repeat":"repeat","background-position":"center center","background-size":"auto","background-attachment":"scroll","background-type":"","background-media":"","overlay-type":"","overlay-color":"","overlay-opacity":"","overlay-gradient":""}},"footnotes":""},"class_list":["post-43","page","type-page","status-publish","hentry"],"post_mailing_queue_ids":[],"_links":{"self":[{"href":"https:\/\/agora.xtec.cat\/iesgallecs\/wp-json\/wp\/v2\/pages\/43","targetHints":{"allow":["GET"]}}],"collection":[{"href":"https:\/\/agora.xtec.cat\/iesgallecs\/wp-json\/wp\/v2\/pages"}],"about":[{"href":"https:\/\/agora.xtec.cat\/iesgallecs\/wp-json\/wp\/v2\/types\/page"}],"author":[{"embeddable":true,"href":"https:\/\/agora.xtec.cat\/iesgallecs\/wp-json\/wp\/v2\/users\/1"}],"replies":[{"embeddable":true,"href":"https:\/\/agora.xtec.cat\/iesgallecs\/wp-json\/wp\/v2\/comments?post=43"}],"version-history":[{"count":6,"href":"https:\/\/agora.xtec.cat\/iesgallecs\/wp-json\/wp\/v2\/pages\/43\/revisions"}],"predecessor-version":[{"id":7371,"href":"https:\/\/agora.xtec.cat\/iesgallecs\/wp-json\/wp\/v2\/pages\/43\/revisions\/7371"}],"up":[{"embeddable":true,"href":"https:\/\/agora.xtec.cat\/iesgallecs\/wp-json\/wp\/v2\/pages\/19"}],"wp:attachment":[{"href":"https:\/\/agora.xtec.cat\/iesgallecs\/wp-json\/wp\/v2\/media?parent=43"}],"curies":[{"name":"wp","href":"https:\/\/api.w.org\/{rel}","templated":true}]}}

<p>El Consell Escolar del centre és l&#8217;òrgan de participació de la comunitat educativa en el govern del centre i l&#8217;òrgan de programació, seguiment i avaluació general de les seves activitats. Hi són representants l&#8217;Equip Directiu, el Professorat, les Famílies, l&#8217;Alumnat, l&#8217;Ajuntament, l&#8217;AFA i el Personal d&#8217;Administració i Serveis.</p>
<p>Actualment, el Consell Escolar de l&#8217;Institut Gallecs està constituït pels següents representants:</p>
<table style="border-collapse: collapse; width: 100%;" border="1">
<tbody>
<tr>
<td style="width: 50%;"><strong> EQUIP DIRECTIU</strong></td>
<td style="width: 50%;">
<ul>
<li>Flora Vázquez Pampín  (Directora)</li>
<li>Àngels Guillaumes Ràfols  (Cap d’Estudis)</li>
<li>Isabel Pérez Pérez (Secretària)</li>
</ul>
</td>
</tr>
<tr>
<td style="width: 50%;"><strong> PROFESSORAT</strong></td>
<td style="width: 50%;">
<ul>
<li>Aleix Carreras Almar</li>
<li>Mariano Escrig Ortega</li>
<li>Sonia Garcia Andrés</li>
<li>Raquel Borreguero Roman</li>
<li>Lluis Plaza i Font</li>
<li>Sónia Calvo Corral</li>
<li>Albert Ramellat Fernández</li>
<li>Jose Mª Reverte Serrano</li>
</ul>
<p>&nbsp;</td>
</tr>
<tr>
<td style="width: 50%;"><strong> AFA</strong></td>
<td style="width: 50%;">
<ul>
<li>Dolors Mármol Reyes</li>
<li>Sònia Sánchez Barrio</li>
<li>Nuria Notario Marín</li>
</ul>
<p>AFA: Gemma Gonzalez Escudero</td>
</tr>
<tr>
<td style="width: 50%;"><strong> ALUMNAT</strong></td>
<td style="width: 50%;">&nbsp;</p>
<ul>
<li>Rodrigo Narváez Campos</li>
<li>Alba Torres García</li>
<li>Aitana Herraiz Carrasco</li>
<li>Lucía Pastor Gómez</li>
</ul>
</td>
</tr>
<tr>
<td style="width: 50%;"><strong> AJUNTAMENT</strong></td>
<td style="width: 50%;">
<ul>
<li>Sandra Palma Simón</li>
</ul>
</td>
</tr>
<tr>
<td style="width: 50%;"><strong> PAS</strong></td>
<td style="width: 50%;">
<ul>
<li>Iolanda Ibarz Padrosa</li>
</ul>
</td>
</tr>
</tbody>
</table>

<p>El Consell Escolar del centre és l&#8217;òrgan de participació de la comunitat educativa en el govern del centre i l&#8217;òrgan de programació, seguiment i avaluació general de les seves activitats. Hi són representants l&#8217;Equip Directiu, el Professorat, les Famílies, l&#8217;Alumnat, l&#8217;Ajuntament, l&#8217;AFA i el Personal d&#8217;Administració i Serveis. Actualment, el Consell Escolar de l&#8217;Institut Gallecs [&hellip;]</p>
