{"id":4234,"date":"2023-01-15T06:11:37","date_gmt":"2023-01-15T05:11:37","guid":{"rendered":"https:\/\/agora.xtec.cat\/iesgallecs\/?page_id=4234"},"modified":"2023-01-27T06:28:43","modified_gmt":"2023-01-27T05:28:43","slug":"programa-de-certificacio-dels-coneixements-de-llengues-estrangeres","status":"publish","type":"page","link":"https:\/\/agora.xtec.cat\/iesgallecs\/programes-innovacio\/programa-generacio-plurilingue-gep\/programa-de-certificacio-dels-coneixements-de-llengues-estrangeres\/","title":{"rendered":"Programa de certificaci\u00f3 dels coneixements de lleng\u00fces estrangeres"},"content":{"rendered":"<p>La finalitat \u00e9s fomentar als centres participants, amb el suport de les Escoles Oficials d&#8217;Idiomes, la certificaci\u00f3 dels coneixements de llengua estrangera, adquirits pels alumnes de determinats ensenyaments de forma que s&#8217;afavoreixi, el progr\u00e9s del rendiment acad\u00e8mic en les lleng\u00fces estrangeres i la millora de la transpar\u00e8ncia de les compet\u00e8ncies adquirides.<\/p>\n<p><a href=\"https:\/\/agora.xtec.cat\/iesgallecs\/programes-innovacio\/programa-de-certificacio-dels-coneixements-de-llengues-estrangeres\/attachment\/doc1_page-0001-2-2\/\" rel=\"attachment wp-att-4235\"><img loading=\"lazy\" decoding=\"async\" class=\"aligncenter size-full wp-image-4235\" src=\"https:\/\/agora.xtec.cat\/iesgallecs\/wp-content\/uploads\/usu1971\/2023\/01\/Doc1_page-0001-2-1.jpg\" alt=\"\" width=\"512\" height=\"260\" srcset=\"https:\/\/agora.xtec.cat\/iesgallecs\/wp-content\/uploads\/usu1971\/2023\/01\/Doc1_page-0001-2-1.jpg 512w, https:\/\/agora.xtec.cat\/iesgallecs\/wp-content\/uploads\/usu1971\/2023\/01\/Doc1_page-0001-2-1-300x152.jpg 300w\" sizes=\"auto, (max-width: 512px) 100vw, 512px\" \/><\/a><\/p>\n","protected":false},"excerpt":{"rendered":"<p>La finalitat \u00e9s fomentar als centres participants, amb el suport de les Escoles Oficials d&#8217;Idiomes, la certificaci\u00f3 dels coneixements de llengua estrangera, adquirits pels alumnes de determinats ensenyaments de forma que s&#8217;afavoreixi, el progr\u00e9s del rendiment acad\u00e8mic en les lleng\u00fces estrangeres i la millora de la transpar\u00e8ncia de les compet\u00e8ncies adquirides.<\/p>\n","protected":false},"author":36,"featured_media":0,"parent":3504,"menu_order":3,"comment_status":"closed","ping_status":"closed","template":"page-templates\/side-menu.php","meta":{"site-sidebar-layout":"default","site-content-layout":"","ast-site-content-layout":"","site-content-style":"default","site-sidebar-style":"default","ast-global-header-display":"","ast-banner-title-visibility":"","ast-main-header-display":"","ast-hfb-above-header-display":"","ast-hfb-below-header-display":"","ast-hfb-mobile-header-display":"","site-post-title":"","ast-breadcrumbs-content":"","ast-featured-img":"","footer-sml-layout":"","theme-transparent-header-meta":"","adv-header-id-meta":"","stick-header-meta":"","header-above-stick-meta":"","header-main-stick-meta":"","header-below-stick-meta":"","astra-migrate-meta-layouts":"default","ast-page-background-enabled":"default","ast-page-background-meta":{"desktop":{"background-color":"var(--ast-global-color-5)","background-image":"","background-repeat":"repeat","background-position":"center center","background-size":"auto","background-attachment":"scroll","background-type":"","background-media":"","overlay-type":"","overlay-color":"","overlay-opacity":"","overlay-gradient":""},"tablet":{"background-color":"","background-image":"","background-repeat":"repeat","background-position":"center center","background-size":"auto","background-attachment":"scroll","background-type":"","background-media":"","overlay-type":"","overlay-color":"","overlay-opacity":"","overlay-gradient":""},"mobile":{"background-color":"","background-image":"","background-repeat":"repeat","background-position":"center center","background-size":"auto","background-attachment":"scroll","background-type":"","background-media":"","overlay-type":"","overlay-color":"","overlay-opacity":"","overlay-gradient":""}},"ast-content-background-meta":{"desktop":{"background-color":"var(--ast-global-color-4)","background-image":"","background-repeat":"repeat","background-position":"center center","background-size":"auto","background-attachment":"scroll","background-type":"","background-media":"","overlay-type":"","overlay-color":"","overlay-opacity":"","overlay-gradient":""},"tablet":{"background-color":"var(--ast-global-color-4)","background-image":"","background-repeat":"repeat","background-position":"center center","background-size":"auto","background-attachment":"scroll","background-type":"","background-media":"","overlay-type":"","overlay-color":"","overlay-opacity":"","overlay-gradient":""},"mobile":{"background-color":"var(--ast-global-color-4)","background-image":"","background-repeat":"repeat","background-position":"center center","background-size":"auto","background-attachment":"scroll","background-type":"","background-media":"","overlay-type":"","overlay-color":"","overlay-opacity":"","overlay-gradient":""}},"footnotes":""},"class_list":["post-4234","page","type-page","status-publish","hentry"],"post_mailing_queue_ids":[],"_links":{"self":[{"href":"https:\/\/agora.xtec.cat\/iesgallecs\/wp-json\/wp\/v2\/pages\/4234","targetHints":{"allow":["GET"]}}],"collection":[{"href":"https:\/\/agora.xtec.cat\/iesgallecs\/wp-json\/wp\/v2\/pages"}],"about":[{"href":"https:\/\/agora.xtec.cat\/iesgallecs\/wp-json\/wp\/v2\/types\/page"}],"author":[{"embeddable":true,"href":"https:\/\/agora.xtec.cat\/iesgallecs\/wp-json\/wp\/v2\/users\/36"}],"replies":[{"embeddable":true,"href":"https:\/\/agora.xtec.cat\/iesgallecs\/wp-json\/wp\/v2\/comments?post=4234"}],"version-history":[{"count":2,"href":"https:\/\/agora.xtec.cat\/iesgallecs\/wp-json\/wp\/v2\/pages\/4234\/revisions"}],"predecessor-version":[{"id":4237,"href":"https:\/\/agora.xtec.cat\/iesgallecs\/wp-json\/wp\/v2\/pages\/4234\/revisions\/4237"}],"up":[{"embeddable":true,"href":"https:\/\/agora.xtec.cat\/iesgallecs\/wp-json\/wp\/v2\/pages\/3504"}],"wp:attachment":[{"href":"https:\/\/agora.xtec.cat\/iesgallecs\/wp-json\/wp\/v2\/media?parent=4234"}],"curies":[{"name":"wp","href":"https:\/\/api.w.org\/{rel}","templated":true}]}}

Programa de certificació dels coneixements de llengües estrangeres

<p>La finalitat és fomentar als centres participants, amb el suport de les Escoles Oficials d&#8217;Idiomes, la certificació dels coneixements de llengua estrangera, adquirits pels alumnes de determinats ensenyaments de forma que s&#8217;afavoreixi, el progrés del rendiment acadèmic en les llengües estrangeres i la millora de la transparència de les competències adquirides.</p>
<p><a href="https://agora.xtec.cat/iesgallecs/programes-innovacio/programa-de-certificacio-dels-coneixements-de-llengues-estrangeres/attachment/doc1_page-0001-2-2/" rel="attachment wp-att-4235"><img loading="lazy" decoding="async" class="aligncenter size-full wp-image-4235" src="https://agora.xtec.cat/iesgallecs/wp-content/uploads/usu1971/2023/01/Doc1_page-0001-2-1.jpg" alt="" width="512" height="260" srcset="https://agora.xtec.cat/iesgallecs/wp-content/uploads/usu1971/2023/01/Doc1_page-0001-2-1.jpg 512w, https://agora.xtec.cat/iesgallecs/wp-content/uploads/usu1971/2023/01/Doc1_page-0001-2-1-300x152.jpg 300w" sizes="auto, (max-width: 512px) 100vw, 512px" /></a></p>

<p>La finalitat és fomentar als centres participants, amb el suport de les Escoles Oficials d&#8217;Idiomes, la certificació dels coneixements de llengua estrangera, adquirits pels alumnes de determinats ensenyaments de forma que s&#8217;afavoreixi, el progrés del rendiment acadèmic en les llengües estrangeres i la millora de la transparència de les competències adquirides.</p>
