{"id":4229,"date":"2023-01-15T06:07:36","date_gmt":"2023-01-15T05:07:36","guid":{"rendered":"https:\/\/agora.xtec.cat\/iesgallecs\/?page_id=4229"},"modified":"2023-01-27T06:39:17","modified_gmt":"2023-01-27T05:39:17","slug":"programa-dimpuls-a-les-llengues-estrangeres-a-lfp","status":"publish","type":"page","link":"https:\/\/agora.xtec.cat\/iesgallecs\/programes-innovacio\/programa-generacio-plurilingue-gep\/programa-dimpuls-a-les-llengues-estrangeres-a-lfp\/","title":{"rendered":"Programa d&#8217;impuls a les lleng\u00fces estrangeres a l&#8217;FP"},"content":{"rendered":"<p>La finalitat del programa \u00e9s incorporar i normalitzar l&#8217;\u00fas d\u2019una llengua estrangera en situacions professionals habituals i en la presa de<br \/>\ndecisions en l&#8217;\u00e0mbit laboral.<\/p>\n<p>Els centres educatius oferiran, el curs 2022-2023, grups de primer curs de cicles formatius de formaci\u00f3 professional amb accions d\u2019impuls de les lleng\u00fces estrangeres.<\/p>\n<p>Els grups de primer curs de cicles formatius complementaran el curr\u00edculum amb un m\u00f2dul professional de llengua estrangera i tamb\u00e9 s&#8217;impartir\u00e0 en llengua estrangera almenys un dels m\u00f2duls professionals.<\/p>\n<p>&nbsp;<\/p>\n<p><a href=\"https:\/\/agora.xtec.cat\/iesgallecs\/programes-innovacio\/programa-dimpuls-a-les-llengues-estrangeres-a-lfp\/attachment\/doc1_page-0001-2\/\" rel=\"attachment wp-att-4230\"><img loading=\"lazy\" decoding=\"async\" class=\"aligncenter size-full wp-image-4230\" src=\"https:\/\/agora.xtec.cat\/iesgallecs\/wp-content\/uploads\/usu1971\/2023\/01\/Doc1_page-0001-2.jpg\" alt=\"\" width=\"520\" height=\"368\" srcset=\"https:\/\/agora.xtec.cat\/iesgallecs\/wp-content\/uploads\/usu1971\/2023\/01\/Doc1_page-0001-2.jpg 520w, https:\/\/agora.xtec.cat\/iesgallecs\/wp-content\/uploads\/usu1971\/2023\/01\/Doc1_page-0001-2-300x212.jpg 300w\" sizes=\"auto, (max-width: 520px) 100vw, 520px\" \/><\/a><\/p>\n","protected":false},"excerpt":{"rendered":"<p>La finalitat del programa \u00e9s incorporar i normalitzar l&#8217;\u00fas d\u2019una llengua estrangera en situacions professionals habituals i en la presa de decisions en l&#8217;\u00e0mbit laboral. Els centres educatius oferiran, el curs 2022-2023, grups de primer curs de cicles formatius de formaci\u00f3 professional amb accions d\u2019impuls de les lleng\u00fces estrangeres. Els grups de primer curs de [&hellip;]<\/p>\n","protected":false},"author":36,"featured_media":0,"parent":3504,"menu_order":2,"comment_status":"closed","ping_status":"closed","template":"page-templates\/side-menu.php","meta":{"site-sidebar-layout":"default","site-content-layout":"","ast-site-content-layout":"","site-content-style":"default","site-sidebar-style":"default","ast-global-header-display":"","ast-banner-title-visibility":"","ast-main-header-display":"","ast-hfb-above-header-display":"","ast-hfb-below-header-display":"","ast-hfb-mobile-header-display":"","site-post-title":"","ast-breadcrumbs-content":"","ast-featured-img":"","footer-sml-layout":"","theme-transparent-header-meta":"","adv-header-id-meta":"","stick-header-meta":"","header-above-stick-meta":"","header-main-stick-meta":"","header-below-stick-meta":"","astra-migrate-meta-layouts":"default","ast-page-background-enabled":"default","ast-page-background-meta":{"desktop":{"background-color":"var(--ast-global-color-5)","background-image":"","background-repeat":"repeat","background-position":"center center","background-size":"auto","background-attachment":"scroll","background-type":"","background-media":"","overlay-type":"","overlay-color":"","overlay-opacity":"","overlay-gradient":""},"tablet":{"background-color":"","background-image":"","background-repeat":"repeat","background-position":"center center","background-size":"auto","background-attachment":"scroll","background-type":"","background-media":"","overlay-type":"","overlay-color":"","overlay-opacity":"","overlay-gradient":""},"mobile":{"background-color":"","background-image":"","background-repeat":"repeat","background-position":"center center","background-size":"auto","background-attachment":"scroll","background-type":"","background-media":"","overlay-type":"","overlay-color":"","overlay-opacity":"","overlay-gradient":""}},"ast-content-background-meta":{"desktop":{"background-color":"var(--ast-global-color-4)","background-image":"","background-repeat":"repeat","background-position":"center center","background-size":"auto","background-attachment":"scroll","background-type":"","background-media":"","overlay-type":"","overlay-color":"","overlay-opacity":"","overlay-gradient":""},"tablet":{"background-color":"var(--ast-global-color-4)","background-image":"","background-repeat":"repeat","background-position":"center center","background-size":"auto","background-attachment":"scroll","background-type":"","background-media":"","overlay-type":"","overlay-color":"","overlay-opacity":"","overlay-gradient":""},"mobile":{"background-color":"var(--ast-global-color-4)","background-image":"","background-repeat":"repeat","background-position":"center center","background-size":"auto","background-attachment":"scroll","background-type":"","background-media":"","overlay-type":"","overlay-color":"","overlay-opacity":"","overlay-gradient":""}},"footnotes":""},"class_list":["post-4229","page","type-page","status-publish","hentry"],"post_mailing_queue_ids":[],"_links":{"self":[{"href":"https:\/\/agora.xtec.cat\/iesgallecs\/wp-json\/wp\/v2\/pages\/4229","targetHints":{"allow":["GET"]}}],"collection":[{"href":"https:\/\/agora.xtec.cat\/iesgallecs\/wp-json\/wp\/v2\/pages"}],"about":[{"href":"https:\/\/agora.xtec.cat\/iesgallecs\/wp-json\/wp\/v2\/types\/page"}],"author":[{"embeddable":true,"href":"https:\/\/agora.xtec.cat\/iesgallecs\/wp-json\/wp\/v2\/users\/36"}],"replies":[{"embeddable":true,"href":"https:\/\/agora.xtec.cat\/iesgallecs\/wp-json\/wp\/v2\/comments?post=4229"}],"version-history":[{"count":2,"href":"https:\/\/agora.xtec.cat\/iesgallecs\/wp-json\/wp\/v2\/pages\/4229\/revisions"}],"predecessor-version":[{"id":4232,"href":"https:\/\/agora.xtec.cat\/iesgallecs\/wp-json\/wp\/v2\/pages\/4229\/revisions\/4232"}],"up":[{"embeddable":true,"href":"https:\/\/agora.xtec.cat\/iesgallecs\/wp-json\/wp\/v2\/pages\/3504"}],"wp:attachment":[{"href":"https:\/\/agora.xtec.cat\/iesgallecs\/wp-json\/wp\/v2\/media?parent=4229"}],"curies":[{"name":"wp","href":"https:\/\/api.w.org\/{rel}","templated":true}]}}

Programa d&#8217;impuls a les llengües estrangeres a l&#8217;FP

<p>La finalitat del programa és incorporar i normalitzar l&#8217;ús d’una llengua estrangera en situacions professionals habituals i en la presa de<br />
decisions en l&#8217;àmbit laboral.</p>
<p>Els centres educatius oferiran, el curs 2022-2023, grups de primer curs de cicles formatius de formació professional amb accions d’impuls de les llengües estrangeres.</p>
<p>Els grups de primer curs de cicles formatius complementaran el currículum amb un mòdul professional de llengua estrangera i també s&#8217;impartirà en llengua estrangera almenys un dels mòduls professionals.</p>
<p>&nbsp;</p>
<p><a href="https://agora.xtec.cat/iesgallecs/programes-innovacio/programa-dimpuls-a-les-llengues-estrangeres-a-lfp/attachment/doc1_page-0001-2/" rel="attachment wp-att-4230"><img loading="lazy" decoding="async" class="aligncenter size-full wp-image-4230" src="https://agora.xtec.cat/iesgallecs/wp-content/uploads/usu1971/2023/01/Doc1_page-0001-2.jpg" alt="" width="520" height="368" srcset="https://agora.xtec.cat/iesgallecs/wp-content/uploads/usu1971/2023/01/Doc1_page-0001-2.jpg 520w, https://agora.xtec.cat/iesgallecs/wp-content/uploads/usu1971/2023/01/Doc1_page-0001-2-300x212.jpg 300w" sizes="auto, (max-width: 520px) 100vw, 520px" /></a></p>

<p>La finalitat del programa és incorporar i normalitzar l&#8217;ús d’una llengua estrangera en situacions professionals habituals i en la presa de decisions en l&#8217;àmbit laboral. Els centres educatius oferiran, el curs 2022-2023, grups de primer curs de cicles formatius de formació professional amb accions d’impuls de les llengües estrangeres. Els grups de primer curs de [&hellip;]</p>
