{"id":4215,"date":"2023-01-15T05:34:36","date_gmt":"2023-01-15T04:34:36","guid":{"rendered":"https:\/\/agora.xtec.cat\/iesgallecs\/?page_id=4215"},"modified":"2026-01-28T14:03:32","modified_gmt":"2026-01-28T13:03:32","slug":"gallecs-sostenible","status":"publish","type":"page","link":"https:\/\/agora.xtec.cat\/iesgallecs\/https-sites-google-com-xtec-cat-insgallecs-esoauthuser0\/leso-a-linstitut-gallecs\/projectes-eso\/gallecs-sostenible\/","title":{"rendered":"Gallecs sostenible"},"content":{"rendered":"<p dir=\"ltr\"><a href=\"https:\/\/sites.google.com\/insgallecs.cat\/sostenibilitat-gallecs\/p%C3%A0gina-principal\" target=\"_blank\" rel=\"noopener\">Acc\u00e9s al Sites de &#8220;Gallecs sostenible&#8221;.<\/a><\/p>\n<p dir=\"ltr\">L\u2019Institut Gallecs forma part de l\u2019entorn natural de Gallecs que \u00e9s un espai rural compr\u00e8s entre els termes municipals de Mollet del Vall\u00e8s i Parets del Vall\u00e8s (Vall\u00e8s Oriental) i que engloba una \u00e0rea natural de 755 hect\u00e0rees.<\/p>\n<p dir=\"ltr\">Volem que el nostre alumnat s\u2019impliqui en la relaci\u00f3 amb el medi des del vincle amb el Centre i amb el seu entorn proper per poder assolir dos objectius b\u00e0sics en educaci\u00f3 mediambiental:<\/p>\n<p dir=\"ltr\">Valorar cr\u00edticament els h\u00e0bits socials relacionats amb la salut, l&#8217;alimentaci\u00f3, el consum, la cura, la consideraci\u00f3 i el respecte cap als \u00e9ssers vius, i contribuir a la conservaci\u00f3 i millora del medi ambient.<\/p>\n<p dir=\"ltr\">Prendre consci\u00e8ncia de les problem\u00e0tiques que t\u00e9 plantejades la humanitat i que es concreten en els objectius de desenvolupament sostenible.<\/p>\n<p dir=\"ltr\">Des de l\u2019Institut Gallecs ens comprometem a refermar el nostre comprom\u00eds amb el nostre entorn amb el desenvolupament del projecte de sostenibilitat com a un dels eixos vertebradors del centre. Les diferents iniciatives han d\u2019involucar tota la comunitat educativa, comen\u00e7ant per l&#8217;alumnat i el professorat des de dins de les pr\u00f2pies aules, i obrint-se a la participaci\u00f3 de les fam\u00edlies i col\u00b7laboraci\u00f3 amb entitats de l&#8217;entorn.<\/p>\n<p dir=\"ltr\">L\u2019Educaci\u00f3 per la sostenibilitat forma part de l&#8217;ess\u00e8ncia de la formaci\u00f3 de l&#8217;alumnat al llarg de totes les etapes educatives, inserida a les mat\u00e8ries i a projectes d\u2019\u00e0mbit del nostre centre. (per tal d&#8217;ambientalitzar el curr\u00edculum). Tot el desplegament curricular del Projecte mediambientals t\u00e9 en compte l\u2019adaptaci\u00f3 i l\u2019aplicaci\u00f3 directa als Objectius de Desenvolupament Sostenible.<\/p>\n<div class=\"ast-oembed-container \" style=\"height: 100%;\"><iframe loading=\"lazy\" title=\"Gallecs sostenible\" width=\"500\" height=\"281\" src=\"https:\/\/www.youtube.com\/embed\/7Lyoj7kBiVU?feature=oembed\" frameborder=\"0\" allow=\"accelerometer; autoplay; clipboard-write; encrypted-media; gyroscope; picture-in-picture; web-share\" referrerpolicy=\"strict-origin-when-cross-origin\" allowfullscreen><\/iframe><\/div>\n<p>L\u2019Institut Gallecs tanca\u00a0els seus projectes\u00a0de residus especials amb\u00a0molt\u00a0bons resultats.<br \/>\nPel que fa a la recollida de material electr\u00f2nic obsolet, un cop m\u00e9s hem participat\u00a0en el\u00a0projecte Generaci\u00f3\u00a0Reset\u00a0i s\u2019han lliurat 18 CPU, 40 monitors, 2 televisors, 3 pantalles digitals interactives, 2 altaveus i 5 m\u00f2bils a l\u2019Associaci\u00f3 Andr\u00f2mines, una entitat de \u201cquil\u00f2metre zero\u201d que es dedica a la gesti\u00f3 de residus mitjan\u00e7ant programes d\u2019inserci\u00f3 social\/laboral.<\/p>\n<p><a href=\"https:\/\/agora.xtec.cat\/iesgallecs\/wp-content\/uploads\/usu1971\/2024\/06\/Diseno-sin-titulo-1.png\"><img loading=\"lazy\" decoding=\"async\" class=\"aligncenter wp-image-5915\" src=\"https:\/\/agora.xtec.cat\/iesgallecs\/wp-content\/uploads\/usu1971\/2024\/06\/Diseno-sin-titulo-1.png\" sizes=\"auto, (max-width: 701px) 100vw, 701px\" srcset=\"https:\/\/agora.xtec.cat\/iesgallecs\/wp-content\/uploads\/usu1971\/2024\/06\/Diseno-sin-titulo-1.png 800w, https:\/\/agora.xtec.cat\/iesgallecs\/wp-content\/uploads\/usu1971\/2024\/06\/Diseno-sin-titulo-1-300x263.png 300w, https:\/\/agora.xtec.cat\/iesgallecs\/wp-content\/uploads\/usu1971\/2024\/06\/Diseno-sin-titulo-1-768x672.png 768w\" alt=\"\" width=\"701\" height=\"613\" \/><\/a><br \/>\nEn l\u2019apartat del material d\u2019escriptura el projecte\u00a0continua\u00a0creixent; actualment gestionem el material de 6 centres educatius a m\u00e9s del nostre (Montseny, Cal\u00a0M\u00fasic, Sant Vicen\u00e7, Federico Garc\u00eda Lorca, Abell\u00f3, Vicen\u00e7 Plantada) i hem aconseguit recollir una massa de 27,8 kg que ja s\u2019han enviat al gestor final,\u00a0Terracycle.\u00a0del total, 11 kg els hem recollit al nostre institut.<\/p>\n<p>&nbsp;<\/p>\n<p><a href=\"https:\/\/agora.xtec.cat\/iesgallecs\/wp-content\/uploads\/usu1971\/2024\/06\/Diseno-sin-titulo-1-1.png\"><img loading=\"lazy\" decoding=\"async\" class=\"aligncenter wp-image-5916\" src=\"https:\/\/agora.xtec.cat\/iesgallecs\/wp-content\/uploads\/usu1971\/2024\/06\/Diseno-sin-titulo-1-1.png\" sizes=\"auto, (max-width: 704px) 100vw, 704px\" srcset=\"https:\/\/agora.xtec.cat\/iesgallecs\/wp-content\/uploads\/usu1971\/2024\/06\/Diseno-sin-titulo-1-1.png 800w, https:\/\/agora.xtec.cat\/iesgallecs\/wp-content\/uploads\/usu1971\/2024\/06\/Diseno-sin-titulo-1-1-300x263.png 300w, https:\/\/agora.xtec.cat\/iesgallecs\/wp-content\/uploads\/usu1971\/2024\/06\/Diseno-sin-titulo-1-1-768x672.png 768w\" alt=\"\" width=\"704\" height=\"616\" \/><\/a><br \/>\nFinalment, enguany hem iniciat un projecte nou: la recollida de material d\u2019higiene bucodental. En aquest projecte col\u00b7laborem amb l\u2019Escola Sant Vicen\u00e7, que s\u00f3n els gestors municipals i ja han rebut la nostra aportaci\u00f3.<\/p>\n","protected":false},"excerpt":{"rendered":"<p>Acc\u00e9s al Sites de &#8220;Gallecs sostenible&#8221;. L\u2019Institut Gallecs forma part de l\u2019entorn natural de Gallecs que \u00e9s un espai rural compr\u00e8s entre els termes municipals de Mollet del Vall\u00e8s i Parets del Vall\u00e8s (Vall\u00e8s Oriental) i que engloba una \u00e0rea natural de 755 hect\u00e0rees. Volem que el nostre alumnat s\u2019impliqui en la relaci\u00f3 amb el [&hellip;]<\/p>\n","protected":false},"author":36,"featured_media":0,"parent":3490,"menu_order":4,"comment_status":"closed","ping_status":"closed","template":"","meta":{"site-sidebar-layout":"default","site-content-layout":"","ast-site-content-layout":"default","site-content-style":"default","site-sidebar-style":"default","ast-global-header-display":"","ast-banner-title-visibility":"","ast-main-header-display":"","ast-hfb-above-header-display":"","ast-hfb-below-header-display":"","ast-hfb-mobile-header-display":"","site-post-title":"","ast-breadcrumbs-content":"","ast-featured-img":"","footer-sml-layout":"","theme-transparent-header-meta":"default","adv-header-id-meta":"","stick-header-meta":"","header-above-stick-meta":"","header-main-stick-meta":"","header-below-stick-meta":"","astra-migrate-meta-layouts":"set","ast-page-background-enabled":"default","ast-page-background-meta":{"desktop":{"background-color":"var(--ast-global-color-5)","background-image":"","background-repeat":"repeat","background-position":"center center","background-size":"auto","background-attachment":"scroll","background-type":"","background-media":"","overlay-type":"","overlay-color":"","overlay-opacity":"","overlay-gradient":""},"tablet":{"background-color":"","background-image":"","background-repeat":"repeat","background-position":"center center","background-size":"auto","background-attachment":"scroll","background-type":"","background-media":"","overlay-type":"","overlay-color":"","overlay-opacity":"","overlay-gradient":""},"mobile":{"background-color":"","background-image":"","background-repeat":"repeat","background-position":"center center","background-size":"auto","background-attachment":"scroll","background-type":"","background-media":"","overlay-type":"","overlay-color":"","overlay-opacity":"","overlay-gradient":""}},"ast-content-background-meta":{"desktop":{"background-color":"var(--ast-global-color-4)","background-image":"","background-repeat":"repeat","background-position":"center center","background-size":"auto","background-attachment":"scroll","background-type":"","background-media":"","overlay-type":"","overlay-color":"","overlay-opacity":"","overlay-gradient":""},"tablet":{"background-color":"var(--ast-global-color-4)","background-image":"","background-repeat":"repeat","background-position":"center center","background-size":"auto","background-attachment":"scroll","background-type":"","background-media":"","overlay-type":"","overlay-color":"","overlay-opacity":"","overlay-gradient":""},"mobile":{"background-color":"var(--ast-global-color-4)","background-image":"","background-repeat":"repeat","background-position":"center center","background-size":"auto","background-attachment":"scroll","background-type":"","background-media":"","overlay-type":"","overlay-color":"","overlay-opacity":"","overlay-gradient":""}},"footnotes":""},"class_list":["post-4215","page","type-page","status-publish","hentry"],"post_mailing_queue_ids":[],"_links":{"self":[{"href":"https:\/\/agora.xtec.cat\/iesgallecs\/wp-json\/wp\/v2\/pages\/4215","targetHints":{"allow":["GET"]}}],"collection":[{"href":"https:\/\/agora.xtec.cat\/iesgallecs\/wp-json\/wp\/v2\/pages"}],"about":[{"href":"https:\/\/agora.xtec.cat\/iesgallecs\/wp-json\/wp\/v2\/types\/page"}],"author":[{"embeddable":true,"href":"https:\/\/agora.xtec.cat\/iesgallecs\/wp-json\/wp\/v2\/users\/36"}],"replies":[{"embeddable":true,"href":"https:\/\/agora.xtec.cat\/iesgallecs\/wp-json\/wp\/v2\/comments?post=4215"}],"version-history":[{"count":4,"href":"https:\/\/agora.xtec.cat\/iesgallecs\/wp-json\/wp\/v2\/pages\/4215\/revisions"}],"predecessor-version":[{"id":7223,"href":"https:\/\/agora.xtec.cat\/iesgallecs\/wp-json\/wp\/v2\/pages\/4215\/revisions\/7223"}],"up":[{"embeddable":true,"href":"https:\/\/agora.xtec.cat\/iesgallecs\/wp-json\/wp\/v2\/pages\/3490"}],"wp:attachment":[{"href":"https:\/\/agora.xtec.cat\/iesgallecs\/wp-json\/wp\/v2\/media?parent=4215"}],"curies":[{"name":"wp","href":"https:\/\/api.w.org\/{rel}","templated":true}]}}

<p dir="ltr"><a href="https://sites.google.com/insgallecs.cat/sostenibilitat-gallecs/p%C3%A0gina-principal" target="_blank" rel="noopener">Accés al Sites de &#8220;Gallecs sostenible&#8221;.</a></p>
<p dir="ltr">L’Institut Gallecs forma part de l’entorn natural de Gallecs que és un espai rural comprès entre els termes municipals de Mollet del Vallès i Parets del Vallès (Vallès Oriental) i que engloba una àrea natural de 755 hectàrees.</p>
<p dir="ltr">Volem que el nostre alumnat s’impliqui en la relació amb el medi des del vincle amb el Centre i amb el seu entorn proper per poder assolir dos objectius bàsics en educació mediambiental:</p>
<p dir="ltr">Valorar críticament els hàbits socials relacionats amb la salut, l&#8217;alimentació, el consum, la cura, la consideració i el respecte cap als éssers vius, i contribuir a la conservació i millora del medi ambient.</p>
<p dir="ltr">Prendre consciència de les problemàtiques que té plantejades la humanitat i que es concreten en els objectius de desenvolupament sostenible.</p>
<p dir="ltr">Des de l’Institut Gallecs ens comprometem a refermar el nostre compromís amb el nostre entorn amb el desenvolupament del projecte de sostenibilitat com a un dels eixos vertebradors del centre. Les diferents iniciatives han d’involucar tota la comunitat educativa, començant per l&#8217;alumnat i el professorat des de dins de les pròpies aules, i obrint-se a la participació de les famílies i col·laboració amb entitats de l&#8217;entorn.</p>
<p dir="ltr">L’Educació per la sostenibilitat forma part de l&#8217;essència de la formació de l&#8217;alumnat al llarg de totes les etapes educatives, inserida a les matèries i a projectes d’àmbit del nostre centre. (per tal d&#8217;ambientalitzar el currículum). Tot el desplegament curricular del Projecte mediambientals té en compte l’adaptació i l’aplicació directa als Objectius de Desenvolupament Sostenible.</p>
<div class="ast-oembed-container " style="height: 100%;"><iframe loading="lazy" title="Gallecs sostenible" width="500" height="281" src="https://www.youtube.com/embed/7Lyoj7kBiVU?feature=oembed" frameborder="0" allow="accelerometer; autoplay; clipboard-write; encrypted-media; gyroscope; picture-in-picture; web-share" referrerpolicy="strict-origin-when-cross-origin" allowfullscreen></iframe></div>
<p>L’Institut Gallecs tanca els seus projectes de residus especials amb molt bons resultats.<br />
Pel que fa a la recollida de material electrònic obsolet, un cop més hem participat en el projecte Generació Reset i s’han lliurat 18 CPU, 40 monitors, 2 televisors, 3 pantalles digitals interactives, 2 altaveus i 5 mòbils a l’Associació Andròmines, una entitat de “quilòmetre zero” que es dedica a la gestió de residus mitjançant programes d’inserció social/laboral.</p>
<p><a href="https://agora.xtec.cat/iesgallecs/wp-content/uploads/usu1971/2024/06/Diseno-sin-titulo-1.png"><img loading="lazy" decoding="async" class="aligncenter wp-image-5915" src="https://agora.xtec.cat/iesgallecs/wp-content/uploads/usu1971/2024/06/Diseno-sin-titulo-1.png" sizes="auto, (max-width: 701px) 100vw, 701px" srcset="https://agora.xtec.cat/iesgallecs/wp-content/uploads/usu1971/2024/06/Diseno-sin-titulo-1.png 800w, https://agora.xtec.cat/iesgallecs/wp-content/uploads/usu1971/2024/06/Diseno-sin-titulo-1-300x263.png 300w, https://agora.xtec.cat/iesgallecs/wp-content/uploads/usu1971/2024/06/Diseno-sin-titulo-1-768x672.png 768w" alt="" width="701" height="613" /></a><br />
En l’apartat del material d’escriptura el projecte continua creixent; actualment gestionem el material de 6 centres educatius a més del nostre (Montseny, Cal Músic, Sant Vicenç, Federico García Lorca, Abelló, Vicenç Plantada) i hem aconseguit recollir una massa de 27,8 kg que ja s’han enviat al gestor final, Terracycle. del total, 11 kg els hem recollit al nostre institut.</p>
<p>&nbsp;</p>
<p><a href="https://agora.xtec.cat/iesgallecs/wp-content/uploads/usu1971/2024/06/Diseno-sin-titulo-1-1.png"><img loading="lazy" decoding="async" class="aligncenter wp-image-5916" src="https://agora.xtec.cat/iesgallecs/wp-content/uploads/usu1971/2024/06/Diseno-sin-titulo-1-1.png" sizes="auto, (max-width: 704px) 100vw, 704px" srcset="https://agora.xtec.cat/iesgallecs/wp-content/uploads/usu1971/2024/06/Diseno-sin-titulo-1-1.png 800w, https://agora.xtec.cat/iesgallecs/wp-content/uploads/usu1971/2024/06/Diseno-sin-titulo-1-1-300x263.png 300w, https://agora.xtec.cat/iesgallecs/wp-content/uploads/usu1971/2024/06/Diseno-sin-titulo-1-1-768x672.png 768w" alt="" width="704" height="616" /></a><br />
Finalment, enguany hem iniciat un projecte nou: la recollida de material d’higiene bucodental. En aquest projecte col·laborem amb l’Escola Sant Vicenç, que són els gestors municipals i ja han rebut la nostra aportació.</p>

<p>Accés al Sites de &#8220;Gallecs sostenible&#8221;. L’Institut Gallecs forma part de l’entorn natural de Gallecs que és un espai rural comprès entre els termes municipals de Mollet del Vallès i Parets del Vallès (Vallès Oriental) i que engloba una àrea natural de 755 hectàrees. Volem que el nostre alumnat s’impliqui en la relació amb el [&hellip;]</p>
