{"id":4078,"date":"2022-12-01T12:52:14","date_gmt":"2022-12-01T11:52:14","guid":{"rendered":"https:\/\/agora.xtec.cat\/iesgallecs\/?page_id=4078"},"modified":"2026-02-20T12:49:02","modified_gmt":"2026-02-20T11:49:02","slug":"cfgm-gestio-administrativa","status":"publish","type":"page","link":"https:\/\/agora.xtec.cat\/iesgallecs\/cicles-formatius\/administracio-i-gestio\/cfgm-gestio-administrativa\/","title":{"rendered":"CFGM &#8211; Gesti\u00f3 Administrativa"},"content":{"rendered":"<div class=\"ast-oembed-container \" style=\"height: 100%;\"><iframe loading=\"lazy\" title=\"Cicles Formatius- Departament d&#039;Administraci\u00f3 i Gesti\u00f3\" width=\"500\" height=\"281\" src=\"https:\/\/www.youtube.com\/embed\/rvesjr7-8CA?feature=oembed\" frameborder=\"0\" allow=\"accelerometer; autoplay; clipboard-write; encrypted-media; gyroscope; picture-in-picture; web-share\" referrerpolicy=\"strict-origin-when-cross-origin\" allowfullscreen><\/iframe><\/div>\n<p class=\"entry-title\"><span style=\"text-decoration: underline;\">CFGM \u2013 Gesti\u00f3 Administrativa<\/span><\/p>\n<p><strong>M\u00f2duls Professionals<\/strong><\/p>\n<table>\n<tbody>\n<tr>\n<td width=\"566\"><strong>Primer curs<\/strong><\/td>\n<\/tr>\n<tr>\n<td width=\"566\">\u00b7\u00a0\u00a0\u00a0\u00a0\u00a0\u00a0\u00a0\u00a0 Comunicaci\u00f3 empresarial i atenci\u00f3 al client<\/td>\n<\/tr>\n<tr>\n<td width=\"566\">\u00b7\u00a0\u00a0\u00a0\u00a0\u00a0\u00a0\u00a0\u00a0 Operacions administratives de compravenda<\/td>\n<\/tr>\n<tr>\n<td width=\"566\">\u00b7\u00a0\u00a0\u00a0\u00a0\u00a0\u00a0\u00a0\u00a0 Empresa i administraci\u00f3<\/td>\n<\/tr>\n<tr>\n<td width=\"566\">\u00b7\u00a0\u00a0\u00a0\u00a0\u00a0\u00a0\u00a0\u00a0 Tractament inform\u00e0tic de la informaci\u00f3<\/td>\n<\/tr>\n<tr>\n<td width=\"566\">\u00b7\u00a0\u00a0\u00a0\u00a0\u00a0\u00a0\u00a0\u00a0 T\u00e8cnica comptable<\/td>\n<\/tr>\n<tr>\n<td width=\"566\">\u00b7\u00a0\u00a0\u00a0\u00a0\u00a0\u00a0\u00a0\u00a0 Operacions auxiliars de gesti\u00f3 de tresoreria<\/td>\n<\/tr>\n<tr>\n<td width=\"566\">\u00b7\u00a0\u00a0\u00a0\u00a0\u00a0\u00a0\u00a0\u00a0 Catal\u00e0 \/ Aran\u00e8s professional.<\/td>\n<\/tr>\n<tr>\n<td width=\"566\">\u00b7\u00a0\u00a0\u00a0\u00a0\u00a0\u00a0\u00a0\u00a0 Itinerari personal per a l&#8217;ocupabilitat I<\/td>\n<\/tr>\n<\/tbody>\n<\/table>\n<p><strong>\u00a0<\/strong><\/p>\n<table>\n<tbody>\n<tr>\n<td width=\"566\"><strong>Segon curs<\/strong><\/td>\n<\/tr>\n<tr>\n<td width=\"566\">\u00b7\u00a0\u00a0\u00a0\u00a0\u00a0\u00a0\u00a0\u00a0 Operacions administratives de recursos humans<\/td>\n<\/tr>\n<tr>\n<td width=\"566\">\u00b7\u00a0\u00a0\u00a0\u00a0\u00a0\u00a0\u00a0\u00a0 Tractament de la documentaci\u00f3 comptable<\/td>\n<\/tr>\n<tr>\n<td width=\"566\">\u00b7\u00a0\u00a0\u00a0\u00a0\u00a0\u00a0\u00a0\u00a0 Empresa a l\u2019aula<\/td>\n<\/tr>\n<tr>\n<td width=\"566\">\u00b7\u00a0\u00a0\u00a0\u00a0\u00a0\u00a0\u00a0\u00a0 Angl\u00e8s professional.<\/td>\n<\/tr>\n<tr>\n<td width=\"566\">\u00b7\u00a0\u00a0\u00a0\u00a0\u00a0\u00a0\u00a0\u00a0 Sostenibilitat aplicada al sistema productiu<\/td>\n<\/tr>\n<tr>\n<td width=\"566\">\u00b7\u00a0\u00a0\u00a0\u00a0\u00a0\u00a0\u00a0\u00a0 Digitalitzaci\u00f3 aplicada als sectors productius<\/td>\n<\/tr>\n<tr>\n<td width=\"566\">\u00b7\u00a0\u00a0\u00a0\u00a0\u00a0\u00a0\u00a0\u00a0 Itinerari personal per a l&#8217;ocupabilitat II<\/td>\n<\/tr>\n<tr>\n<td width=\"566\">\u00b7\u00a0\u00a0\u00a0\u00a0\u00a0\u00a0\u00a0\u00a0 Projecte intermodular<\/td>\n<\/tr>\n<tr>\n<td width=\"566\">\u00b7\u00a0\u00a0\u00a0\u00a0\u00a0\u00a0\u00a0\u00a0 Optativa<\/td>\n<\/tr>\n<\/tbody>\n<\/table>\n<p><strong>Compet\u00e8ncia general<\/strong><\/p>\n<p>La compet\u00e8ncia general d\u2019aquest t\u00edtol consisteix a activitats de suport administratiu en l\u2019\u00e0mbit laboral, comptable, comercial, financer i fiscal, aix\u00ed com d\u2019atenci\u00f3 al client\/usuari, tant en empreses p\u00fabliques com en empreses privades, aplicant la normativa vigent i protocols de qualitat, assegurant la satisfacci\u00f3 del client i actuant segons les normes de prevenci\u00f3 de riscos laborals i de protecci\u00f3 ambiental.<\/p>\n<p><strong>Compet\u00e8ncies professionals<\/strong><\/p>\n<ul>\n<li>Tramitar documents o comunicacions internes o externes en els circuits d\u2019informaci\u00f3 de l\u2019empresa.<\/li>\n<li>Elaborar documents i comunicacions a partir d\u2019ordres rebudes o informaci\u00f3 obtinguda.<\/li>\n<li>Classificar, registrar i arxivar comunicacions i documents segons les t\u00e8cniques apropiades i els par\u00e0metres establerts en l\u2019empresa.<\/li>\n<li>Registrar comptablement la documentaci\u00f3 suport corresponent a l\u2019operativa de l\u2019empresa e condicions de seguretat i qualitat.<\/li>\n<li>Realitzar gestions administratives de tresoreria, seguint les normes i protocols establerts per la ger\u00e8ncia a fi de mantenir la liquiditat de l\u2019organitzaci\u00f3.<\/li>\n<li>Efectuar les gestions administratives de les \u00e0rees de selecci\u00f3 i formaci\u00f3 dels recursos humans de l\u2019empresa, ajustant-se a la normativa vigent i a la pol\u00edtica empresarial, sota la supervisi\u00f3 del responsable superior del departament.<\/li>\n<li>Donar suport administratiu en l\u2019\u00e0rea de gesti\u00f3 laboral de l\u2019empresa ajustant-se a la normativa vigent i sota la supervisi\u00f3 del responsable superior del departament.<\/li>\n<li>Realitzar les gestions administratives de l\u2019activitat comercial registrant la documentaci\u00f3 suport corresponent a determinades obligacions fiscals derivades.<\/li>\n<li>Desenvolupar les activitats d\u2019atenci\u00f3 al client\/usuari en l\u2019\u00e0mbit administratiu i comercial assegurant els nivells de qualitat establerts i relacionats amb la imatge de l\u2019empresa\/instituci\u00f3.<\/li>\n<li>Aplicar els protocols de seguretat laboral i ambiental, higiene i qualitat durant tot el proc\u00e9s productiu, per evitar danys en les persones i el medi ambient.<\/li>\n<li>Complir amb els objectius de la producci\u00f3, actuant conforme als principis de responsabilitat i mantenint unes relacions professionals adequades amb els membres de l\u2019equip de treball.<\/li>\n<li>Resoldre problemes i prendre decisions individuals seguint les normes i procediments establerts, definits dins de l\u2019\u00e0mbit de la seva compet\u00e8ncia.<\/li>\n<li>Mantenir l\u2019esperit d\u2019innovaci\u00f3, de millora dels processos de producci\u00f3 i d\u2019actualitzaci\u00f3 de coneixements en l\u2019\u00e0mbit del seu treball.<\/li>\n<li>Exercir els seus drets i complir amb les obligacions derivades de les relacions laborals, d\u2019acord amb l\u2019establert en la legislaci\u00f3 vigent.<\/li>\n<li>Detectar i analitzar oportunitats d\u2019ocupaci\u00f3 i autoocupaci\u00f3 desenvolupant una cultura emprenedora i adaptant-se a diferents llocs de treball i noves situacions.<\/li>\n<li>Participar de forma activa en la vida econ\u00f2mica, social i cultural, amb una actitud cr\u00edtica i responsable.<\/li>\n<li>Participar en les activitats de l\u2019empresa amb respecte i actituds de toler\u00e0ncia.<\/li>\n<li>Adaptar-se a diferents llocs de treball i noves situacions laborals originats per canvis tecnol\u00f2gics i organitzatius en els processos productius.<\/li>\n<li>Participar en el treball en equip respectant la jerarquia definida en l\u2019organitzaci\u00f3.<\/li>\n<\/ul>\n<p><strong>Sortides professionals<\/strong><\/p>\n<p>Els nostres alumnes treballen a&#8230;<\/p>\n<p><a href=\"https:\/\/agora.xtec.cat\/iesgallecs\/wp-content\/uploads\/usu1971\/2026\/02\/actualitzacio-pagina-web-gad.jpg\"><img loading=\"lazy\" decoding=\"async\" class=\"aligncenter size-full wp-image-7304\" src=\"https:\/\/agora.xtec.cat\/iesgallecs\/wp-content\/uploads\/usu1971\/2026\/02\/actualitzacio-pagina-web-gad.jpg\" alt=\"\" width=\"898\" height=\"502\" srcset=\"https:\/\/agora.xtec.cat\/iesgallecs\/wp-content\/uploads\/usu1971\/2026\/02\/actualitzacio-pagina-web-gad.jpg 898w, https:\/\/agora.xtec.cat\/iesgallecs\/wp-content\/uploads\/usu1971\/2026\/02\/actualitzacio-pagina-web-gad-300x168.jpg 300w, https:\/\/agora.xtec.cat\/iesgallecs\/wp-content\/uploads\/usu1971\/2026\/02\/actualitzacio-pagina-web-gad-768x429.jpg 768w\" sizes=\"auto, (max-width: 898px) 100vw, 898px\" \/><\/a><\/p>\n","protected":false},"excerpt":{"rendered":"<p>CFGM \u2013 Gesti\u00f3 Administrativa M\u00f2duls Professionals Primer curs \u00b7\u00a0\u00a0\u00a0\u00a0\u00a0\u00a0\u00a0\u00a0 Comunicaci\u00f3 empresarial i atenci\u00f3 al client \u00b7\u00a0\u00a0\u00a0\u00a0\u00a0\u00a0\u00a0\u00a0 Operacions administratives de compravenda \u00b7\u00a0\u00a0\u00a0\u00a0\u00a0\u00a0\u00a0\u00a0 Empresa i administraci\u00f3 \u00b7\u00a0\u00a0\u00a0\u00a0\u00a0\u00a0\u00a0\u00a0 Tractament inform\u00e0tic de la informaci\u00f3 \u00b7\u00a0\u00a0\u00a0\u00a0\u00a0\u00a0\u00a0\u00a0 T\u00e8cnica comptable \u00b7\u00a0\u00a0\u00a0\u00a0\u00a0\u00a0\u00a0\u00a0 Operacions auxiliars de gesti\u00f3 de tresoreria \u00b7\u00a0\u00a0\u00a0\u00a0\u00a0\u00a0\u00a0\u00a0 Catal\u00e0 \/ Aran\u00e8s professional. \u00b7\u00a0\u00a0\u00a0\u00a0\u00a0\u00a0\u00a0\u00a0 Itinerari personal per a l&#8217;ocupabilitat I \u00a0 Segon curs [&hellip;]<\/p>\n","protected":false},"author":36,"featured_media":0,"parent":2733,"menu_order":0,"comment_status":"closed","ping_status":"closed","template":"","meta":{"site-sidebar-layout":"default","site-content-layout":"","ast-site-content-layout":"default","site-content-style":"default","site-sidebar-style":"default","ast-global-header-display":"","ast-banner-title-visibility":"","ast-main-header-display":"","ast-hfb-above-header-display":"","ast-hfb-below-header-display":"","ast-hfb-mobile-header-display":"","site-post-title":"","ast-breadcrumbs-content":"","ast-featured-img":"","footer-sml-layout":"","theme-transparent-header-meta":"default","adv-header-id-meta":"","stick-header-meta":"","header-above-stick-meta":"","header-main-stick-meta":"","header-below-stick-meta":"","astra-migrate-meta-layouts":"set","ast-page-background-enabled":"default","ast-page-background-meta":{"desktop":{"background-color":"var(--ast-global-color-5)","background-image":"","background-repeat":"repeat","background-position":"center center","background-size":"auto","background-attachment":"scroll","background-type":"","background-media":"","overlay-type":"","overlay-color":"","overlay-opacity":"","overlay-gradient":""},"tablet":{"background-color":"","background-image":"","background-repeat":"repeat","background-position":"center center","background-size":"auto","background-attachment":"scroll","background-type":"","background-media":"","overlay-type":"","overlay-color":"","overlay-opacity":"","overlay-gradient":""},"mobile":{"background-color":"","background-image":"","background-repeat":"repeat","background-position":"center center","background-size":"auto","background-attachment":"scroll","background-type":"","background-media":"","overlay-type":"","overlay-color":"","overlay-opacity":"","overlay-gradient":""}},"ast-content-background-meta":{"desktop":{"background-color":"var(--ast-global-color-4)","background-image":"","background-repeat":"repeat","background-position":"center center","background-size":"auto","background-attachment":"scroll","background-type":"","background-media":"","overlay-type":"","overlay-color":"","overlay-opacity":"","overlay-gradient":""},"tablet":{"background-color":"var(--ast-global-color-4)","background-image":"","background-repeat":"repeat","background-position":"center center","background-size":"auto","background-attachment":"scroll","background-type":"","background-media":"","overlay-type":"","overlay-color":"","overlay-opacity":"","overlay-gradient":""},"mobile":{"background-color":"var(--ast-global-color-4)","background-image":"","background-repeat":"repeat","background-position":"center center","background-size":"auto","background-attachment":"scroll","background-type":"","background-media":"","overlay-type":"","overlay-color":"","overlay-opacity":"","overlay-gradient":""}},"footnotes":""},"class_list":["post-4078","page","type-page","status-publish","hentry"],"post_mailing_queue_ids":[],"_links":{"self":[{"href":"https:\/\/agora.xtec.cat\/iesgallecs\/wp-json\/wp\/v2\/pages\/4078","targetHints":{"allow":["GET"]}}],"collection":[{"href":"https:\/\/agora.xtec.cat\/iesgallecs\/wp-json\/wp\/v2\/pages"}],"about":[{"href":"https:\/\/agora.xtec.cat\/iesgallecs\/wp-json\/wp\/v2\/types\/page"}],"author":[{"embeddable":true,"href":"https:\/\/agora.xtec.cat\/iesgallecs\/wp-json\/wp\/v2\/users\/36"}],"replies":[{"embeddable":true,"href":"https:\/\/agora.xtec.cat\/iesgallecs\/wp-json\/wp\/v2\/comments?post=4078"}],"version-history":[{"count":6,"href":"https:\/\/agora.xtec.cat\/iesgallecs\/wp-json\/wp\/v2\/pages\/4078\/revisions"}],"predecessor-version":[{"id":7313,"href":"https:\/\/agora.xtec.cat\/iesgallecs\/wp-json\/wp\/v2\/pages\/4078\/revisions\/7313"}],"up":[{"embeddable":true,"href":"https:\/\/agora.xtec.cat\/iesgallecs\/wp-json\/wp\/v2\/pages\/2733"}],"wp:attachment":[{"href":"https:\/\/agora.xtec.cat\/iesgallecs\/wp-json\/wp\/v2\/media?parent=4078"}],"curies":[{"name":"wp","href":"https:\/\/api.w.org\/{rel}","templated":true}]}}

CFGM &#8211; Gestió Administrativa

<div class="ast-oembed-container " style="height: 100%;"><iframe loading="lazy" title="Cicles Formatius- Departament d&#039;Administració i Gestió" width="500" height="281" src="https://www.youtube.com/embed/rvesjr7-8CA?feature=oembed" frameborder="0" allow="accelerometer; autoplay; clipboard-write; encrypted-media; gyroscope; picture-in-picture; web-share" referrerpolicy="strict-origin-when-cross-origin" allowfullscreen></iframe></div>
<p class="entry-title"><span style="text-decoration: underline;">CFGM – Gestió Administrativa</span></p>
<p><strong>Mòduls Professionals</strong></p>
<table>
<tbody>
<tr>
<td width="566"><strong>Primer curs</strong></td>
</tr>
<tr>
<td width="566">·         Comunicació empresarial i atenció al client</td>
</tr>
<tr>
<td width="566">·         Operacions administratives de compravenda</td>
</tr>
<tr>
<td width="566">·         Empresa i administració</td>
</tr>
<tr>
<td width="566">·         Tractament informàtic de la informació</td>
</tr>
<tr>
<td width="566">·         Tècnica comptable</td>
</tr>
<tr>
<td width="566">·         Operacions auxiliars de gestió de tresoreria</td>
</tr>
<tr>
<td width="566">·         Català / Aranès professional.</td>
</tr>
<tr>
<td width="566">·         Itinerari personal per a l&#8217;ocupabilitat I</td>
</tr>
</tbody>
</table>
<p><strong> </strong></p>
<table>
<tbody>
<tr>
<td width="566"><strong>Segon curs</strong></td>
</tr>
<tr>
<td width="566">·         Operacions administratives de recursos humans</td>
</tr>
<tr>
<td width="566">·         Tractament de la documentació comptable</td>
</tr>
<tr>
<td width="566">·         Empresa a l’aula</td>
</tr>
<tr>
<td width="566">·         Anglès professional.</td>
</tr>
<tr>
<td width="566">·         Sostenibilitat aplicada al sistema productiu</td>
</tr>
<tr>
<td width="566">·         Digitalització aplicada als sectors productius</td>
</tr>
<tr>
<td width="566">·         Itinerari personal per a l&#8217;ocupabilitat II</td>
</tr>
<tr>
<td width="566">·         Projecte intermodular</td>
</tr>
<tr>
<td width="566">·         Optativa</td>
</tr>
</tbody>
</table>
<p><strong>Competència general</strong></p>
<p>La competència general d’aquest títol consisteix a activitats de suport administratiu en l’àmbit laboral, comptable, comercial, financer i fiscal, així com d’atenció al client/usuari, tant en empreses públiques com en empreses privades, aplicant la normativa vigent i protocols de qualitat, assegurant la satisfacció del client i actuant segons les normes de prevenció de riscos laborals i de protecció ambiental.</p>
<p><strong>Competències professionals</strong></p>
<ul>
<li>Tramitar documents o comunicacions internes o externes en els circuits d’informació de l’empresa.</li>
<li>Elaborar documents i comunicacions a partir d’ordres rebudes o informació obtinguda.</li>
<li>Classificar, registrar i arxivar comunicacions i documents segons les tècniques apropiades i els paràmetres establerts en l’empresa.</li>
<li>Registrar comptablement la documentació suport corresponent a l’operativa de l’empresa e condicions de seguretat i qualitat.</li>
<li>Realitzar gestions administratives de tresoreria, seguint les normes i protocols establerts per la gerència a fi de mantenir la liquiditat de l’organització.</li>
<li>Efectuar les gestions administratives de les àrees de selecció i formació dels recursos humans de l’empresa, ajustant-se a la normativa vigent i a la política empresarial, sota la supervisió del responsable superior del departament.</li>
<li>Donar suport administratiu en l’àrea de gestió laboral de l’empresa ajustant-se a la normativa vigent i sota la supervisió del responsable superior del departament.</li>
<li>Realitzar les gestions administratives de l’activitat comercial registrant la documentació suport corresponent a determinades obligacions fiscals derivades.</li>
<li>Desenvolupar les activitats d’atenció al client/usuari en l’àmbit administratiu i comercial assegurant els nivells de qualitat establerts i relacionats amb la imatge de l’empresa/institució.</li>
<li>Aplicar els protocols de seguretat laboral i ambiental, higiene i qualitat durant tot el procés productiu, per evitar danys en les persones i el medi ambient.</li>
<li>Complir amb els objectius de la producció, actuant conforme als principis de responsabilitat i mantenint unes relacions professionals adequades amb els membres de l’equip de treball.</li>
<li>Resoldre problemes i prendre decisions individuals seguint les normes i procediments establerts, definits dins de l’àmbit de la seva competència.</li>
<li>Mantenir l’esperit d’innovació, de millora dels processos de producció i d’actualització de coneixements en l’àmbit del seu treball.</li>
<li>Exercir els seus drets i complir amb les obligacions derivades de les relacions laborals, d’acord amb l’establert en la legislació vigent.</li>
<li>Detectar i analitzar oportunitats d’ocupació i autoocupació desenvolupant una cultura emprenedora i adaptant-se a diferents llocs de treball i noves situacions.</li>
<li>Participar de forma activa en la vida econòmica, social i cultural, amb una actitud crítica i responsable.</li>
<li>Participar en les activitats de l’empresa amb respecte i actituds de tolerància.</li>
<li>Adaptar-se a diferents llocs de treball i noves situacions laborals originats per canvis tecnològics i organitzatius en els processos productius.</li>
<li>Participar en el treball en equip respectant la jerarquia definida en l’organització.</li>
</ul>
<p><strong>Sortides professionals</strong></p>
<p>Els nostres alumnes treballen a&#8230;</p>
<p><a href="https://agora.xtec.cat/iesgallecs/wp-content/uploads/usu1971/2026/02/actualitzacio-pagina-web-gad.jpg"><img loading="lazy" decoding="async" class="aligncenter size-full wp-image-7304" src="https://agora.xtec.cat/iesgallecs/wp-content/uploads/usu1971/2026/02/actualitzacio-pagina-web-gad.jpg" alt="" width="898" height="502" srcset="https://agora.xtec.cat/iesgallecs/wp-content/uploads/usu1971/2026/02/actualitzacio-pagina-web-gad.jpg 898w, https://agora.xtec.cat/iesgallecs/wp-content/uploads/usu1971/2026/02/actualitzacio-pagina-web-gad-300x168.jpg 300w, https://agora.xtec.cat/iesgallecs/wp-content/uploads/usu1971/2026/02/actualitzacio-pagina-web-gad-768x429.jpg 768w" sizes="auto, (max-width: 898px) 100vw, 898px" /></a></p>

<p>CFGM – Gestió Administrativa Mòduls Professionals Primer curs ·         Comunicació empresarial i atenció al client ·         Operacions administratives de compravenda ·         Empresa i administració ·         Tractament informàtic de la informació ·         Tècnica comptable ·         Operacions auxiliars de gestió de tresoreria ·         Català / Aranès professional. ·         Itinerari personal per a l&#8217;ocupabilitat I   Segon curs [&hellip;]</p>
