{"id":4075,"date":"2022-12-01T12:51:06","date_gmt":"2022-12-01T11:51:06","guid":{"rendered":"https:\/\/agora.xtec.cat\/iesgallecs\/?page_id=4075"},"modified":"2026-02-28T20:25:41","modified_gmt":"2026-02-28T19:25:41","slug":"cfgs-integracio-social","status":"publish","type":"page","link":"https:\/\/agora.xtec.cat\/iesgallecs\/cicles-formatius\/serveis-socioculturals-i-a-la-comunitat\/cfgs-integracio-social\/","title":{"rendered":"CFGS- Integraci\u00f3 Social"},"content":{"rendered":"<p><center><\/center>&nbsp;<\/p>\n<div class=\"ast-oembed-container \" style=\"height: 100%;\"><iframe loading=\"lazy\" title=\"CFGS Integraci\u00f3 Social\" width=\"500\" height=\"281\" src=\"https:\/\/www.youtube.com\/embed\/Qbc-3DmLIEg?feature=oembed\" frameborder=\"0\" allow=\"accelerometer; autoplay; clipboard-write; encrypted-media; gyroscope; picture-in-picture; web-share\" referrerpolicy=\"strict-origin-when-cross-origin\" allowfullscreen><\/iframe><\/div>\n<p><strong>Compet\u00e8ncia general<\/strong><\/p>\n<p>Programar, organitzar, implementar i avaluar les intervencions d\u2019integraci\u00f3 social aplicant estrat\u00e8gies i t\u00e8cniques espec\u00edfiques, promovent la igualtat d\u2019oportunitats, actuant en tot moment amb una actitud de respecte cap a les persones destinat\u00e0ries i garantint la creaci\u00f3 d\u2019entorns segurs tant per a les persones destinat\u00e0ries com per al professional.<\/p>\n<p><strong>Compet\u00e8ncies i perfils professionals\u00a0<\/strong><\/p>\n<ul>\n<li>Programar, organitzar i avaluar les intervencions d\u2019integraci\u00f3 social.<\/li>\n<li>Desenvolupar les intervencions dirigides a l\u2019entrenament i a l\u2019adquisici\u00f3 d\u2019habilitats d\u2019autonomia personal i social.<\/li>\n<li>Establir, adaptar i aplicar sistemes alternatius de comunicaci\u00f3.<\/li>\n<li>Identificar i concretar les caracter\u00edstiques i necessitats del context social de la intervenci\u00f3<\/li>\n<li>Prevenir conflictes entre diferents persones, actors i col\u00b7lectius socials.<\/li>\n<li>Organitzar i implementar el proc\u00e9s de gesti\u00f3 de conflictes.<\/li>\n<li>Realitzar la valoraci\u00f3, el seguiment i la difusi\u00f3 de la mediaci\u00f3 com una via de gesti\u00f3 de conflictes.<\/li>\n<li>Incorporar la perspectiva de g\u00e8nere en els projectes d\u2019intervenci\u00f3 social.<\/li>\n<li>Gestionar la informaci\u00f3 sobre els recursos sociolaborals i formatius i col\u00b7laborar en l\u2019an\u00e0lisi de llocs de treball per a la inserci\u00f3 sociolaboral de persones amb discapacitat.<\/li>\n<li>Realitzar les intervencions dirigides a l\u2019entrenament per a l\u2019adquisici\u00f3 i desenvolupament d\u2019habilitats sociolaborals en les persones amb discapacitat.<\/li>\n<li>Recolzar en el proc\u00e9s d\u2019inserci\u00f3 sociolaboral de persones amb discapacitat<\/li>\n<li>Efectuar el seguiment de la inserci\u00f3 sociolaboral amb l\u2019empresa, l\u2019usuari i el seu entorn personal.<\/li>\n<li>Detectar, generar i utilitzar recursos socials i comunitaris per a la realitzaci\u00f3 d\u2019intervencions socioeducatives amb persones amb discapacitat.<\/li>\n<li>Organitzar i realitzar l\u2019acompanyament de persones amb discapacitat en la realitzaci\u00f3 d\u2019activitats programades.<\/li>\n<li>Organitzar, desenvolupar i avaluar processos d\u2019inclusi\u00f3 de persones amb discapacitat en espais de lleure i temps lliure<\/li>\n<li>Organitzar i desenvolupar l\u2019entrenament en estrat\u00e8gies cognitives b\u00e0siques i alfabetitzaci\u00f3 tecnol\u00f2gica per a persones amb discapacitat, en col\u00b7laboraci\u00f3 amb professionals de nivell superior.<\/li>\n<li>Actuar, orientar i recolzar les fam\u00edlies de persones amb discapacitat, en col\u00b7laboraci\u00f3 amb professionals de nivell superior.<\/li>\n<li>Executar, en col\u00b7laboraci\u00f3 amb el tutor\/a i\/o amb l\u2019equip interdisciplinari del centre educatiu, els programes educatius de l\u2019alumnat amb necessitats educatives especials (ACNEE) a la seva aula de refer\u00e8ncia.<\/li>\n<li>Implementar els programes d\u2019autonomia i higiene personal a la neteja de l\u2019alumnat amb necessitats educatives especials (ACNEE), participant amb l\u2019equip interdisciplinari del centre educatiu.<\/li>\n<li>Dinamitzar la planificaci\u00f3, desenvolupament i avaluaci\u00f3 d\u2019intervencions i projectes comunitaris i de participaci\u00f3 ciutadana que es desenvolupin entre els diferents agents que configuren una comunitat o una zona territorial.<\/li>\n<li>Establir estrat\u00e8gies de comunicaci\u00f3 i difusi\u00f3 dels diferents projectes i actuacions comunit\u00e0ries.<\/li>\n<\/ul>\n<p><span style=\"text-decoration: underline;\"><strong>M\u00f2duls professionals<\/strong><\/span><\/p>\n<p><span style=\"text-decoration: underline;\"><strong>Primer curs<\/strong><\/span><\/p>\n<ul>\n<li>Habilitats Socials<\/li>\n<li>Primers auxilis<\/li>\n<li>Angl\u00e8s Professional d&#8217;Integraci\u00f3 Social<\/li>\n<li>Context de la Intervenci\u00f3 Social<\/li>\n<li>Mediaci\u00f3 Comunit\u00e0ria<\/li>\n<li>Suport a la Intervenci\u00f3 Educativa<\/li>\n<li>Promoci\u00f3 de l&#8217;Autonomia Personal<\/li>\n<li>Metodologia de la Intervenci\u00f3 Social<\/li>\n<li>Digitalitzaci\u00f3 Aplicada als Sectors Productius<\/li>\n<li>Sostenibilitat Aplicada al Sector Productiu<\/li>\n<li>Itinerari Personal per a l&#8217;Ocupabilitat I<\/li>\n<\/ul>\n<p><span style=\"text-decoration: underline;\"><strong>Segon curs<\/strong><\/span><\/p>\n<ul>\n<li>Inserci\u00f3 sociolaboral<\/li>\n<li>Atenci\u00f3 a les unitats de conviv\u00e8ncia<\/li>\n<li>Sistemes augmentatius i alternatius de comunicaci\u00f3<\/li>\n<li>Itinerari Personal per a l&#8217;Ocupabilitat II<\/li>\n<li>M\u00f2dul optatiu: desenvolupament comunitari.<\/li>\n<li>Projecte d&#8217;integraci\u00f3 social<\/li>\n<\/ul>\n","protected":false},"excerpt":{"rendered":"<p>&nbsp; Compet\u00e8ncia general Programar, organitzar, implementar i avaluar les intervencions d\u2019integraci\u00f3 social aplicant estrat\u00e8gies i t\u00e8cniques espec\u00edfiques, promovent la igualtat d\u2019oportunitats, actuant en tot moment amb una actitud de respecte cap a les persones destinat\u00e0ries i garantint la creaci\u00f3 d\u2019entorns segurs tant per a les persones destinat\u00e0ries com per al professional. Compet\u00e8ncies i perfils professionals\u00a0 [&hellip;]<\/p>\n","protected":false},"author":36,"featured_media":0,"parent":2754,"menu_order":3,"comment_status":"closed","ping_status":"closed","template":"","meta":{"site-sidebar-layout":"default","site-content-layout":"","ast-site-content-layout":"default","site-content-style":"default","site-sidebar-style":"default","ast-global-header-display":"","ast-banner-title-visibility":"","ast-main-header-display":"","ast-hfb-above-header-display":"","ast-hfb-below-header-display":"","ast-hfb-mobile-header-display":"","site-post-title":"","ast-breadcrumbs-content":"","ast-featured-img":"","footer-sml-layout":"","theme-transparent-header-meta":"default","adv-header-id-meta":"","stick-header-meta":"","header-above-stick-meta":"","header-main-stick-meta":"","header-below-stick-meta":"","astra-migrate-meta-layouts":"set","ast-page-background-enabled":"default","ast-page-background-meta":{"desktop":{"background-color":"var(--ast-global-color-5)","background-image":"","background-repeat":"repeat","background-position":"center center","background-size":"auto","background-attachment":"scroll","background-type":"","background-media":"","overlay-type":"","overlay-color":"","overlay-opacity":"","overlay-gradient":""},"tablet":{"background-color":"","background-image":"","background-repeat":"repeat","background-position":"center center","background-size":"auto","background-attachment":"scroll","background-type":"","background-media":"","overlay-type":"","overlay-color":"","overlay-opacity":"","overlay-gradient":""},"mobile":{"background-color":"","background-image":"","background-repeat":"repeat","background-position":"center center","background-size":"auto","background-attachment":"scroll","background-type":"","background-media":"","overlay-type":"","overlay-color":"","overlay-opacity":"","overlay-gradient":""}},"ast-content-background-meta":{"desktop":{"background-color":"var(--ast-global-color-4)","background-image":"","background-repeat":"repeat","background-position":"center center","background-size":"auto","background-attachment":"scroll","background-type":"","background-media":"","overlay-type":"","overlay-color":"","overlay-opacity":"","overlay-gradient":""},"tablet":{"background-color":"var(--ast-global-color-4)","background-image":"","background-repeat":"repeat","background-position":"center center","background-size":"auto","background-attachment":"scroll","background-type":"","background-media":"","overlay-type":"","overlay-color":"","overlay-opacity":"","overlay-gradient":""},"mobile":{"background-color":"var(--ast-global-color-4)","background-image":"","background-repeat":"repeat","background-position":"center center","background-size":"auto","background-attachment":"scroll","background-type":"","background-media":"","overlay-type":"","overlay-color":"","overlay-opacity":"","overlay-gradient":""}},"footnotes":""},"class_list":["post-4075","page","type-page","status-publish","hentry"],"post_mailing_queue_ids":[],"_links":{"self":[{"href":"https:\/\/agora.xtec.cat\/iesgallecs\/wp-json\/wp\/v2\/pages\/4075","targetHints":{"allow":["GET"]}}],"collection":[{"href":"https:\/\/agora.xtec.cat\/iesgallecs\/wp-json\/wp\/v2\/pages"}],"about":[{"href":"https:\/\/agora.xtec.cat\/iesgallecs\/wp-json\/wp\/v2\/types\/page"}],"author":[{"embeddable":true,"href":"https:\/\/agora.xtec.cat\/iesgallecs\/wp-json\/wp\/v2\/users\/36"}],"replies":[{"embeddable":true,"href":"https:\/\/agora.xtec.cat\/iesgallecs\/wp-json\/wp\/v2\/comments?post=4075"}],"version-history":[{"count":5,"href":"https:\/\/agora.xtec.cat\/iesgallecs\/wp-json\/wp\/v2\/pages\/4075\/revisions"}],"predecessor-version":[{"id":7333,"href":"https:\/\/agora.xtec.cat\/iesgallecs\/wp-json\/wp\/v2\/pages\/4075\/revisions\/7333"}],"up":[{"embeddable":true,"href":"https:\/\/agora.xtec.cat\/iesgallecs\/wp-json\/wp\/v2\/pages\/2754"}],"wp:attachment":[{"href":"https:\/\/agora.xtec.cat\/iesgallecs\/wp-json\/wp\/v2\/media?parent=4075"}],"curies":[{"name":"wp","href":"https:\/\/api.w.org\/{rel}","templated":true}]}}

CFGS- Integració Social

<p><center></center>&nbsp;</p>
<div class="ast-oembed-container " style="height: 100%;"><iframe loading="lazy" title="CFGS Integració Social" width="500" height="281" src="https://www.youtube.com/embed/Qbc-3DmLIEg?feature=oembed" frameborder="0" allow="accelerometer; autoplay; clipboard-write; encrypted-media; gyroscope; picture-in-picture; web-share" referrerpolicy="strict-origin-when-cross-origin" allowfullscreen></iframe></div>
<p><strong>Competència general</strong></p>
<p>Programar, organitzar, implementar i avaluar les intervencions d’integració social aplicant estratègies i tècniques específiques, promovent la igualtat d’oportunitats, actuant en tot moment amb una actitud de respecte cap a les persones destinatàries i garantint la creació d’entorns segurs tant per a les persones destinatàries com per al professional.</p>
<p><strong>Competències i perfils professionals </strong></p>
<ul>
<li>Programar, organitzar i avaluar les intervencions d’integració social.</li>
<li>Desenvolupar les intervencions dirigides a l’entrenament i a l’adquisició d’habilitats d’autonomia personal i social.</li>
<li>Establir, adaptar i aplicar sistemes alternatius de comunicació.</li>
<li>Identificar i concretar les característiques i necessitats del context social de la intervenció</li>
<li>Prevenir conflictes entre diferents persones, actors i col·lectius socials.</li>
<li>Organitzar i implementar el procés de gestió de conflictes.</li>
<li>Realitzar la valoració, el seguiment i la difusió de la mediació com una via de gestió de conflictes.</li>
<li>Incorporar la perspectiva de gènere en els projectes d’intervenció social.</li>
<li>Gestionar la informació sobre els recursos sociolaborals i formatius i col·laborar en l’anàlisi de llocs de treball per a la inserció sociolaboral de persones amb discapacitat.</li>
<li>Realitzar les intervencions dirigides a l’entrenament per a l’adquisició i desenvolupament d’habilitats sociolaborals en les persones amb discapacitat.</li>
<li>Recolzar en el procés d’inserció sociolaboral de persones amb discapacitat</li>
<li>Efectuar el seguiment de la inserció sociolaboral amb l’empresa, l’usuari i el seu entorn personal.</li>
<li>Detectar, generar i utilitzar recursos socials i comunitaris per a la realització d’intervencions socioeducatives amb persones amb discapacitat.</li>
<li>Organitzar i realitzar l’acompanyament de persones amb discapacitat en la realització d’activitats programades.</li>
<li>Organitzar, desenvolupar i avaluar processos d’inclusió de persones amb discapacitat en espais de lleure i temps lliure</li>
<li>Organitzar i desenvolupar l’entrenament en estratègies cognitives bàsiques i alfabetització tecnològica per a persones amb discapacitat, en col·laboració amb professionals de nivell superior.</li>
<li>Actuar, orientar i recolzar les famílies de persones amb discapacitat, en col·laboració amb professionals de nivell superior.</li>
<li>Executar, en col·laboració amb el tutor/a i/o amb l’equip interdisciplinari del centre educatiu, els programes educatius de l’alumnat amb necessitats educatives especials (ACNEE) a la seva aula de referència.</li>
<li>Implementar els programes d’autonomia i higiene personal a la neteja de l’alumnat amb necessitats educatives especials (ACNEE), participant amb l’equip interdisciplinari del centre educatiu.</li>
<li>Dinamitzar la planificació, desenvolupament i avaluació d’intervencions i projectes comunitaris i de participació ciutadana que es desenvolupin entre els diferents agents que configuren una comunitat o una zona territorial.</li>
<li>Establir estratègies de comunicació i difusió dels diferents projectes i actuacions comunitàries.</li>
</ul>
<p><span style="text-decoration: underline;"><strong>Mòduls professionals</strong></span></p>
<p><span style="text-decoration: underline;"><strong>Primer curs</strong></span></p>
<ul>
<li>Habilitats Socials</li>
<li>Primers auxilis</li>
<li>Anglès Professional d&#8217;Integració Social</li>
<li>Context de la Intervenció Social</li>
<li>Mediació Comunitària</li>
<li>Suport a la Intervenció Educativa</li>
<li>Promoció de l&#8217;Autonomia Personal</li>
<li>Metodologia de la Intervenció Social</li>
<li>Digitalització Aplicada als Sectors Productius</li>
<li>Sostenibilitat Aplicada al Sector Productiu</li>
<li>Itinerari Personal per a l&#8217;Ocupabilitat I</li>
</ul>
<p><span style="text-decoration: underline;"><strong>Segon curs</strong></span></p>
<ul>
<li>Inserció sociolaboral</li>
<li>Atenció a les unitats de convivència</li>
<li>Sistemes augmentatius i alternatius de comunicació</li>
<li>Itinerari Personal per a l&#8217;Ocupabilitat II</li>
<li>Mòdul optatiu: desenvolupament comunitari.</li>
<li>Projecte d&#8217;integració social</li>
</ul>

<p>&nbsp; Competència general Programar, organitzar, implementar i avaluar les intervencions d’integració social aplicant estratègies i tècniques específiques, promovent la igualtat d’oportunitats, actuant en tot moment amb una actitud de respecte cap a les persones destinatàries i garantint la creació d’entorns segurs tant per a les persones destinatàries com per al professional. Competències i perfils professionals  [&hellip;]</p>
