{"id":4068,"date":"2022-12-01T12:48:05","date_gmt":"2022-12-01T11:48:05","guid":{"rendered":"https:\/\/agora.xtec.cat\/iesgallecs\/?page_id=4068"},"modified":"2026-05-05T16:41:08","modified_gmt":"2026-05-05T14:41:08","slug":"cfgm-atencio-a-persones-en-situacio-de-dependencia","status":"publish","type":"page","link":"https:\/\/agora.xtec.cat\/iesgallecs\/cicles-formatius\/serveis-socioculturals-i-a-la-comunitat\/cfgm-atencio-a-persones-en-situacio-de-dependencia\/","title":{"rendered":"CFGM &#8211; Atenci\u00f3 a Persones en Situaci\u00f3 de Depend\u00e8ncia"},"content":{"rendered":"<p><center>https:\/\/youtu.be\/Bv0WH7nRUGQ<\/p>\n<p><\/center>&nbsp;<\/p>\n<div class=\"ast-oembed-container \" style=\"height: 100%;\"><iframe loading=\"lazy\" title=\"CFGM- APSD (Atenci\u00f3 a les Persones en Situaci\u00f3 de Depend\u00e8ncia)\" width=\"500\" height=\"281\" src=\"https:\/\/www.youtube.com\/embed\/Xf3T0oL-Ef4?feature=oembed\" frameborder=\"0\" allow=\"accelerometer; autoplay; clipboard-write; encrypted-media; gyroscope; picture-in-picture; web-share\" referrerpolicy=\"strict-origin-when-cross-origin\" allowfullscreen><\/iframe><\/div>\n<p><strong>Compet\u00e8ncia general<\/strong><\/p>\n<p>Atendre les persones en situaci\u00f3 de depend\u00e8ncia, en l\u2019\u00e0mbit domiciliari i institucional, per tal de mantenir i millorar la seva qualitat de vida, realitzant activitats assistencials, no sanit\u00e0ries, psicosocials i de suport a la gesti\u00f3 dom\u00e8stica, aplicant mesures i normes de prevenci\u00f3 i seguretat i derivant a altres serveis quan sigui necessari.<\/p>\n<p><strong>Compet\u00e8ncies i perfils professionals<\/strong><\/p>\n<ul>\n<li>Desenvolupar intervencions d\u2019atenci\u00f3 f\u00edsica domicili\u00e0ria dirigides a persones amb necessitats d\u2019atenci\u00f3 sociosanit\u00e0ria.<\/li>\n<li>Desenvolupar intervencions d\u2019atenci\u00f3 psicosocial domicili\u00e0ria dirigides a persones amb necessitats d\u2019atenci\u00f3 sociosanit\u00e0ria.<\/li>\n<li>Desenvolupar les activitats relacionades amb la gesti\u00f3 i funcionament de la unitat convivencial.<\/li>\n<li>Preparar i donar suport a les intervencions d\u2019atenci\u00f3 a les persones i al seu entorn en l\u2019\u00e0mbit institucional indicades per l\u2019equip interdisciplinari.<\/li>\n<li>Desenvolupar intervencions d\u2019atenci\u00f3 f\u00edsica a les persones dependents en l\u2019\u00e0mbit institucional.<\/li>\n<li>Desenvolupar intervencions d\u2019atenci\u00f3 sociosanit\u00e0ria dirigides a persones dependents en l\u2019\u00e0mbit institucional.<\/li>\n<li>Desenvolupar intervencions d\u2019atenci\u00f3 psicosocial dirigides a persones dependents en l\u2019\u00e0mbit institucional.<\/li>\n<li>Atendre i gestionar les trucades entrants del servei de teleassist\u00e8ncia.<\/li>\n<li>Emetre i gestionar les trucades sortints del servei de teleassist\u00e8ncia.<\/li>\n<li>Manejar les eines, t\u00e8cniques i habilitats per prestar el servei de teleassist\u00e8ncia.<\/li>\n<\/ul>\n<p><span style=\"text-decoration: underline;\"><strong>M\u00f2duls professionals<\/strong><\/span><\/p>\n<p><span style=\"text-decoration: underline;\"><strong style=\"font-size: 16px;\">Primer curs<\/strong><\/span><\/p>\n<ul>\n<li>Organitzaci\u00f3 de l\u2019atenci\u00f3 a les persones en situaci\u00f3 de depend\u00e8ncia.<\/li>\n<li>Caracter\u00edstiques i necessitats de les persones en situaci\u00f3 de depend\u00e8ncia.<\/li>\n<li>Atenci\u00f3 i suport psicosocial.<\/li>\n<li>Atenci\u00f3 sanit\u00e0ria.<\/li>\n<li>Atenci\u00f3 higi\u00e8nica.<\/li>\n<li>Primers auxilis.<\/li>\n<li>Catal\u00e0 professional.<\/li>\n<li>Angl\u00e8s professional.<\/li>\n<li>Digitalitzaci\u00f3 aplicada als sectors productius.<\/li>\n<li>Sostenibilitat aplicada al sistema productiu.<\/li>\n<li>IItinerari personal per a l&#8217;ocupabilitat I.<\/li>\n<\/ul>\n<p><span style=\"text-decoration: underline;\"><strong>Segon curs<\/strong><\/span><\/p>\n<ul>\n<li>Destreses socials.<\/li>\n<li>Suport en la comunicaci\u00f3.<\/li>\n<li>Suport domiciliari.<\/li>\n<li>Teleassist\u00e8ncia.<\/li>\n<li>Itinerari personal per a l&#8217;ocupabilitat II.<\/li>\n<li>Projecte intermodular.<\/li>\n<li>M\u00f2dul professional optatiu.<\/li>\n<\/ul>\n<p>&nbsp;<\/p>\n","protected":false},"excerpt":{"rendered":"<p>https:\/\/youtu.be\/Bv0WH7nRUGQ &nbsp; Compet\u00e8ncia general Atendre les persones en situaci\u00f3 de depend\u00e8ncia, en l\u2019\u00e0mbit domiciliari i institucional, per tal de mantenir i millorar la seva qualitat de vida, realitzant activitats assistencials, no sanit\u00e0ries, psicosocials i de suport a la gesti\u00f3 dom\u00e8stica, aplicant mesures i normes de prevenci\u00f3 i seguretat i derivant a altres serveis quan sigui [&hellip;]<\/p>\n","protected":false},"author":36,"featured_media":0,"parent":2754,"menu_order":1,"comment_status":"closed","ping_status":"closed","template":"","meta":{"site-sidebar-layout":"default","site-content-layout":"","ast-site-content-layout":"default","site-content-style":"default","site-sidebar-style":"default","ast-global-header-display":"","ast-banner-title-visibility":"","ast-main-header-display":"","ast-hfb-above-header-display":"","ast-hfb-below-header-display":"","ast-hfb-mobile-header-display":"","site-post-title":"","ast-breadcrumbs-content":"","ast-featured-img":"","footer-sml-layout":"","theme-transparent-header-meta":"default","adv-header-id-meta":"","stick-header-meta":"","header-above-stick-meta":"","header-main-stick-meta":"","header-below-stick-meta":"","astra-migrate-meta-layouts":"set","ast-page-background-enabled":"default","ast-page-background-meta":{"desktop":{"background-color":"var(--ast-global-color-5)","background-image":"","background-repeat":"repeat","background-position":"center center","background-size":"auto","background-attachment":"scroll","background-type":"","background-media":"","overlay-type":"","overlay-color":"","overlay-opacity":"","overlay-gradient":""},"tablet":{"background-color":"","background-image":"","background-repeat":"repeat","background-position":"center center","background-size":"auto","background-attachment":"scroll","background-type":"","background-media":"","overlay-type":"","overlay-color":"","overlay-opacity":"","overlay-gradient":""},"mobile":{"background-color":"","background-image":"","background-repeat":"repeat","background-position":"center center","background-size":"auto","background-attachment":"scroll","background-type":"","background-media":"","overlay-type":"","overlay-color":"","overlay-opacity":"","overlay-gradient":""}},"ast-content-background-meta":{"desktop":{"background-color":"var(--ast-global-color-4)","background-image":"","background-repeat":"repeat","background-position":"center center","background-size":"auto","background-attachment":"scroll","background-type":"","background-media":"","overlay-type":"","overlay-color":"","overlay-opacity":"","overlay-gradient":""},"tablet":{"background-color":"var(--ast-global-color-4)","background-image":"","background-repeat":"repeat","background-position":"center center","background-size":"auto","background-attachment":"scroll","background-type":"","background-media":"","overlay-type":"","overlay-color":"","overlay-opacity":"","overlay-gradient":""},"mobile":{"background-color":"var(--ast-global-color-4)","background-image":"","background-repeat":"repeat","background-position":"center center","background-size":"auto","background-attachment":"scroll","background-type":"","background-media":"","overlay-type":"","overlay-color":"","overlay-opacity":"","overlay-gradient":""}},"footnotes":""},"class_list":["post-4068","page","type-page","status-publish","hentry"],"post_mailing_queue_ids":[],"_links":{"self":[{"href":"https:\/\/agora.xtec.cat\/iesgallecs\/wp-json\/wp\/v2\/pages\/4068","targetHints":{"allow":["GET"]}}],"collection":[{"href":"https:\/\/agora.xtec.cat\/iesgallecs\/wp-json\/wp\/v2\/pages"}],"about":[{"href":"https:\/\/agora.xtec.cat\/iesgallecs\/wp-json\/wp\/v2\/types\/page"}],"author":[{"embeddable":true,"href":"https:\/\/agora.xtec.cat\/iesgallecs\/wp-json\/wp\/v2\/users\/36"}],"replies":[{"embeddable":true,"href":"https:\/\/agora.xtec.cat\/iesgallecs\/wp-json\/wp\/v2\/comments?post=4068"}],"version-history":[{"count":7,"href":"https:\/\/agora.xtec.cat\/iesgallecs\/wp-json\/wp\/v2\/pages\/4068\/revisions"}],"predecessor-version":[{"id":7522,"href":"https:\/\/agora.xtec.cat\/iesgallecs\/wp-json\/wp\/v2\/pages\/4068\/revisions\/7522"}],"up":[{"embeddable":true,"href":"https:\/\/agora.xtec.cat\/iesgallecs\/wp-json\/wp\/v2\/pages\/2754"}],"wp:attachment":[{"href":"https:\/\/agora.xtec.cat\/iesgallecs\/wp-json\/wp\/v2\/media?parent=4068"}],"curies":[{"name":"wp","href":"https:\/\/api.w.org\/{rel}","templated":true}]}}