{"id":4065,"date":"2022-12-01T12:46:04","date_gmt":"2022-12-01T11:46:04","guid":{"rendered":"https:\/\/agora.xtec.cat\/iesgallecs\/?page_id=4065"},"modified":"2026-03-02T09:48:36","modified_gmt":"2026-03-02T08:48:36","slug":"cfgs-higiene-bucodental","status":"publish","type":"page","link":"https:\/\/agora.xtec.cat\/iesgallecs\/cicles-formatius\/sanitat-2\/cfgs-higiene-bucodental\/","title":{"rendered":"CFGS &#8211; Higiene Bucodental"},"content":{"rendered":"<h2>CFGS d&#8217;Higiene Bucodental<\/h2>\n<div class=\"ast-oembed-container \" style=\"height: 100%;\"><iframe loading=\"lazy\" title=\"CFGS -  Higiene Bucodental a l&#039;Institut Gallecs\" width=\"500\" height=\"281\" src=\"https:\/\/www.youtube.com\/embed\/dNJi6g6uk2o?feature=oembed\" frameborder=\"0\" allow=\"accelerometer; autoplay; clipboard-write; encrypted-media; gyroscope; picture-in-picture; web-share\" referrerpolicy=\"strict-origin-when-cross-origin\" allowfullscreen><\/iframe><\/div>\n<p><a href=\"https:\/\/agora.xtec.cat\/iesgallecs\/wp-content\/uploads\/usu1971\/2026\/03\/taula-hibu.jpg\"><img loading=\"lazy\" decoding=\"async\" class=\" wp-image-7334 alignnone\" src=\"https:\/\/agora.xtec.cat\/iesgallecs\/wp-content\/uploads\/usu1971\/2026\/03\/taula-hibu.jpg\" alt=\"\" width=\"848\" height=\"668\" srcset=\"https:\/\/agora.xtec.cat\/iesgallecs\/wp-content\/uploads\/usu1971\/2026\/03\/taula-hibu.jpg 636w, https:\/\/agora.xtec.cat\/iesgallecs\/wp-content\/uploads\/usu1971\/2026\/03\/taula-hibu-300x236.jpg 300w\" sizes=\"auto, (max-width: 848px) 100vw, 848px\" \/><\/a><\/p>\n<p><strong>Compet\u00e8ncia general<\/strong><\/p>\n<p style=\"text-align: justify;\">La compet\u00e8ncia general d&#8217;aquest t\u00edtol consisteix a promoure la salut bucodental de les persones i de la comunitat, mitjan\u00e7ant el desenvolupament d\u2019activitats preventives i assistencials, que comprenen l&#8217;exploraci\u00f3, l\u2019avaluaci\u00f3, la promoci\u00f3 i la realitzaci\u00f3 de t\u00e8cniques odontol\u00f2giques. Com a membre d&#8217;un equip de salut bucodental realitzar\u00e0 la seva activitat professional amb criteris de qualitat, seguretat i optimitzaci\u00f3 de recursos<\/p>\n<p><strong>Compet\u00e8ncies i perfils professionals<\/strong><\/p>\n<ul>\n<li>Gestionar l&#8217;\u00e0rea de treball en un gabinet bucodental<\/li>\n<li>Identificar les caracter\u00edstiques anat\u00f2miques, fisiol\u00f2giques i patol\u00f2giques de l&#8217;aparell estomatogn\u00e0tic per a la seva valoraci\u00f3 i registre<\/li>\n<li>Explorar l&#8217;estat de salut bucodental dels pacients dels serveis de salut, amb finalitats epidemiol\u00f2giques i intervenir mitjan\u00e7ant actuacions directes<\/li>\n<li>Avaluar la salut bucodental de les persones de la comunitat, mitjan\u00e7ant activitats de vigil\u00e0ncia epidemiol\u00f2gica<\/li>\n<li>Fomentar la salut bucodental de les persones i de la comunitat, mitjan\u00e7ant activitats d&#8217;educaci\u00f3 sanit\u00e0ria i promoci\u00f3 de la salut<\/li>\n<li>Realitzar les t\u00e8cniques odontol\u00f2giques pr\u00f2pies, delegades o d&#8217;ajuda dins de l&#8217;equip de salut bucodental.<\/li>\n<\/ul>\n","protected":false},"excerpt":{"rendered":"<p>CFGS d&#8217;Higiene Bucodental Compet\u00e8ncia general La compet\u00e8ncia general d&#8217;aquest t\u00edtol consisteix a promoure la salut bucodental de les persones i de la comunitat, mitjan\u00e7ant el desenvolupament d\u2019activitats preventives i assistencials, que comprenen l&#8217;exploraci\u00f3, l\u2019avaluaci\u00f3, la promoci\u00f3 i la realitzaci\u00f3 de t\u00e8cniques odontol\u00f2giques. Com a membre d&#8217;un equip de salut bucodental realitzar\u00e0 la seva activitat professional [&hellip;]<\/p>\n","protected":false},"author":36,"featured_media":0,"parent":2752,"menu_order":4,"comment_status":"closed","ping_status":"closed","template":"","meta":{"site-sidebar-layout":"default","site-content-layout":"","ast-site-content-layout":"default","site-content-style":"default","site-sidebar-style":"default","ast-global-header-display":"","ast-banner-title-visibility":"","ast-main-header-display":"","ast-hfb-above-header-display":"","ast-hfb-below-header-display":"","ast-hfb-mobile-header-display":"","site-post-title":"","ast-breadcrumbs-content":"","ast-featured-img":"","footer-sml-layout":"","theme-transparent-header-meta":"default","adv-header-id-meta":"","stick-header-meta":"","header-above-stick-meta":"","header-main-stick-meta":"","header-below-stick-meta":"","astra-migrate-meta-layouts":"set","ast-page-background-enabled":"default","ast-page-background-meta":{"desktop":{"background-color":"var(--ast-global-color-5)","background-image":"","background-repeat":"repeat","background-position":"center center","background-size":"auto","background-attachment":"scroll","background-type":"","background-media":"","overlay-type":"","overlay-color":"","overlay-opacity":"","overlay-gradient":""},"tablet":{"background-color":"","background-image":"","background-repeat":"repeat","background-position":"center center","background-size":"auto","background-attachment":"scroll","background-type":"","background-media":"","overlay-type":"","overlay-color":"","overlay-opacity":"","overlay-gradient":""},"mobile":{"background-color":"","background-image":"","background-repeat":"repeat","background-position":"center center","background-size":"auto","background-attachment":"scroll","background-type":"","background-media":"","overlay-type":"","overlay-color":"","overlay-opacity":"","overlay-gradient":""}},"ast-content-background-meta":{"desktop":{"background-color":"var(--ast-global-color-4)","background-image":"","background-repeat":"repeat","background-position":"center center","background-size":"auto","background-attachment":"scroll","background-type":"","background-media":"","overlay-type":"","overlay-color":"","overlay-opacity":"","overlay-gradient":""},"tablet":{"background-color":"var(--ast-global-color-4)","background-image":"","background-repeat":"repeat","background-position":"center center","background-size":"auto","background-attachment":"scroll","background-type":"","background-media":"","overlay-type":"","overlay-color":"","overlay-opacity":"","overlay-gradient":""},"mobile":{"background-color":"var(--ast-global-color-4)","background-image":"","background-repeat":"repeat","background-position":"center center","background-size":"auto","background-attachment":"scroll","background-type":"","background-media":"","overlay-type":"","overlay-color":"","overlay-opacity":"","overlay-gradient":""}},"footnotes":""},"class_list":["post-4065","page","type-page","status-publish","hentry"],"post_mailing_queue_ids":[],"_links":{"self":[{"href":"https:\/\/agora.xtec.cat\/iesgallecs\/wp-json\/wp\/v2\/pages\/4065","targetHints":{"allow":["GET"]}}],"collection":[{"href":"https:\/\/agora.xtec.cat\/iesgallecs\/wp-json\/wp\/v2\/pages"}],"about":[{"href":"https:\/\/agora.xtec.cat\/iesgallecs\/wp-json\/wp\/v2\/types\/page"}],"author":[{"embeddable":true,"href":"https:\/\/agora.xtec.cat\/iesgallecs\/wp-json\/wp\/v2\/users\/36"}],"replies":[{"embeddable":true,"href":"https:\/\/agora.xtec.cat\/iesgallecs\/wp-json\/wp\/v2\/comments?post=4065"}],"version-history":[{"count":6,"href":"https:\/\/agora.xtec.cat\/iesgallecs\/wp-json\/wp\/v2\/pages\/4065\/revisions"}],"predecessor-version":[{"id":7335,"href":"https:\/\/agora.xtec.cat\/iesgallecs\/wp-json\/wp\/v2\/pages\/4065\/revisions\/7335"}],"up":[{"embeddable":true,"href":"https:\/\/agora.xtec.cat\/iesgallecs\/wp-json\/wp\/v2\/pages\/2752"}],"wp:attachment":[{"href":"https:\/\/agora.xtec.cat\/iesgallecs\/wp-json\/wp\/v2\/media?parent=4065"}],"curies":[{"name":"wp","href":"https:\/\/api.w.org\/{rel}","templated":true}]}}