{"id":4059,"date":"2022-12-01T12:43:22","date_gmt":"2022-12-01T11:43:22","guid":{"rendered":"https:\/\/agora.xtec.cat\/iesgallecs\/?page_id=4059"},"modified":"2025-03-06T16:42:12","modified_gmt":"2025-03-06T15:42:12","slug":"cfgs-documentacio-i-administracio-sanitaries","status":"publish","type":"page","link":"https:\/\/agora.xtec.cat\/iesgallecs\/cicles-formatius\/sanitat-2\/cfgs-documentacio-i-administracio-sanitaries\/","title":{"rendered":"CFGS &#8211; Documentaci\u00f3 i Administraci\u00f3 Sanit\u00e0ries"},"content":{"rendered":"<h2>CFGS de Documentaci\u00f3 i \u00c0dministraci\u00f3 Sanit\u00e0ries<\/h2>\n<div class=\"ast-oembed-container \" style=\"height: 100%;\"><iframe loading=\"lazy\" title=\"CFGS - DOCUMENTACI\u00d3 I ADMINISTRACI\u00d3 SANIT\u00c0RIA\" width=\"500\" height=\"281\" src=\"https:\/\/www.youtube.com\/embed\/m1rAEbTAc5k?feature=oembed\" frameborder=\"0\" allow=\"accelerometer; autoplay; clipboard-write; encrypted-media; gyroscope; picture-in-picture; web-share\" referrerpolicy=\"strict-origin-when-cross-origin\" allowfullscreen><\/iframe><\/div>\n<div class=\"ast-oembed-container \" style=\"height: 100%;\"><iframe loading=\"lazy\" title=\"Dos alumnes de Documentaci\u00f3 i Administraci\u00f3 Sanit\u00e0ries ens expliquen aquest CFGS.\" width=\"500\" height=\"281\" src=\"https:\/\/www.youtube.com\/embed\/qOo08OiKGnw?feature=oembed\" frameborder=\"0\" allow=\"accelerometer; autoplay; clipboard-write; encrypted-media; gyroscope; picture-in-picture; web-share\" referrerpolicy=\"strict-origin-when-cross-origin\" allowfullscreen><\/iframe><\/div>\n<p><a href=\"https:\/\/agora.xtec.cat\/iesgallecs\/wp-content\/uploads\/usu1971\/2025\/03\/MODULS-DOCUMENTACIO-SANITARIA.jpg\"><img loading=\"lazy\" decoding=\"async\" class=\" wp-image-6402 alignnone\" src=\"https:\/\/agora.xtec.cat\/iesgallecs\/wp-content\/uploads\/usu1971\/2025\/03\/MODULS-DOCUMENTACIO-SANITARIA.jpg\" alt=\"\" width=\"1000\" height=\"795\" srcset=\"https:\/\/agora.xtec.cat\/iesgallecs\/wp-content\/uploads\/usu1971\/2025\/03\/MODULS-DOCUMENTACIO-SANITARIA.jpg 640w, https:\/\/agora.xtec.cat\/iesgallecs\/wp-content\/uploads\/usu1971\/2025\/03\/MODULS-DOCUMENTACIO-SANITARIA-300x239.jpg 300w\" sizes=\"auto, (max-width: 1000px) 100vw, 1000px\" \/><\/a><\/p>\n<p><strong>Compet\u00e8ncia general<\/strong><\/p>\n<p style=\"text-align: justify;\">La compet\u00e8ncia general d&#8217;aquest t\u00edtol consisteix a definir i organitzar processos de tractament de la informaci\u00f3 i documentaci\u00f3 cl\u00ednica, extraient i registrant dades, codificant-les i validant la informaci\u00f3, garantint el compliment de la normativa, aix\u00ed com intervenir en els processos d&#8217;atenci\u00f3 i gesti\u00f3 de pacients i de gesti\u00f3 administrativa en centres sanitaris.<\/p>\n<p><strong>Compet\u00e8ncies professionals i perfil professional<\/strong><\/p>\n<ul>\n<li>Gestionar els arxius de documentaci\u00f3 i hist\u00f2ries cl\u00edniques<\/li>\n<li>Desenvolupar i normalitzar el tractament documental i el sistema d&#8217;informaci\u00f3 cl\u00ednic-assistencial<\/li>\n<li>Extreure els termes cl\u00ednics i de procediments diagn\u00f2stics i\/o terap\u00e8utics de la documentaci\u00f3 cl\u00ednica<\/li>\n<li>Codificar les dades cl\u00edniques i no cl\u00edniques extrets de la documentaci\u00f3 sanit\u00e0ria<\/li>\n<li>Realitzar procediments administratiu-cl\u00ednics en la gesti\u00f3 de pacients d&#8217;atenci\u00f3 prim\u00e0ria i atenci\u00f3 especialitzada<\/li>\n<li>Explotar dades cl\u00edniques i no cl\u00edniques per al sistema d&#8217;informaci\u00f3 cl\u00ednic-assistencial, el control de la qualitat i la investigaci\u00f3<\/li>\n<li>Elaborar documentaci\u00f3 i presentacions professionals en diferents formats<\/li>\n<li>Administrar els sistemes d&#8217;informaci\u00f3 i arxiu en suport convencional i inform\u00e0tic<\/li>\n<\/ul>\n","protected":false},"excerpt":{"rendered":"<p>CFGS de Documentaci\u00f3 i \u00c0dministraci\u00f3 Sanit\u00e0ries Compet\u00e8ncia general La compet\u00e8ncia general d&#8217;aquest t\u00edtol consisteix a definir i organitzar processos de tractament de la informaci\u00f3 i documentaci\u00f3 cl\u00ednica, extraient i registrant dades, codificant-les i validant la informaci\u00f3, garantint el compliment de la normativa, aix\u00ed com intervenir en els processos d&#8217;atenci\u00f3 i gesti\u00f3 de pacients i de [&hellip;]<\/p>\n","protected":false},"author":36,"featured_media":0,"parent":2752,"menu_order":3,"comment_status":"closed","ping_status":"closed","template":"page-templates\/side-menu.php","meta":{"site-sidebar-layout":"default","site-content-layout":"","ast-site-content-layout":"","site-content-style":"default","site-sidebar-style":"default","ast-global-header-display":"","ast-banner-title-visibility":"","ast-main-header-display":"","ast-hfb-above-header-display":"","ast-hfb-below-header-display":"","ast-hfb-mobile-header-display":"","site-post-title":"","ast-breadcrumbs-content":"","ast-featured-img":"","footer-sml-layout":"","theme-transparent-header-meta":"","adv-header-id-meta":"","stick-header-meta":"","header-above-stick-meta":"","header-main-stick-meta":"","header-below-stick-meta":"","astra-migrate-meta-layouts":"default","ast-page-background-enabled":"default","ast-page-background-meta":{"desktop":{"background-color":"var(--ast-global-color-5)","background-image":"","background-repeat":"repeat","background-position":"center center","background-size":"auto","background-attachment":"scroll","background-type":"","background-media":"","overlay-type":"","overlay-color":"","overlay-opacity":"","overlay-gradient":""},"tablet":{"background-color":"","background-image":"","background-repeat":"repeat","background-position":"center center","background-size":"auto","background-attachment":"scroll","background-type":"","background-media":"","overlay-type":"","overlay-color":"","overlay-opacity":"","overlay-gradient":""},"mobile":{"background-color":"","background-image":"","background-repeat":"repeat","background-position":"center center","background-size":"auto","background-attachment":"scroll","background-type":"","background-media":"","overlay-type":"","overlay-color":"","overlay-opacity":"","overlay-gradient":""}},"ast-content-background-meta":{"desktop":{"background-color":"var(--ast-global-color-4)","background-image":"","background-repeat":"repeat","background-position":"center center","background-size":"auto","background-attachment":"scroll","background-type":"","background-media":"","overlay-type":"","overlay-color":"","overlay-opacity":"","overlay-gradient":""},"tablet":{"background-color":"var(--ast-global-color-4)","background-image":"","background-repeat":"repeat","background-position":"center center","background-size":"auto","background-attachment":"scroll","background-type":"","background-media":"","overlay-type":"","overlay-color":"","overlay-opacity":"","overlay-gradient":""},"mobile":{"background-color":"var(--ast-global-color-4)","background-image":"","background-repeat":"repeat","background-position":"center center","background-size":"auto","background-attachment":"scroll","background-type":"","background-media":"","overlay-type":"","overlay-color":"","overlay-opacity":"","overlay-gradient":""}},"footnotes":""},"class_list":["post-4059","page","type-page","status-publish","hentry"],"post_mailing_queue_ids":[],"_links":{"self":[{"href":"https:\/\/agora.xtec.cat\/iesgallecs\/wp-json\/wp\/v2\/pages\/4059","targetHints":{"allow":["GET"]}}],"collection":[{"href":"https:\/\/agora.xtec.cat\/iesgallecs\/wp-json\/wp\/v2\/pages"}],"about":[{"href":"https:\/\/agora.xtec.cat\/iesgallecs\/wp-json\/wp\/v2\/types\/page"}],"author":[{"embeddable":true,"href":"https:\/\/agora.xtec.cat\/iesgallecs\/wp-json\/wp\/v2\/users\/36"}],"replies":[{"embeddable":true,"href":"https:\/\/agora.xtec.cat\/iesgallecs\/wp-json\/wp\/v2\/comments?post=4059"}],"version-history":[{"count":6,"href":"https:\/\/agora.xtec.cat\/iesgallecs\/wp-json\/wp\/v2\/pages\/4059\/revisions"}],"predecessor-version":[{"id":6404,"href":"https:\/\/agora.xtec.cat\/iesgallecs\/wp-json\/wp\/v2\/pages\/4059\/revisions\/6404"}],"up":[{"embeddable":true,"href":"https:\/\/agora.xtec.cat\/iesgallecs\/wp-json\/wp\/v2\/pages\/2752"}],"wp:attachment":[{"href":"https:\/\/agora.xtec.cat\/iesgallecs\/wp-json\/wp\/v2\/media?parent=4059"}],"curies":[{"name":"wp","href":"https:\/\/api.w.org\/{rel}","templated":true}]}}

CFGS &#8211; Documentació i Administració Sanitàries

<h2>CFGS de Documentació i Àdministració Sanitàries</h2>
<div class="ast-oembed-container " style="height: 100%;"><iframe loading="lazy" title="CFGS - DOCUMENTACIÓ I ADMINISTRACIÓ SANITÀRIA" width="500" height="281" src="https://www.youtube.com/embed/m1rAEbTAc5k?feature=oembed" frameborder="0" allow="accelerometer; autoplay; clipboard-write; encrypted-media; gyroscope; picture-in-picture; web-share" referrerpolicy="strict-origin-when-cross-origin" allowfullscreen></iframe></div>
<div class="ast-oembed-container " style="height: 100%;"><iframe loading="lazy" title="Dos alumnes de Documentació i Administració Sanitàries ens expliquen aquest CFGS." width="500" height="281" src="https://www.youtube.com/embed/qOo08OiKGnw?feature=oembed" frameborder="0" allow="accelerometer; autoplay; clipboard-write; encrypted-media; gyroscope; picture-in-picture; web-share" referrerpolicy="strict-origin-when-cross-origin" allowfullscreen></iframe></div>
<p><a href="https://agora.xtec.cat/iesgallecs/wp-content/uploads/usu1971/2025/03/MODULS-DOCUMENTACIO-SANITARIA.jpg"><img loading="lazy" decoding="async" class=" wp-image-6402 alignnone" src="https://agora.xtec.cat/iesgallecs/wp-content/uploads/usu1971/2025/03/MODULS-DOCUMENTACIO-SANITARIA.jpg" alt="" width="1000" height="795" srcset="https://agora.xtec.cat/iesgallecs/wp-content/uploads/usu1971/2025/03/MODULS-DOCUMENTACIO-SANITARIA.jpg 640w, https://agora.xtec.cat/iesgallecs/wp-content/uploads/usu1971/2025/03/MODULS-DOCUMENTACIO-SANITARIA-300x239.jpg 300w" sizes="auto, (max-width: 1000px) 100vw, 1000px" /></a></p>
<p><strong>Competència general</strong></p>
<p style="text-align: justify;">La competència general d&#8217;aquest títol consisteix a definir i organitzar processos de tractament de la informació i documentació clínica, extraient i registrant dades, codificant-les i validant la informació, garantint el compliment de la normativa, així com intervenir en els processos d&#8217;atenció i gestió de pacients i de gestió administrativa en centres sanitaris.</p>
<p><strong>Competències professionals i perfil professional</strong></p>
<ul>
<li>Gestionar els arxius de documentació i històries clíniques</li>
<li>Desenvolupar i normalitzar el tractament documental i el sistema d&#8217;informació clínic-assistencial</li>
<li>Extreure els termes clínics i de procediments diagnòstics i/o terapèutics de la documentació clínica</li>
<li>Codificar les dades clíniques i no clíniques extrets de la documentació sanitària</li>
<li>Realitzar procediments administratiu-clínics en la gestió de pacients d&#8217;atenció primària i atenció especialitzada</li>
<li>Explotar dades clíniques i no clíniques per al sistema d&#8217;informació clínic-assistencial, el control de la qualitat i la investigació</li>
<li>Elaborar documentació i presentacions professionals en diferents formats</li>
<li>Administrar els sistemes d&#8217;informació i arxiu en suport convencional i informàtic</li>
</ul>

<p>CFGS de Documentació i Àdministració Sanitàries Competència general La competència general d&#8217;aquest títol consisteix a definir i organitzar processos de tractament de la informació i documentació clínica, extraient i registrant dades, codificant-les i validant la informació, garantint el compliment de la normativa, així com intervenir en els processos d&#8217;atenció i gestió de pacients i de [&hellip;]</p>
