{"id":4050,"date":"2022-12-01T12:18:20","date_gmt":"2022-12-01T11:18:20","guid":{"rendered":"https:\/\/agora.xtec.cat\/iesgallecs\/?page_id=4050"},"modified":"2026-01-21T10:59:46","modified_gmt":"2026-01-21T09:59:46","slug":"proa","status":"publish","type":"page","link":"https:\/\/agora.xtec.cat\/iesgallecs\/iniciatives\/proa\/","title":{"rendered":"Proa+"},"content":{"rendered":"<p><span style=\"text-decoration: underline;\"><strong>Programa PMOE-PROA+<\/strong><\/span><\/p>\n<p>L\u2019INS Gallecs pertany al programa PMOE-PROA+ per als cursos 24-28. El principal objectiu \u00e9s contribuir a la millora de l&#8217;equitat en l&#8217;acc\u00e9s a oportunitats educatives i a l&#8217;\u00e8xit escolar de tot l&#8217;alumnat amb l&#8217;enfortiment dels centres educatius p\u00fablics de m\u00e9s complexitat educativa del Servei d&#8217;Educaci\u00f3 de Catalunya per tal que disposin dels recursos necessaris per compensar les necessitats i desigualtats educatives de l&#8217;alumnat i les seves fam\u00edlies.<\/p>\n<p><a href=\"https:\/\/agora.xtec.cat\/iesgallecs\/wp-content\/uploads\/usu1971\/2026\/01\/proa-.jpg\"><img loading=\"lazy\" decoding=\"async\" class=\"aligncenter  wp-image-7164\" src=\"https:\/\/agora.xtec.cat\/iesgallecs\/wp-content\/uploads\/usu1971\/2026\/01\/proa-.jpg\" alt=\"\" width=\"192\" height=\"88\" \/><\/a><\/p>\n<p>Aix\u00ed mateix refor\u00e7ar l&#8217;atenci\u00f3 de l&#8217;alumnat amb necessitats espec\u00edfiques de suport educatiu i millorar l&#8217;enfocament inclusiu i refor\u00e7ar la dimensi\u00f3 comunit\u00e0ria de l&#8217;acci\u00f3 educativa.<\/p>\n<p>Programes dirigits per a l&#8217;alumnat en situaci\u00f3 de vulnerabilitat socioeducativa. ESO, batxillerat i grau mitj\u00e0.<\/p>\n<p>Objectius: equitat, inclusi\u00f3 i igualtat<\/p>\n<p><a href=\"https:\/\/www.scribd.com\/document\/701098589\/PEM-22-24?secret_password=qa1wwFnGluFJ5dOGZDPM\">Pla Estrat\u00e8gic de Millora 22-24<\/a><\/p>\n","protected":false},"excerpt":{"rendered":"<p>Programa PMOE-PROA+ L\u2019INS Gallecs pertany al programa PMOE-PROA+ per als cursos 24-28. El principal objectiu \u00e9s contribuir a la millora de l&#8217;equitat en l&#8217;acc\u00e9s a oportunitats educatives i a l&#8217;\u00e8xit escolar de tot l&#8217;alumnat amb l&#8217;enfortiment dels centres educatius p\u00fablics de m\u00e9s complexitat educativa del Servei d&#8217;Educaci\u00f3 de Catalunya per tal que disposin dels recursos [&hellip;]<\/p>\n","protected":false},"author":36,"featured_media":0,"parent":2487,"menu_order":1,"comment_status":"closed","ping_status":"closed","template":"","meta":{"site-sidebar-layout":"default","site-content-layout":"","ast-site-content-layout":"default","site-content-style":"default","site-sidebar-style":"default","ast-global-header-display":"","ast-banner-title-visibility":"","ast-main-header-display":"","ast-hfb-above-header-display":"","ast-hfb-below-header-display":"","ast-hfb-mobile-header-display":"","site-post-title":"","ast-breadcrumbs-content":"","ast-featured-img":"","footer-sml-layout":"","theme-transparent-header-meta":"default","adv-header-id-meta":"","stick-header-meta":"","header-above-stick-meta":"","header-main-stick-meta":"","header-below-stick-meta":"","astra-migrate-meta-layouts":"set","ast-page-background-enabled":"default","ast-page-background-meta":{"desktop":{"background-color":"var(--ast-global-color-5)","background-image":"","background-repeat":"repeat","background-position":"center center","background-size":"auto","background-attachment":"scroll","background-type":"","background-media":"","overlay-type":"","overlay-color":"","overlay-opacity":"","overlay-gradient":""},"tablet":{"background-color":"","background-image":"","background-repeat":"repeat","background-position":"center center","background-size":"auto","background-attachment":"scroll","background-type":"","background-media":"","overlay-type":"","overlay-color":"","overlay-opacity":"","overlay-gradient":""},"mobile":{"background-color":"","background-image":"","background-repeat":"repeat","background-position":"center center","background-size":"auto","background-attachment":"scroll","background-type":"","background-media":"","overlay-type":"","overlay-color":"","overlay-opacity":"","overlay-gradient":""}},"ast-content-background-meta":{"desktop":{"background-color":"var(--ast-global-color-4)","background-image":"","background-repeat":"repeat","background-position":"center center","background-size":"auto","background-attachment":"scroll","background-type":"","background-media":"","overlay-type":"","overlay-color":"","overlay-opacity":"","overlay-gradient":""},"tablet":{"background-color":"var(--ast-global-color-4)","background-image":"","background-repeat":"repeat","background-position":"center center","background-size":"auto","background-attachment":"scroll","background-type":"","background-media":"","overlay-type":"","overlay-color":"","overlay-opacity":"","overlay-gradient":""},"mobile":{"background-color":"var(--ast-global-color-4)","background-image":"","background-repeat":"repeat","background-position":"center center","background-size":"auto","background-attachment":"scroll","background-type":"","background-media":"","overlay-type":"","overlay-color":"","overlay-opacity":"","overlay-gradient":""}},"footnotes":""},"class_list":["post-4050","page","type-page","status-publish","hentry"],"post_mailing_queue_ids":[],"_links":{"self":[{"href":"https:\/\/agora.xtec.cat\/iesgallecs\/wp-json\/wp\/v2\/pages\/4050","targetHints":{"allow":["GET"]}}],"collection":[{"href":"https:\/\/agora.xtec.cat\/iesgallecs\/wp-json\/wp\/v2\/pages"}],"about":[{"href":"https:\/\/agora.xtec.cat\/iesgallecs\/wp-json\/wp\/v2\/types\/page"}],"author":[{"embeddable":true,"href":"https:\/\/agora.xtec.cat\/iesgallecs\/wp-json\/wp\/v2\/users\/36"}],"replies":[{"embeddable":true,"href":"https:\/\/agora.xtec.cat\/iesgallecs\/wp-json\/wp\/v2\/comments?post=4050"}],"version-history":[{"count":3,"href":"https:\/\/agora.xtec.cat\/iesgallecs\/wp-json\/wp\/v2\/pages\/4050\/revisions"}],"predecessor-version":[{"id":7165,"href":"https:\/\/agora.xtec.cat\/iesgallecs\/wp-json\/wp\/v2\/pages\/4050\/revisions\/7165"}],"up":[{"embeddable":true,"href":"https:\/\/agora.xtec.cat\/iesgallecs\/wp-json\/wp\/v2\/pages\/2487"}],"wp:attachment":[{"href":"https:\/\/agora.xtec.cat\/iesgallecs\/wp-json\/wp\/v2\/media?parent=4050"}],"curies":[{"name":"wp","href":"https:\/\/api.w.org\/{rel}","templated":true}]}}

<p><span style="text-decoration: underline;"><strong>Programa PMOE-PROA+</strong></span></p>
<p>L’INS Gallecs pertany al programa PMOE-PROA+ per als cursos 24-28. El principal objectiu és contribuir a la millora de l&#8217;equitat en l&#8217;accés a oportunitats educatives i a l&#8217;èxit escolar de tot l&#8217;alumnat amb l&#8217;enfortiment dels centres educatius públics de més complexitat educativa del Servei d&#8217;Educació de Catalunya per tal que disposin dels recursos necessaris per compensar les necessitats i desigualtats educatives de l&#8217;alumnat i les seves famílies.</p>
<p><a href="https://agora.xtec.cat/iesgallecs/wp-content/uploads/usu1971/2026/01/proa-.jpg"><img loading="lazy" decoding="async" class="aligncenter  wp-image-7164" src="https://agora.xtec.cat/iesgallecs/wp-content/uploads/usu1971/2026/01/proa-.jpg" alt="" width="192" height="88" /></a></p>
<p>Així mateix reforçar l&#8217;atenció de l&#8217;alumnat amb necessitats específiques de suport educatiu i millorar l&#8217;enfocament inclusiu i reforçar la dimensió comunitària de l&#8217;acció educativa.</p>
<p>Programes dirigits per a l&#8217;alumnat en situació de vulnerabilitat socioeducativa. ESO, batxillerat i grau mitjà.</p>
<p>Objectius: equitat, inclusió i igualtat</p>
<p><a href="https://www.scribd.com/document/701098589/PEM-22-24?secret_password=qa1wwFnGluFJ5dOGZDPM">Pla Estratègic de Millora 22-24</a></p>

<p>Programa PMOE-PROA+ L’INS Gallecs pertany al programa PMOE-PROA+ per als cursos 24-28. El principal objectiu és contribuir a la millora de l&#8217;equitat en l&#8217;accés a oportunitats educatives i a l&#8217;èxit escolar de tot l&#8217;alumnat amb l&#8217;enfortiment dels centres educatius públics de més complexitat educativa del Servei d&#8217;Educació de Catalunya per tal que disposin dels recursos [&hellip;]</p>
