{"id":3905,"date":"2022-10-21T16:42:27","date_gmt":"2022-10-21T14:42:27","guid":{"rendered":"https:\/\/agora.xtec.cat\/iesgallecs\/?page_id=3905"},"modified":"2023-01-27T06:41:28","modified_gmt":"2023-01-27T05:41:28","slug":"jornades-de-lemprenedoria","status":"publish","type":"page","link":"https:\/\/agora.xtec.cat\/iesgallecs\/programes-innovacio\/innovacio-a-cicles-formatius\/jornades-de-lemprenedoria\/","title":{"rendered":"Jornades de l&#8217;emprenedoria"},"content":{"rendered":"<p style=\"text-align: justify;\">Dintre de les accions per a impulsar la Formaci\u00f3 Professional i donar suport al foment i desenvolupament de la compet\u00e8ncia<a href=\"https:\/\/agora.xtec.cat\/iesgallecs\/jornades-de-lemprenedoria\/attachment\/logo-empren-fp\/\" rel=\"attachment wp-att-3906\"><img loading=\"lazy\" decoding=\"async\" class=\"wp-image-3906 alignright\" src=\"https:\/\/agora.xtec.cat\/iesgallecs\/wp-content\/uploads\/usu1971\/2022\/10\/logo-empren-FP.png\" alt=\"\" width=\"165\" height=\"47\" srcset=\"https:\/\/agora.xtec.cat\/iesgallecs\/wp-content\/uploads\/usu1971\/2022\/10\/logo-empren-FP.png 420w, https:\/\/agora.xtec.cat\/iesgallecs\/wp-content\/uploads\/usu1971\/2022\/10\/logo-empren-FP-300x86.png 300w\" sizes=\"auto, (max-width: 165px) 100vw, 165px\" \/><\/a><br \/>\nemprenedora als centres i la seva comunitat educativa es desenvolupa aquest projecte que t\u00e9 una durada de dos cursos.<\/p>\n<p style=\"text-align: justify;\">La intervenci\u00f3 en una primera fase ha estat al curs 2020-2021 amb l\u2019adequaci\u00f3 d\u2019espais, la creaci\u00f3 de l\u2019aula d\u2019emprenedoria, per al curs 2021-2023 s\u2019implementar\u00e0 la segona fase queconsistir\u00e0 en el foment i formaci\u00f3 internes de l\u2019alumnat i professorat FP amb el desplegament de la <strong><span style=\"color: #000000;\">Setmana de l\u2019Emprenedoria.<\/span><\/strong><\/p>\n<p>&nbsp;<\/p>\n<p>&nbsp;<\/p>\n","protected":false},"excerpt":{"rendered":"<p>Dintre de les accions per a impulsar la Formaci\u00f3 Professional i donar suport al foment i desenvolupament de la compet\u00e8ncia emprenedora als centres i la seva comunitat educativa es desenvolupa aquest projecte que t\u00e9 una durada de dos cursos. La intervenci\u00f3 en una primera fase ha estat al curs 2020-2021 amb l\u2019adequaci\u00f3 d\u2019espais, la creaci\u00f3 [&hellip;]<\/p>\n","protected":false},"author":36,"featured_media":0,"parent":4463,"menu_order":3,"comment_status":"closed","ping_status":"closed","template":"page-templates\/side-menu.php","meta":{"site-sidebar-layout":"default","site-content-layout":"","ast-site-content-layout":"","site-content-style":"default","site-sidebar-style":"default","ast-global-header-display":"","ast-banner-title-visibility":"","ast-main-header-display":"","ast-hfb-above-header-display":"","ast-hfb-below-header-display":"","ast-hfb-mobile-header-display":"","site-post-title":"","ast-breadcrumbs-content":"","ast-featured-img":"","footer-sml-layout":"","theme-transparent-header-meta":"","adv-header-id-meta":"","stick-header-meta":"","header-above-stick-meta":"","header-main-stick-meta":"","header-below-stick-meta":"","astra-migrate-meta-layouts":"default","ast-page-background-enabled":"default","ast-page-background-meta":{"desktop":{"background-color":"var(--ast-global-color-5)","background-image":"","background-repeat":"repeat","background-position":"center center","background-size":"auto","background-attachment":"scroll","background-type":"","background-media":"","overlay-type":"","overlay-color":"","overlay-opacity":"","overlay-gradient":""},"tablet":{"background-color":"","background-image":"","background-repeat":"repeat","background-position":"center center","background-size":"auto","background-attachment":"scroll","background-type":"","background-media":"","overlay-type":"","overlay-color":"","overlay-opacity":"","overlay-gradient":""},"mobile":{"background-color":"","background-image":"","background-repeat":"repeat","background-position":"center center","background-size":"auto","background-attachment":"scroll","background-type":"","background-media":"","overlay-type":"","overlay-color":"","overlay-opacity":"","overlay-gradient":""}},"ast-content-background-meta":{"desktop":{"background-color":"var(--ast-global-color-4)","background-image":"","background-repeat":"repeat","background-position":"center center","background-size":"auto","background-attachment":"scroll","background-type":"","background-media":"","overlay-type":"","overlay-color":"","overlay-opacity":"","overlay-gradient":""},"tablet":{"background-color":"var(--ast-global-color-4)","background-image":"","background-repeat":"repeat","background-position":"center center","background-size":"auto","background-attachment":"scroll","background-type":"","background-media":"","overlay-type":"","overlay-color":"","overlay-opacity":"","overlay-gradient":""},"mobile":{"background-color":"var(--ast-global-color-4)","background-image":"","background-repeat":"repeat","background-position":"center center","background-size":"auto","background-attachment":"scroll","background-type":"","background-media":"","overlay-type":"","overlay-color":"","overlay-opacity":"","overlay-gradient":""}},"footnotes":""},"class_list":["post-3905","page","type-page","status-publish","hentry"],"post_mailing_queue_ids":[],"_links":{"self":[{"href":"https:\/\/agora.xtec.cat\/iesgallecs\/wp-json\/wp\/v2\/pages\/3905","targetHints":{"allow":["GET"]}}],"collection":[{"href":"https:\/\/agora.xtec.cat\/iesgallecs\/wp-json\/wp\/v2\/pages"}],"about":[{"href":"https:\/\/agora.xtec.cat\/iesgallecs\/wp-json\/wp\/v2\/types\/page"}],"author":[{"embeddable":true,"href":"https:\/\/agora.xtec.cat\/iesgallecs\/wp-json\/wp\/v2\/users\/36"}],"replies":[{"embeddable":true,"href":"https:\/\/agora.xtec.cat\/iesgallecs\/wp-json\/wp\/v2\/comments?post=3905"}],"version-history":[{"count":2,"href":"https:\/\/agora.xtec.cat\/iesgallecs\/wp-json\/wp\/v2\/pages\/3905\/revisions"}],"predecessor-version":[{"id":3908,"href":"https:\/\/agora.xtec.cat\/iesgallecs\/wp-json\/wp\/v2\/pages\/3905\/revisions\/3908"}],"up":[{"embeddable":true,"href":"https:\/\/agora.xtec.cat\/iesgallecs\/wp-json\/wp\/v2\/pages\/4463"}],"wp:attachment":[{"href":"https:\/\/agora.xtec.cat\/iesgallecs\/wp-json\/wp\/v2\/media?parent=3905"}],"curies":[{"name":"wp","href":"https:\/\/api.w.org\/{rel}","templated":true}]}}

<p style="text-align: justify;">Dintre de les accions per a impulsar la Formació Professional i donar suport al foment i desenvolupament de la competència<a href="https://agora.xtec.cat/iesgallecs/jornades-de-lemprenedoria/attachment/logo-empren-fp/" rel="attachment wp-att-3906"><img loading="lazy" decoding="async" class="wp-image-3906 alignright" src="https://agora.xtec.cat/iesgallecs/wp-content/uploads/usu1971/2022/10/logo-empren-FP.png" alt="" width="165" height="47" srcset="https://agora.xtec.cat/iesgallecs/wp-content/uploads/usu1971/2022/10/logo-empren-FP.png 420w, https://agora.xtec.cat/iesgallecs/wp-content/uploads/usu1971/2022/10/logo-empren-FP-300x86.png 300w" sizes="auto, (max-width: 165px) 100vw, 165px" /></a><br />
emprenedora als centres i la seva comunitat educativa es desenvolupa aquest projecte que té una durada de dos cursos.</p>
<p style="text-align: justify;">La intervenció en una primera fase ha estat al curs 2020-2021 amb l’adequació d’espais, la creació de l’aula d’emprenedoria, per al curs 2021-2023 s’implementarà la segona fase queconsistirà en el foment i formació internes de l’alumnat i professorat FP amb el desplegament de la <strong><span style="color: #000000;">Setmana de l’Emprenedoria.</span></strong></p>
<p>&nbsp;</p>
<p>&nbsp;</p>

<p>Dintre de les accions per a impulsar la Formació Professional i donar suport al foment i desenvolupament de la competència emprenedora als centres i la seva comunitat educativa es desenvolupa aquest projecte que té una durada de dos cursos. La intervenció en una primera fase ha estat al curs 2020-2021 amb l’adequació d’espais, la creació [&hellip;]</p>
