{"id":3408,"date":"2022-02-09T08:47:08","date_gmt":"2022-02-09T07:47:08","guid":{"rendered":"https:\/\/agora.xtec.cat\/iesgallecs\/?page_id=3408"},"modified":"2022-12-05T14:53:26","modified_gmt":"2022-12-05T13:53:26","slug":"fp-dual","status":"publish","type":"page","link":"https:\/\/agora.xtec.cat\/iesgallecs\/fp-dual\/","title":{"rendered":"FP Dual"},"content":{"rendered":"<p><a href=\"https:\/\/sites.google.com\/insgallecs.cat\/fpdual-gallecs\/p%C3%A0gina-principal\">A l&#8217;Institut Gallecs apostem per l&#8217;FP DUAL, en la qual l&#8217;estudiant combina la formaci\u00f3 en el nostre centre educatiu amb les pr\u00e0ctiques en una empresa.<\/a><\/p>\n<div class=\"ast-oembed-container \" style=\"height: 100%;\"><iframe loading=\"lazy\" title=\"FP Dual al Gallecs\" width=\"500\" height=\"281\" src=\"https:\/\/www.youtube.com\/embed\/_5fMCD-F6NU?feature=oembed\" frameborder=\"0\" allow=\"accelerometer; autoplay; clipboard-write; encrypted-media; gyroscope; picture-in-picture; web-share\" referrerpolicy=\"strict-origin-when-cross-origin\" allowfullscreen><\/iframe><\/div>\n<p><u>Els avantatges per a l&#8217;alumnat s\u00f3n:<\/u><\/p>\n<ul>\n<li>Tenir un contacte directe amb el m\u00f3n laboral.<\/li>\n<li>Adquirir experi\u00e8ncia i seguretat en les seves capacitats.<\/li>\n<li>Millorar el seu curr\u00edculum i obrir les portes a la seva futura inserci\u00f3 laboral.<\/li>\n<li>Durant les pr\u00e0ctiques en l&#8217;empresa l&#8217;estudiant \u00e9s donat d&#8217;alta en la Seguretat\u00a0Social i rep una remuneraci\u00f3 referenciada al salari m\u00ednim interprofessional.<\/li>\n<\/ul>\n<p><u>El nostre centre contribueix aix\u00ed:<a href=\"https:\/\/agora.xtec.cat\/fpdual\/\"><img loading=\"lazy\" decoding=\"async\" class=\"alignright wp-image-3409 size-medium\" src=\"https:\/\/agora.xtec.cat\/iesgallecs\/wp-content\/uploads\/usu1971\/2022\/02\/DUAL_alta-300x300.jpg\" alt=\"\" width=\"300\" height=\"300\" srcset=\"https:\/\/agora.xtec.cat\/iesgallecs\/wp-content\/uploads\/usu1971\/2022\/02\/DUAL_alta-300x300.jpg 300w, https:\/\/agora.xtec.cat\/iesgallecs\/wp-content\/uploads\/usu1971\/2022\/02\/DUAL_alta-150x150.jpg 150w, https:\/\/agora.xtec.cat\/iesgallecs\/wp-content\/uploads\/usu1971\/2022\/02\/DUAL_alta.jpg 553w\" sizes=\"auto, (max-width: 300px) 100vw, 300px\" \/><\/a><\/u><\/p>\n<ul>\n<li>A la millora de les relacions amb l&#8217;entorn empresarial de Mollet del Vall\u00e8s i les poblacions del voltant.<\/li>\n<li>A l&#8217;intercanvi de coneixements entre el m\u00f3n docent i l&#8217;empresarial.<\/li>\n<li>Al creixement de l&#8217;aprenentatge dels nostres alumnes.<\/li>\n<li>A la satisfacci\u00f3 de l&#8217;alumnat amb el seu pla de formaci\u00f3.<\/li>\n<\/ul>\n<p><u>Els avantatges per a l&#8217;empresa s\u00f3n:<\/u><\/p>\n<ul>\n<li>Contribueix a assumir la seva responsabilitat amb la societat.<\/li>\n<li>Forma un personal dins de la seva cultura empresarial.<\/li>\n<li>Identificaci\u00f3 i captaci\u00f3 de talent.<\/li>\n<li>Increment de la seva productivitat.<\/li>\n<\/ul>\n<p><a href=\"https:\/\/agora.xtec.cat\/iesgallecs\/wp-content\/uploads\/usu1971\/2022\/03\/baixa.png\"><img loading=\"lazy\" decoding=\"async\" class=\"size-full wp-image-3564 alignnone\" src=\"https:\/\/agora.xtec.cat\/iesgallecs\/wp-content\/uploads\/usu1971\/2022\/03\/baixa.png\" alt=\"\" width=\"273\" height=\"185\" \/><\/a><\/p>\n<p>&nbsp;<\/p>\n<p><u>Llistat d&#8217;empreses amb les que col\u00b7laborem:<\/u><\/p>\n<p><a href=\"https:\/\/agora.xtec.cat\/iesgallecs\/wp-content\/uploads\/usu1971\/2022\/03\/logos_empreses-1.jpg\"><img loading=\"lazy\" decoding=\"async\" class=\"alignnone size-full wp-image-3566\" src=\"https:\/\/agora.xtec.cat\/iesgallecs\/wp-content\/uploads\/usu1971\/2022\/03\/logos_empreses-1.jpg\" alt=\"\" width=\"1158\" height=\"453\" srcset=\"https:\/\/agora.xtec.cat\/iesgallecs\/wp-content\/uploads\/usu1971\/2022\/03\/logos_empreses-1.jpg 1158w, https:\/\/agora.xtec.cat\/iesgallecs\/wp-content\/uploads\/usu1971\/2022\/03\/logos_empreses-1-300x117.jpg 300w, https:\/\/agora.xtec.cat\/iesgallecs\/wp-content\/uploads\/usu1971\/2022\/03\/logos_empreses-1-1024x401.jpg 1024w, https:\/\/agora.xtec.cat\/iesgallecs\/wp-content\/uploads\/usu1971\/2022\/03\/logos_empreses-1-768x300.jpg 768w\" sizes=\"auto, (max-width: 1158px) 100vw, 1158px\" \/><\/a><\/p>\n<p><strong>Equip de treball<\/strong><br \/>\nNieves Anguas Ortiz<br \/>\nCoordinadora FP i FP DUAL<\/p>\n<p>Suport de l\u2019Equip Directiu<br \/>\nEquip de selecci\u00f3 alumnat: tutor\/a de cada alumne de l\u2019equip docent.<\/p>\n<p><strong>Portem des del curs escolar 2015-2016 fent FP Dual al nostre centre.<\/strong> Consulta l&#8217;evoluci\u00f3 en gr\u00e0fics de la nostra experi\u00e8ncia en aquest <a href=\"https:\/\/agora.xtec.cat\/iesgallecs\/wp-content\/uploads\/usu1971\/2022\/03\/Evolucio-FP-Dual-INS-Gallecs.pdf\" target=\"_blank\" rel=\"noopener\"><strong>document<\/strong><\/a>.<\/p>\n<p><a href=\"https:\/\/agora.xtec.cat\/iesgallecs\/wp-content\/uploads\/usu1971\/2022\/03\/logos_FP_dual.jpg\"><img loading=\"lazy\" decoding=\"async\" class=\"alignnone size-full wp-image-3563\" src=\"https:\/\/agora.xtec.cat\/iesgallecs\/wp-content\/uploads\/usu1971\/2022\/03\/logos_FP_dual.jpg\" alt=\"\" width=\"1098\" height=\"67\" srcset=\"https:\/\/agora.xtec.cat\/iesgallecs\/wp-content\/uploads\/usu1971\/2022\/03\/logos_FP_dual.jpg 1098w, https:\/\/agora.xtec.cat\/iesgallecs\/wp-content\/uploads\/usu1971\/2022\/03\/logos_FP_dual-300x18.jpg 300w, https:\/\/agora.xtec.cat\/iesgallecs\/wp-content\/uploads\/usu1971\/2022\/03\/logos_FP_dual-1024x62.jpg 1024w, https:\/\/agora.xtec.cat\/iesgallecs\/wp-content\/uploads\/usu1971\/2022\/03\/logos_FP_dual-768x47.jpg 768w\" sizes=\"auto, (max-width: 1098px) 100vw, 1098px\" \/><\/a><\/p>\n","protected":false},"excerpt":{"rendered":"<p>A l&#8217;Institut Gallecs apostem per l&#8217;FP DUAL, en la qual l&#8217;estudiant combina la formaci\u00f3 en el nostre centre educatiu amb les pr\u00e0ctiques en una empresa. Els avantatges per a l&#8217;alumnat s\u00f3n: Tenir un contacte directe amb el m\u00f3n laboral. Adquirir experi\u00e8ncia i seguretat en les seves capacitats. Millorar el seu curr\u00edculum i obrir les portes [&hellip;]<\/p>\n","protected":false},"author":36,"featured_media":0,"parent":0,"menu_order":0,"comment_status":"closed","ping_status":"closed","template":"page-templates\/side-menu.php","meta":{"site-sidebar-layout":"default","site-content-layout":"","ast-site-content-layout":"","site-content-style":"default","site-sidebar-style":"default","ast-global-header-display":"","ast-banner-title-visibility":"","ast-main-header-display":"","ast-hfb-above-header-display":"","ast-hfb-below-header-display":"","ast-hfb-mobile-header-display":"","site-post-title":"","ast-breadcrumbs-content":"","ast-featured-img":"","footer-sml-layout":"","theme-transparent-header-meta":"","adv-header-id-meta":"","stick-header-meta":"","header-above-stick-meta":"","header-main-stick-meta":"","header-below-stick-meta":"","astra-migrate-meta-layouts":"default","ast-page-background-enabled":"default","ast-page-background-meta":{"desktop":{"background-color":"var(--ast-global-color-5)","background-image":"","background-repeat":"repeat","background-position":"center center","background-size":"auto","background-attachment":"scroll","background-type":"","background-media":"","overlay-type":"","overlay-color":"","overlay-opacity":"","overlay-gradient":""},"tablet":{"background-color":"","background-image":"","background-repeat":"repeat","background-position":"center center","background-size":"auto","background-attachment":"scroll","background-type":"","background-media":"","overlay-type":"","overlay-color":"","overlay-opacity":"","overlay-gradient":""},"mobile":{"background-color":"","background-image":"","background-repeat":"repeat","background-position":"center center","background-size":"auto","background-attachment":"scroll","background-type":"","background-media":"","overlay-type":"","overlay-color":"","overlay-opacity":"","overlay-gradient":""}},"ast-content-background-meta":{"desktop":{"background-color":"var(--ast-global-color-4)","background-image":"","background-repeat":"repeat","background-position":"center center","background-size":"auto","background-attachment":"scroll","background-type":"","background-media":"","overlay-type":"","overlay-color":"","overlay-opacity":"","overlay-gradient":""},"tablet":{"background-color":"var(--ast-global-color-4)","background-image":"","background-repeat":"repeat","background-position":"center center","background-size":"auto","background-attachment":"scroll","background-type":"","background-media":"","overlay-type":"","overlay-color":"","overlay-opacity":"","overlay-gradient":""},"mobile":{"background-color":"var(--ast-global-color-4)","background-image":"","background-repeat":"repeat","background-position":"center center","background-size":"auto","background-attachment":"scroll","background-type":"","background-media":"","overlay-type":"","overlay-color":"","overlay-opacity":"","overlay-gradient":""}},"footnotes":""},"class_list":["post-3408","page","type-page","status-publish","hentry"],"post_mailing_queue_ids":[],"_links":{"self":[{"href":"https:\/\/agora.xtec.cat\/iesgallecs\/wp-json\/wp\/v2\/pages\/3408","targetHints":{"allow":["GET"]}}],"collection":[{"href":"https:\/\/agora.xtec.cat\/iesgallecs\/wp-json\/wp\/v2\/pages"}],"about":[{"href":"https:\/\/agora.xtec.cat\/iesgallecs\/wp-json\/wp\/v2\/types\/page"}],"author":[{"embeddable":true,"href":"https:\/\/agora.xtec.cat\/iesgallecs\/wp-json\/wp\/v2\/users\/36"}],"replies":[{"embeddable":true,"href":"https:\/\/agora.xtec.cat\/iesgallecs\/wp-json\/wp\/v2\/comments?post=3408"}],"version-history":[{"count":3,"href":"https:\/\/agora.xtec.cat\/iesgallecs\/wp-json\/wp\/v2\/pages\/3408\/revisions"}],"predecessor-version":[{"id":4105,"href":"https:\/\/agora.xtec.cat\/iesgallecs\/wp-json\/wp\/v2\/pages\/3408\/revisions\/4105"}],"wp:attachment":[{"href":"https:\/\/agora.xtec.cat\/iesgallecs\/wp-json\/wp\/v2\/media?parent=3408"}],"curies":[{"name":"wp","href":"https:\/\/api.w.org\/{rel}","templated":true}]}}