{"id":2973,"date":"2021-06-09T09:39:46","date_gmt":"2021-06-09T07:39:46","guid":{"rendered":"https:\/\/agora.xtec.cat\/iesgallecs\/?page_id=2973"},"modified":"2021-09-16T19:00:39","modified_gmt":"2021-09-16T17:00:39","slug":"oferta-places-grau-mitja-2021-22","status":"publish","type":"page","link":"https:\/\/agora.xtec.cat\/iesgallecs\/oferta-places-grau-mitja-2021-22\/","title":{"rendered":"Oferta places Grau Mitj\u00e0 2021\/22"},"content":{"rendered":"<h4>Llista d&#8217;admesos en el proc\u00e9s extraordinari d&#8217;admissi\u00f3 per Grau Mitj\u00e0 (Farm\u00e0cia i Parafarm\u00e0cia) (15\/09\/2021)<\/h4>\n<h5><a href=\"https:\/\/agora.xtec.cat\/iesgallecs\/wp-content\/uploads\/usu1971\/2021\/09\/Proces-extraordinari-GM-21-22.pdf\" target=\"_blank\" rel=\"noopener\">Proc\u00e9s extraordinari GM 21-22<\/a><\/h5>\n<p>&nbsp;<\/p>\n<h4>Llista NO admesos Grau Mitj\u00e0 (15\/09\/2021)<\/h4>\n<h5><a href=\"https:\/\/agora.xtec.cat\/iesgallecs\/wp-content\/uploads\/usu1971\/2021\/09\/Proces-extraordinari-No-assignats-GM-1.pdf\">Proc\u00e9s extraordinari (No assignats) GM<\/a><\/h5>\n<p>&nbsp;<\/p>\n<h4><strong>Alumnes assignats al centre amb indicaci\u00f3 de la primera petici\u00f3 a 07\/09\/2021<\/strong><\/h4>\n<h5><a href=\"https:\/\/agora.xtec.cat\/iesgallecs\/wp-content\/uploads\/usu1971\/2021\/09\/LLista-grau-mig-de-dia-7.pdf\">Nou llistat Graus Mitjans 7 de setembre<\/a><\/h5>\n<p><a href=\"https:\/\/agora.xtec.cat\/iesgallecs\/wp-content\/uploads\/usu1971\/2021\/09\/LLista-grau-mig-de-dia-7.pdf\" target=\"_blank\" rel=\"noopener\"><img loading=\"lazy\" decoding=\"async\" class=\"alignnone wp-image-2827\" src=\"https:\/\/agora.xtec.cat\/iesgallecs\/wp-content\/uploads\/usu1971\/2021\/04\/pdf-file.png\" alt=\"\" width=\"54\" height=\"54\" srcset=\"https:\/\/agora.xtec.cat\/iesgallecs\/wp-content\/uploads\/usu1971\/2021\/04\/pdf-file.png 512w, https:\/\/agora.xtec.cat\/iesgallecs\/wp-content\/uploads\/usu1971\/2021\/04\/pdf-file-150x150.png 150w, https:\/\/agora.xtec.cat\/iesgallecs\/wp-content\/uploads\/usu1971\/2021\/04\/pdf-file-300x300.png 300w\" sizes=\"auto, (max-width: 54px) 100vw, 54px\" \/><\/a><\/p>\n<h4>Llista d&#8217;espera CFGM (09\/07\/2021)<\/h4>\n<h6><a href=\"https:\/\/agora.xtec.cat\/iesgallecs\/wp-content\/uploads\/usu1971\/2021\/07\/LLista-despera-Graus-Mitjans.pdf\" target=\"_blank\" rel=\"noopener noreferrer\">LLista d&#8217;espera Graus Mitjans<\/a><\/h6>\n<p><a href=\"https:\/\/agora.xtec.cat\/iesgallecs\/wp-content\/uploads\/usu1971\/2021\/07\/LLista-despera-Graus-Mitjans.pdf\" target=\"_blank\" rel=\"noopener noreferrer\"><img loading=\"lazy\" decoding=\"async\" class=\"alignnone wp-image-2827\" src=\"https:\/\/agora.xtec.cat\/iesgallecs\/wp-content\/uploads\/usu1971\/2021\/04\/pdf-file.png\" alt=\"\" width=\"57\" height=\"57\" srcset=\"https:\/\/agora.xtec.cat\/iesgallecs\/wp-content\/uploads\/usu1971\/2021\/04\/pdf-file.png 512w, https:\/\/agora.xtec.cat\/iesgallecs\/wp-content\/uploads\/usu1971\/2021\/04\/pdf-file-150x150.png 150w, https:\/\/agora.xtec.cat\/iesgallecs\/wp-content\/uploads\/usu1971\/2021\/04\/pdf-file-300x300.png 300w\" sizes=\"auto, (max-width: 57px) 100vw, 57px\" \/><\/a><\/p>\n<h4>Llista admesos CFGM (09\/07\/2021)<\/h4>\n<h6><strong><a href=\"https:\/\/agora.xtec.cat\/iesgallecs\/wp-content\/uploads\/usu1971\/2021\/07\/Resultats-preinscripci\u00f3-GRAU-MIG.pdf\" target=\"_blank\" rel=\"noopener noreferrer\">Resultats preinscripci\u00f3 GRAU MIG<\/a><\/strong><\/h6>\n<p><a href=\"https:\/\/agora.xtec.cat\/iesgallecs\/wp-content\/uploads\/usu1971\/2021\/07\/Resultats-preinscripci\u00f3-GRAU-MIG.pdf\" target=\"_blank\" rel=\"noopener noreferrer\"><img loading=\"lazy\" decoding=\"async\" class=\"alignnone wp-image-2827\" src=\"https:\/\/agora.xtec.cat\/iesgallecs\/wp-content\/uploads\/usu1971\/2021\/04\/pdf-file.png\" alt=\"\" width=\"57\" height=\"57\" srcset=\"https:\/\/agora.xtec.cat\/iesgallecs\/wp-content\/uploads\/usu1971\/2021\/04\/pdf-file.png 512w, https:\/\/agora.xtec.cat\/iesgallecs\/wp-content\/uploads\/usu1971\/2021\/04\/pdf-file-150x150.png 150w, https:\/\/agora.xtec.cat\/iesgallecs\/wp-content\/uploads\/usu1971\/2021\/04\/pdf-file-300x300.png 300w\" sizes=\"auto, (max-width: 57px) 100vw, 57px\" \/><\/a><\/p>\n<h4>Llistes de sol\u00b7licituds ordenades de CFGM (23\/06\/2021)<\/h4>\n<p><a href=\"https:\/\/agora.xtec.cat\/iesgallecs\/wp-content\/uploads\/usu1971\/2021\/06\/LLISTA-ORDENADA-DE-CFGM.pdf\" target=\"_blank\" rel=\"noopener noreferrer\">Llista ordenada CFGM (23\/06\/21)<\/a><\/p>\n<p><a href=\"https:\/\/agora.xtec.cat\/iesgallecs\/wp-content\/uploads\/usu1971\/2021\/06\/LLISTA-ORDENADA-DE-CFGM.pdf\" target=\"_blank\" rel=\"noopener noreferrer\"><img loading=\"lazy\" decoding=\"async\" class=\"alignnone wp-image-2827\" src=\"https:\/\/agora.xtec.cat\/iesgallecs\/wp-content\/uploads\/usu1971\/2021\/04\/pdf-file.png\" alt=\"\" width=\"55\" height=\"55\" srcset=\"https:\/\/agora.xtec.cat\/iesgallecs\/wp-content\/uploads\/usu1971\/2021\/04\/pdf-file.png 512w, https:\/\/agora.xtec.cat\/iesgallecs\/wp-content\/uploads\/usu1971\/2021\/04\/pdf-file-150x150.png 150w, https:\/\/agora.xtec.cat\/iesgallecs\/wp-content\/uploads\/usu1971\/2021\/04\/pdf-file-300x300.png 300w\" sizes=\"auto, (max-width: 55px) 100vw, 55px\" \/><\/a><\/p>\n<h4><\/h4>\n<h4>Barem provisional de la preinscripci\u00f3 Cicles Formatius Grau Mitj\u00e0<\/h4>\n<p><a href=\"https:\/\/agora.xtec.cat\/iesgallecs\/wp-content\/uploads\/usu1971\/2021\/06\/BAREM-PROVISIONAL-GRAU-MIG.pdf\" target=\"_blank\" rel=\"noopener noreferrer\">Barem provisional Grau Mitj\u00e0<\/a><\/p>\n<p><a href=\"https:\/\/agora.xtec.cat\/iesgallecs\/wp-content\/uploads\/usu1971\/2021\/06\/BAREM-PROVISIONAL-GRAU-MIG.pdf\" target=\"_blank\" rel=\"noopener noreferrer\"><img loading=\"lazy\" decoding=\"async\" class=\"alignnone wp-image-2827\" src=\"https:\/\/agora.xtec.cat\/iesgallecs\/wp-content\/uploads\/usu1971\/2021\/04\/pdf-file.png\" alt=\"\" width=\"59\" height=\"59\" srcset=\"https:\/\/agora.xtec.cat\/iesgallecs\/wp-content\/uploads\/usu1971\/2021\/04\/pdf-file.png 512w, https:\/\/agora.xtec.cat\/iesgallecs\/wp-content\/uploads\/usu1971\/2021\/04\/pdf-file-150x150.png 150w, https:\/\/agora.xtec.cat\/iesgallecs\/wp-content\/uploads\/usu1971\/2021\/04\/pdf-file-300x300.png 300w\" sizes=\"auto, (max-width: 59px) 100vw, 59px\" \/><\/a><\/p>\n<p>&nbsp;<\/p>\n<p>Cicles mitjans de Formaci\u00f3 Professional 2021\/2022 a l&#8217;INS Gallecs publicaci\u00f3 de l&#8217;oferta inicial de places.<\/p>\n<p><a href=\"https:\/\/agora.xtec.cat\/iesgallecs\/wp-content\/uploads\/usu1971\/2021\/05\/OFERTA-INICIAL-GRAUS-MITJANS.pdf\" target=\"_blank\" rel=\"noopener noreferrer\"><img loading=\"lazy\" decoding=\"async\" class=\"alignnone wp-image-2827\" src=\"https:\/\/agora.xtec.cat\/iesgallecs\/wp-content\/uploads\/usu1971\/2021\/04\/pdf-file-150x150.png\" alt=\"\" width=\"65\" height=\"65\" srcset=\"https:\/\/agora.xtec.cat\/iesgallecs\/wp-content\/uploads\/usu1971\/2021\/04\/pdf-file-150x150.png 150w, https:\/\/agora.xtec.cat\/iesgallecs\/wp-content\/uploads\/usu1971\/2021\/04\/pdf-file-300x300.png 300w, https:\/\/agora.xtec.cat\/iesgallecs\/wp-content\/uploads\/usu1971\/2021\/04\/pdf-file.png 512w\" sizes=\"auto, (max-width: 65px) 100vw, 65px\" \/><\/a><\/p>\n<p><a href=\"https:\/\/agora.xtec.cat\/iesgallecs\/wp-content\/uploads\/usu1971\/2021\/05\/OFERTA-INICIAL-GRAUS-MITJANS.pdf\">OFERTA INICIAL GRAUS MITJANS<\/a><\/p>\n<p><a href=\"https:\/\/agora.xtec.cat\/iesgallecs\/wp-content\/uploads\/usu1971\/2021\/05\/places_cicles.png\"><img loading=\"lazy\" decoding=\"async\" class=\"alignnone size-full wp-image-2903\" src=\"https:\/\/agora.xtec.cat\/iesgallecs\/wp-content\/uploads\/usu1971\/2021\/05\/places_cicles.png\" alt=\"\" width=\"959\" height=\"862\" srcset=\"https:\/\/agora.xtec.cat\/iesgallecs\/wp-content\/uploads\/usu1971\/2021\/05\/places_cicles.png 959w, https:\/\/agora.xtec.cat\/iesgallecs\/wp-content\/uploads\/usu1971\/2021\/05\/places_cicles-300x270.png 300w, https:\/\/agora.xtec.cat\/iesgallecs\/wp-content\/uploads\/usu1971\/2021\/05\/places_cicles-768x690.png 768w\" sizes=\"auto, (max-width: 959px) 100vw, 959px\" \/><\/a><\/p>\n<p>Pots consultar l&#8217;oferta d&#8217;estudis de Cicle Formatiu del nostre centre aqu\u00ed: <a href=\"https:\/\/sites.google.com\/xtec.cat\/ins-gallecs\/cicles-formatius\" target=\"_blank\" rel=\"noopener noreferrer\">https:\/\/sites.google.com\/xtec.cat\/ins-gallecs\/cicles-formatius<\/a><\/p>\n<p>Per fer la preinscripci\u00f3 cal que visites la web del Departament: <a href=\"https:\/\/preinscripcio.gencat.cat\/ca\/inici\/\" target=\"_blank\" rel=\"noopener noreferrer\">https:\/\/preinscripcio.gencat.cat\/ca\/inici\/<\/a><\/p>\n","protected":false},"excerpt":{"rendered":"<p>Llista d&#8217;admesos en el proc\u00e9s extraordinari d&#8217;admissi\u00f3 per Grau Mitj\u00e0 (Farm\u00e0cia i Parafarm\u00e0cia) (15\/09\/2021) Proc\u00e9s extraordinari GM 21-22 &nbsp; Llista NO admesos Grau Mitj\u00e0 (15\/09\/2021) Proc\u00e9s extraordinari (No assignats) GM &nbsp; Alumnes assignats al centre amb indicaci\u00f3 de la primera petici\u00f3 a 07\/09\/2021 Nou llistat Graus Mitjans 7 de setembre Llista d&#8217;espera CFGM (09\/07\/2021) LLista [&hellip;]<\/p>\n","protected":false},"author":36,"featured_media":0,"parent":0,"menu_order":0,"comment_status":"closed","ping_status":"closed","template":"","meta":{"site-sidebar-layout":"default","site-content-layout":"","ast-site-content-layout":"","site-content-style":"default","site-sidebar-style":"default","ast-global-header-display":"","ast-banner-title-visibility":"","ast-main-header-display":"","ast-hfb-above-header-display":"","ast-hfb-below-header-display":"","ast-hfb-mobile-header-display":"","site-post-title":"","ast-breadcrumbs-content":"","ast-featured-img":"","footer-sml-layout":"","theme-transparent-header-meta":"","adv-header-id-meta":"","stick-header-meta":"","header-above-stick-meta":"","header-main-stick-meta":"","header-below-stick-meta":"","astra-migrate-meta-layouts":"default","ast-page-background-enabled":"default","ast-page-background-meta":{"desktop":{"background-color":"var(--ast-global-color-5)","background-image":"","background-repeat":"repeat","background-position":"center center","background-size":"auto","background-attachment":"scroll","background-type":"","background-media":"","overlay-type":"","overlay-color":"","overlay-opacity":"","overlay-gradient":""},"tablet":{"background-color":"","background-image":"","background-repeat":"repeat","background-position":"center center","background-size":"auto","background-attachment":"scroll","background-type":"","background-media":"","overlay-type":"","overlay-color":"","overlay-opacity":"","overlay-gradient":""},"mobile":{"background-color":"","background-image":"","background-repeat":"repeat","background-position":"center center","background-size":"auto","background-attachment":"scroll","background-type":"","background-media":"","overlay-type":"","overlay-color":"","overlay-opacity":"","overlay-gradient":""}},"ast-content-background-meta":{"desktop":{"background-color":"var(--ast-global-color-4)","background-image":"","background-repeat":"repeat","background-position":"center center","background-size":"auto","background-attachment":"scroll","background-type":"","background-media":"","overlay-type":"","overlay-color":"","overlay-opacity":"","overlay-gradient":""},"tablet":{"background-color":"var(--ast-global-color-4)","background-image":"","background-repeat":"repeat","background-position":"center center","background-size":"auto","background-attachment":"scroll","background-type":"","background-media":"","overlay-type":"","overlay-color":"","overlay-opacity":"","overlay-gradient":""},"mobile":{"background-color":"var(--ast-global-color-4)","background-image":"","background-repeat":"repeat","background-position":"center center","background-size":"auto","background-attachment":"scroll","background-type":"","background-media":"","overlay-type":"","overlay-color":"","overlay-opacity":"","overlay-gradient":""}},"footnotes":""},"class_list":["post-2973","page","type-page","status-publish","hentry"],"post_mailing_queue_ids":[],"_links":{"self":[{"href":"https:\/\/agora.xtec.cat\/iesgallecs\/wp-json\/wp\/v2\/pages\/2973","targetHints":{"allow":["GET"]}}],"collection":[{"href":"https:\/\/agora.xtec.cat\/iesgallecs\/wp-json\/wp\/v2\/pages"}],"about":[{"href":"https:\/\/agora.xtec.cat\/iesgallecs\/wp-json\/wp\/v2\/types\/page"}],"author":[{"embeddable":true,"href":"https:\/\/agora.xtec.cat\/iesgallecs\/wp-json\/wp\/v2\/users\/36"}],"replies":[{"embeddable":true,"href":"https:\/\/agora.xtec.cat\/iesgallecs\/wp-json\/wp\/v2\/comments?post=2973"}],"version-history":[{"count":4,"href":"https:\/\/agora.xtec.cat\/iesgallecs\/wp-json\/wp\/v2\/pages\/2973\/revisions"}],"predecessor-version":[{"id":3229,"href":"https:\/\/agora.xtec.cat\/iesgallecs\/wp-json\/wp\/v2\/pages\/2973\/revisions\/3229"}],"wp:attachment":[{"href":"https:\/\/agora.xtec.cat\/iesgallecs\/wp-json\/wp\/v2\/media?parent=2973"}],"curies":[{"name":"wp","href":"https:\/\/api.w.org\/{rel}","templated":true}]}}

Oferta places Grau Mitjà 2021/22

<h4>Llista d&#8217;admesos en el procés extraordinari d&#8217;admissió per Grau Mitjà (Farmàcia i Parafarmàcia) (15/09/2021)</h4>
<h5><a href="https://agora.xtec.cat/iesgallecs/wp-content/uploads/usu1971/2021/09/Proces-extraordinari-GM-21-22.pdf" target="_blank" rel="noopener">Procés extraordinari GM 21-22</a></h5>
<p>&nbsp;</p>
<h4>Llista NO admesos Grau Mitjà (15/09/2021)</h4>
<h5><a href="https://agora.xtec.cat/iesgallecs/wp-content/uploads/usu1971/2021/09/Proces-extraordinari-No-assignats-GM-1.pdf">Procés extraordinari (No assignats) GM</a></h5>
<p>&nbsp;</p>
<h4><strong>Alumnes assignats al centre amb indicació de la primera petició a 07/09/2021</strong></h4>
<h5><a href="https://agora.xtec.cat/iesgallecs/wp-content/uploads/usu1971/2021/09/LLista-grau-mig-de-dia-7.pdf">Nou llistat Graus Mitjans 7 de setembre</a></h5>
<p><a href="https://agora.xtec.cat/iesgallecs/wp-content/uploads/usu1971/2021/09/LLista-grau-mig-de-dia-7.pdf" target="_blank" rel="noopener"><img loading="lazy" decoding="async" class="alignnone wp-image-2827" src="https://agora.xtec.cat/iesgallecs/wp-content/uploads/usu1971/2021/04/pdf-file.png" alt="" width="54" height="54" srcset="https://agora.xtec.cat/iesgallecs/wp-content/uploads/usu1971/2021/04/pdf-file.png 512w, https://agora.xtec.cat/iesgallecs/wp-content/uploads/usu1971/2021/04/pdf-file-150x150.png 150w, https://agora.xtec.cat/iesgallecs/wp-content/uploads/usu1971/2021/04/pdf-file-300x300.png 300w" sizes="auto, (max-width: 54px) 100vw, 54px" /></a></p>
<h4>Llista d&#8217;espera CFGM (09/07/2021)</h4>
<h6><a href="https://agora.xtec.cat/iesgallecs/wp-content/uploads/usu1971/2021/07/LLista-despera-Graus-Mitjans.pdf" target="_blank" rel="noopener noreferrer">LLista d&#8217;espera Graus Mitjans</a></h6>
<p><a href="https://agora.xtec.cat/iesgallecs/wp-content/uploads/usu1971/2021/07/LLista-despera-Graus-Mitjans.pdf" target="_blank" rel="noopener noreferrer"><img loading="lazy" decoding="async" class="alignnone wp-image-2827" src="https://agora.xtec.cat/iesgallecs/wp-content/uploads/usu1971/2021/04/pdf-file.png" alt="" width="57" height="57" srcset="https://agora.xtec.cat/iesgallecs/wp-content/uploads/usu1971/2021/04/pdf-file.png 512w, https://agora.xtec.cat/iesgallecs/wp-content/uploads/usu1971/2021/04/pdf-file-150x150.png 150w, https://agora.xtec.cat/iesgallecs/wp-content/uploads/usu1971/2021/04/pdf-file-300x300.png 300w" sizes="auto, (max-width: 57px) 100vw, 57px" /></a></p>
<h4>Llista admesos CFGM (09/07/2021)</h4>
<h6><strong><a href="https://agora.xtec.cat/iesgallecs/wp-content/uploads/usu1971/2021/07/Resultats-preinscripció-GRAU-MIG.pdf" target="_blank" rel="noopener noreferrer">Resultats preinscripció GRAU MIG</a></strong></h6>
<p><a href="https://agora.xtec.cat/iesgallecs/wp-content/uploads/usu1971/2021/07/Resultats-preinscripció-GRAU-MIG.pdf" target="_blank" rel="noopener noreferrer"><img loading="lazy" decoding="async" class="alignnone wp-image-2827" src="https://agora.xtec.cat/iesgallecs/wp-content/uploads/usu1971/2021/04/pdf-file.png" alt="" width="57" height="57" srcset="https://agora.xtec.cat/iesgallecs/wp-content/uploads/usu1971/2021/04/pdf-file.png 512w, https://agora.xtec.cat/iesgallecs/wp-content/uploads/usu1971/2021/04/pdf-file-150x150.png 150w, https://agora.xtec.cat/iesgallecs/wp-content/uploads/usu1971/2021/04/pdf-file-300x300.png 300w" sizes="auto, (max-width: 57px) 100vw, 57px" /></a></p>
<h4>Llistes de sol·licituds ordenades de CFGM (23/06/2021)</h4>
<p><a href="https://agora.xtec.cat/iesgallecs/wp-content/uploads/usu1971/2021/06/LLISTA-ORDENADA-DE-CFGM.pdf" target="_blank" rel="noopener noreferrer">Llista ordenada CFGM (23/06/21)</a></p>
<p><a href="https://agora.xtec.cat/iesgallecs/wp-content/uploads/usu1971/2021/06/LLISTA-ORDENADA-DE-CFGM.pdf" target="_blank" rel="noopener noreferrer"><img loading="lazy" decoding="async" class="alignnone wp-image-2827" src="https://agora.xtec.cat/iesgallecs/wp-content/uploads/usu1971/2021/04/pdf-file.png" alt="" width="55" height="55" srcset="https://agora.xtec.cat/iesgallecs/wp-content/uploads/usu1971/2021/04/pdf-file.png 512w, https://agora.xtec.cat/iesgallecs/wp-content/uploads/usu1971/2021/04/pdf-file-150x150.png 150w, https://agora.xtec.cat/iesgallecs/wp-content/uploads/usu1971/2021/04/pdf-file-300x300.png 300w" sizes="auto, (max-width: 55px) 100vw, 55px" /></a></p>
<h4></h4>
<h4>Barem provisional de la preinscripció Cicles Formatius Grau Mitjà</h4>
<p><a href="https://agora.xtec.cat/iesgallecs/wp-content/uploads/usu1971/2021/06/BAREM-PROVISIONAL-GRAU-MIG.pdf" target="_blank" rel="noopener noreferrer">Barem provisional Grau Mitjà</a></p>
<p><a href="https://agora.xtec.cat/iesgallecs/wp-content/uploads/usu1971/2021/06/BAREM-PROVISIONAL-GRAU-MIG.pdf" target="_blank" rel="noopener noreferrer"><img loading="lazy" decoding="async" class="alignnone wp-image-2827" src="https://agora.xtec.cat/iesgallecs/wp-content/uploads/usu1971/2021/04/pdf-file.png" alt="" width="59" height="59" srcset="https://agora.xtec.cat/iesgallecs/wp-content/uploads/usu1971/2021/04/pdf-file.png 512w, https://agora.xtec.cat/iesgallecs/wp-content/uploads/usu1971/2021/04/pdf-file-150x150.png 150w, https://agora.xtec.cat/iesgallecs/wp-content/uploads/usu1971/2021/04/pdf-file-300x300.png 300w" sizes="auto, (max-width: 59px) 100vw, 59px" /></a></p>
<p>&nbsp;</p>
<p>Cicles mitjans de Formació Professional 2021/2022 a l&#8217;INS Gallecs publicació de l&#8217;oferta inicial de places.</p>
<p><a href="https://agora.xtec.cat/iesgallecs/wp-content/uploads/usu1971/2021/05/OFERTA-INICIAL-GRAUS-MITJANS.pdf" target="_blank" rel="noopener noreferrer"><img loading="lazy" decoding="async" class="alignnone wp-image-2827" src="https://agora.xtec.cat/iesgallecs/wp-content/uploads/usu1971/2021/04/pdf-file-150x150.png" alt="" width="65" height="65" srcset="https://agora.xtec.cat/iesgallecs/wp-content/uploads/usu1971/2021/04/pdf-file-150x150.png 150w, https://agora.xtec.cat/iesgallecs/wp-content/uploads/usu1971/2021/04/pdf-file-300x300.png 300w, https://agora.xtec.cat/iesgallecs/wp-content/uploads/usu1971/2021/04/pdf-file.png 512w" sizes="auto, (max-width: 65px) 100vw, 65px" /></a></p>
<p><a href="https://agora.xtec.cat/iesgallecs/wp-content/uploads/usu1971/2021/05/OFERTA-INICIAL-GRAUS-MITJANS.pdf">OFERTA INICIAL GRAUS MITJANS</a></p>
<p><a href="https://agora.xtec.cat/iesgallecs/wp-content/uploads/usu1971/2021/05/places_cicles.png"><img loading="lazy" decoding="async" class="alignnone size-full wp-image-2903" src="https://agora.xtec.cat/iesgallecs/wp-content/uploads/usu1971/2021/05/places_cicles.png" alt="" width="959" height="862" srcset="https://agora.xtec.cat/iesgallecs/wp-content/uploads/usu1971/2021/05/places_cicles.png 959w, https://agora.xtec.cat/iesgallecs/wp-content/uploads/usu1971/2021/05/places_cicles-300x270.png 300w, https://agora.xtec.cat/iesgallecs/wp-content/uploads/usu1971/2021/05/places_cicles-768x690.png 768w" sizes="auto, (max-width: 959px) 100vw, 959px" /></a></p>
<p>Pots consultar l&#8217;oferta d&#8217;estudis de Cicle Formatiu del nostre centre aquí: <a href="https://sites.google.com/xtec.cat/ins-gallecs/cicles-formatius" target="_blank" rel="noopener noreferrer">https://sites.google.com/xtec.cat/ins-gallecs/cicles-formatius</a></p>
<p>Per fer la preinscripció cal que visites la web del Departament: <a href="https://preinscripcio.gencat.cat/ca/inici/" target="_blank" rel="noopener noreferrer">https://preinscripcio.gencat.cat/ca/inici/</a></p>

<p>Llista d&#8217;admesos en el procés extraordinari d&#8217;admissió per Grau Mitjà (Farmàcia i Parafarmàcia) (15/09/2021) Procés extraordinari GM 21-22 &nbsp; Llista NO admesos Grau Mitjà (15/09/2021) Procés extraordinari (No assignats) GM &nbsp; Alumnes assignats al centre amb indicació de la primera petició a 07/09/2021 Nou llistat Graus Mitjans 7 de setembre Llista d&#8217;espera CFGM (09/07/2021) LLista [&hellip;]</p>
