{"id":2780,"date":"2021-03-30T19:48:30","date_gmt":"2021-03-30T17:48:30","guid":{"rendered":"https:\/\/agora.xtec.cat\/iesgallecs\/?page_id=2780"},"modified":"2025-10-29T19:24:32","modified_gmt":"2025-10-29T18:24:32","slug":"ampa","status":"publish","type":"page","link":"https:\/\/agora.xtec.cat\/iesgallecs\/ampa\/","title":{"rendered":"AFA"},"content":{"rendered":"<p>Des de l\u2019AFA seguim treballant per acompanyar als alumnes i a les seves fam\u00edlies en tot el cam\u00ed educatiu dins del centre.<\/p>\n<p>Treballem conjuntament amb la comunitat educativa per un benefici de tots plegats.<\/p>\n<p>Gr\u00e0cies a la quota de l\u2019AFA\u00a0 <strong>(20\u20ac per fam\u00edlia)<\/strong> podem realitzar les diferents activitats del curs com:<\/p>\n<p><strong>MATERIAL DE BENVINGUDA:<\/strong><\/p>\n<p>Els alumnes de 1r d\u2019ESO reben un lot de benvinguda compost per:<\/p>\n<ul>\n<li>Agenda escolar<\/li>\n<li>Carpeta amb separadors Ins Gallecs<\/li>\n<li>Samarreta per Educaci\u00f3 F\u00edsica<\/li>\n<li>Botella d\u2019aigua reutilitzable<\/li>\n<li>I alguna sorpresa que acostumem a variar cada curs.<\/li>\n<\/ul>\n<p>La resta de cursos tenen tamb\u00e9 l\u2019obsequi sorpresa de cada curs.<\/p>\n<p><strong>FESTES AMB PARTICIPACI\u00d3 DE L\u2019AMPA:<\/strong><\/p>\n<p>L\u2019AFA dona suport econ\u00f2mic a diferents festes que es realitzen al centre com:<\/p>\n<ul>\n<li>Xocolatada i premis de carnaval<\/li>\n<li>Premis de Sant Jordi<\/li>\n<li>Festa Fi de curs<\/li>\n<li>Festes graduacions i Orles<\/li>\n<\/ul>\n<p><strong>\u00a0<\/strong><\/p>\n<p><strong>COL.LABORACI\u00d3 EN DIADES I ACTIVITATS:<\/strong><\/p>\n<p>A part de les festes i diades, tamb\u00e9 ens agrada participar en les diferents jornades com:<\/p>\n<ul>\n<li>Marat\u00f3 de TV3<\/li>\n<li>Dia de la Dona 8M<\/li>\n<li>Dia en contra la viol\u00e8ncia de g\u00e8nere 25N<\/li>\n<li>Dia de la M\u00fasica<\/li>\n<li>Dia de l\u2019Esport<\/li>\n<\/ul>\n<p>&nbsp;<\/p>\n<p><strong>ALTRES ACTIVITATS:<\/strong><\/p>\n<p>Entre altres gestions, l\u2019AFA tamb\u00e9 es fa c\u00e0rrec del autocars que porten els nostres alumnes de 2n de Batxillerat a les PAU.<\/p>\n<p><strong>LLIBRES I LLIC\u00c8NCIES:<\/strong><\/p>\n<p><strong>Llibres:<\/strong> L\u2019AFA col\u00b7labora amb l\u2019empresa Iddink en el projecte de reutilitzaci\u00f3 de llibres.<\/p>\n<p><strong>Llic\u00e8ncies digitals:<\/strong> Des de l\u2019AFA volem ajudar amb la compra de material per tal de reduir el cost a les fam\u00edlies i treballem directament amb les editorials. Els pagaments de les llic\u00e8ncies digitals es gestiona a traves del TPV Escola. Les llicencies s\u2019entreguen directament a l\u2019aula.<\/p>\n<p><strong>ACTIVITATS EXTRAESCOLARS:<\/strong><\/p>\n<p>Treballem amb l\u2019empresa Edukids School per gestionar les activitats extraescolars del centre.<\/p>\n<p>Les activitats ofertades aquest curs han estat:<\/p>\n<ul>\n<li>Futbol Sala<\/li>\n<li>Ball Modern<\/li>\n<li>Refor\u00e7<\/li>\n<li>Angl\u00e8s<\/li>\n<li>Volei<\/li>\n<li>Full Body<\/li>\n<\/ul>\n<p><strong><em>Les activitats es duen a terme si hi ha un m\u00ednim de 10 inscripcions.<\/em><\/strong><\/p>\n<p><strong> <a href=\"https:\/\/agora.xtec.cat\/iesgallecs\/ampa\/attachment\/ampa-material\/\" rel=\"attachment wp-att-4627\"><img loading=\"lazy\" decoding=\"async\" class=\"aligncenter wp-image-4627\" src=\"https:\/\/agora.xtec.cat\/iesgallecs\/wp-content\/uploads\/usu1971\/2023\/02\/ampa-material.jpg\" alt=\"\" width=\"635\" height=\"815\" srcset=\"https:\/\/agora.xtec.cat\/iesgallecs\/wp-content\/uploads\/usu1971\/2023\/02\/ampa-material.jpg 796w, https:\/\/agora.xtec.cat\/iesgallecs\/wp-content\/uploads\/usu1971\/2023\/02\/ampa-material-234x300.jpg 234w, https:\/\/agora.xtec.cat\/iesgallecs\/wp-content\/uploads\/usu1971\/2023\/02\/ampa-material-768x986.jpg 768w\" sizes=\"auto, (max-width: 635px) 100vw, 635px\" \/><\/a><\/strong><\/p>\n<h4><\/h4>\n<h4 class=\"widgettitle\"><span style=\"font-family: inherit; font-size: 1em; font-weight: normal;\">Per contactar amb l\u2019Associaci\u00f3 de Fam\u00edlies de l&#8217;Alumnat<\/span><\/h4>\n<div class=\"textwidget\">\n<p>Correu electr\u00f2nic: <a href=\"mailto:ampa@insgallecs.cat\">ampa@insgallecs.cat<\/a><\/p>\n<p>Tel\u00e8fon: 935705343<\/p>\n<p>Instagram: @ampainsgal<\/p>\n<div class=\"ast-oembed-container \" style=\"height: 100%;\"><iframe loading=\"lazy\" title=\"AMPA\" width=\"500\" height=\"281\" src=\"https:\/\/www.youtube.com\/embed\/clfwMJwmXfk?feature=oembed\" frameborder=\"0\" allow=\"accelerometer; autoplay; clipboard-write; encrypted-media; gyroscope; picture-in-picture; web-share\" referrerpolicy=\"strict-origin-when-cross-origin\" allowfullscreen><\/iframe><\/div>\n<\/div>\n","protected":false},"excerpt":{"rendered":"<p>Des de l\u2019AFA seguim treballant per acompanyar als alumnes i a les seves fam\u00edlies en tot el cam\u00ed educatiu dins del centre. Treballem conjuntament amb la comunitat educativa per un benefici de tots plegats. Gr\u00e0cies a la quota de l\u2019AFA\u00a0 (20\u20ac per fam\u00edlia) podem realitzar les diferents activitats del curs com: MATERIAL DE BENVINGUDA: Els [&hellip;]<\/p>\n","protected":false},"author":36,"featured_media":0,"parent":0,"menu_order":0,"comment_status":"closed","ping_status":"closed","template":"","meta":{"site-sidebar-layout":"default","site-content-layout":"","ast-site-content-layout":"default","site-content-style":"default","site-sidebar-style":"default","ast-global-header-display":"","ast-banner-title-visibility":"","ast-main-header-display":"","ast-hfb-above-header-display":"","ast-hfb-below-header-display":"","ast-hfb-mobile-header-display":"","site-post-title":"","ast-breadcrumbs-content":"","ast-featured-img":"","footer-sml-layout":"","theme-transparent-header-meta":"default","adv-header-id-meta":"","stick-header-meta":"","header-above-stick-meta":"","header-main-stick-meta":"","header-below-stick-meta":"","astra-migrate-meta-layouts":"set","ast-page-background-enabled":"default","ast-page-background-meta":{"desktop":{"background-color":"var(--ast-global-color-5)","background-image":"","background-repeat":"repeat","background-position":"center center","background-size":"auto","background-attachment":"scroll","background-type":"","background-media":"","overlay-type":"","overlay-color":"","overlay-opacity":"","overlay-gradient":""},"tablet":{"background-color":"","background-image":"","background-repeat":"repeat","background-position":"center center","background-size":"auto","background-attachment":"scroll","background-type":"","background-media":"","overlay-type":"","overlay-color":"","overlay-opacity":"","overlay-gradient":""},"mobile":{"background-color":"","background-image":"","background-repeat":"repeat","background-position":"center center","background-size":"auto","background-attachment":"scroll","background-type":"","background-media":"","overlay-type":"","overlay-color":"","overlay-opacity":"","overlay-gradient":""}},"ast-content-background-meta":{"desktop":{"background-color":"var(--ast-global-color-4)","background-image":"","background-repeat":"repeat","background-position":"center center","background-size":"auto","background-attachment":"scroll","background-type":"","background-media":"","overlay-type":"","overlay-color":"","overlay-opacity":"","overlay-gradient":""},"tablet":{"background-color":"var(--ast-global-color-4)","background-image":"","background-repeat":"repeat","background-position":"center center","background-size":"auto","background-attachment":"scroll","background-type":"","background-media":"","overlay-type":"","overlay-color":"","overlay-opacity":"","overlay-gradient":""},"mobile":{"background-color":"var(--ast-global-color-4)","background-image":"","background-repeat":"repeat","background-position":"center center","background-size":"auto","background-attachment":"scroll","background-type":"","background-media":"","overlay-type":"","overlay-color":"","overlay-opacity":"","overlay-gradient":""}},"footnotes":""},"class_list":["post-2780","page","type-page","status-publish","hentry"],"post_mailing_queue_ids":[],"_links":{"self":[{"href":"https:\/\/agora.xtec.cat\/iesgallecs\/wp-json\/wp\/v2\/pages\/2780","targetHints":{"allow":["GET"]}}],"collection":[{"href":"https:\/\/agora.xtec.cat\/iesgallecs\/wp-json\/wp\/v2\/pages"}],"about":[{"href":"https:\/\/agora.xtec.cat\/iesgallecs\/wp-json\/wp\/v2\/types\/page"}],"author":[{"embeddable":true,"href":"https:\/\/agora.xtec.cat\/iesgallecs\/wp-json\/wp\/v2\/users\/36"}],"replies":[{"embeddable":true,"href":"https:\/\/agora.xtec.cat\/iesgallecs\/wp-json\/wp\/v2\/comments?post=2780"}],"version-history":[{"count":5,"href":"https:\/\/agora.xtec.cat\/iesgallecs\/wp-json\/wp\/v2\/pages\/2780\/revisions"}],"predecessor-version":[{"id":6828,"href":"https:\/\/agora.xtec.cat\/iesgallecs\/wp-json\/wp\/v2\/pages\/2780\/revisions\/6828"}],"wp:attachment":[{"href":"https:\/\/agora.xtec.cat\/iesgallecs\/wp-json\/wp\/v2\/media?parent=2780"}],"curies":[{"name":"wp","href":"https:\/\/api.w.org\/{rel}","templated":true}]}}

<p>Des de l’AFA seguim treballant per acompanyar als alumnes i a les seves famílies en tot el camí educatiu dins del centre.</p>
<p>Treballem conjuntament amb la comunitat educativa per un benefici de tots plegats.</p>
<p>Gràcies a la quota de l’AFA  <strong>(20€ per família)</strong> podem realitzar les diferents activitats del curs com:</p>
<p><strong>MATERIAL DE BENVINGUDA:</strong></p>
<p>Els alumnes de 1r d’ESO reben un lot de benvinguda compost per:</p>
<ul>
<li>Agenda escolar</li>
<li>Carpeta amb separadors Ins Gallecs</li>
<li>Samarreta per Educació Física</li>
<li>Botella d’aigua reutilitzable</li>
<li>I alguna sorpresa que acostumem a variar cada curs.</li>
</ul>
<p>La resta de cursos tenen també l’obsequi sorpresa de cada curs.</p>
<p><strong>FESTES AMB PARTICIPACIÓ DE L’AMPA:</strong></p>
<p>L’AFA dona suport econòmic a diferents festes que es realitzen al centre com:</p>
<ul>
<li>Xocolatada i premis de carnaval</li>
<li>Premis de Sant Jordi</li>
<li>Festa Fi de curs</li>
<li>Festes graduacions i Orles</li>
</ul>
<p><strong> </strong></p>
<p><strong>COL.LABORACIÓ EN DIADES I ACTIVITATS:</strong></p>
<p>A part de les festes i diades, també ens agrada participar en les diferents jornades com:</p>
<ul>
<li>Marató de TV3</li>
<li>Dia de la Dona 8M</li>
<li>Dia en contra la violència de gènere 25N</li>
<li>Dia de la Música</li>
<li>Dia de l’Esport</li>
</ul>
<p>&nbsp;</p>
<p><strong>ALTRES ACTIVITATS:</strong></p>
<p>Entre altres gestions, l’AFA també es fa càrrec del autocars que porten els nostres alumnes de 2n de Batxillerat a les PAU.</p>
<p><strong>LLIBRES I LLICÈNCIES:</strong></p>
<p><strong>Llibres:</strong> L’AFA col·labora amb l’empresa Iddink en el projecte de reutilització de llibres.</p>
<p><strong>Llicències digitals:</strong> Des de l’AFA volem ajudar amb la compra de material per tal de reduir el cost a les famílies i treballem directament amb les editorials. Els pagaments de les llicències digitals es gestiona a traves del TPV Escola. Les llicencies s’entreguen directament a l’aula.</p>
<p><strong>ACTIVITATS EXTRAESCOLARS:</strong></p>
<p>Treballem amb l’empresa Edukids School per gestionar les activitats extraescolars del centre.</p>
<p>Les activitats ofertades aquest curs han estat:</p>
<ul>
<li>Futbol Sala</li>
<li>Ball Modern</li>
<li>Reforç</li>
<li>Anglès</li>
<li>Volei</li>
<li>Full Body</li>
</ul>
<p><strong><em>Les activitats es duen a terme si hi ha un mínim de 10 inscripcions.</em></strong></p>
<p><strong> <a href="https://agora.xtec.cat/iesgallecs/ampa/attachment/ampa-material/" rel="attachment wp-att-4627"><img loading="lazy" decoding="async" class="aligncenter wp-image-4627" src="https://agora.xtec.cat/iesgallecs/wp-content/uploads/usu1971/2023/02/ampa-material.jpg" alt="" width="635" height="815" srcset="https://agora.xtec.cat/iesgallecs/wp-content/uploads/usu1971/2023/02/ampa-material.jpg 796w, https://agora.xtec.cat/iesgallecs/wp-content/uploads/usu1971/2023/02/ampa-material-234x300.jpg 234w, https://agora.xtec.cat/iesgallecs/wp-content/uploads/usu1971/2023/02/ampa-material-768x986.jpg 768w" sizes="auto, (max-width: 635px) 100vw, 635px" /></a></strong></p>
<h4></h4>
<h4 class="widgettitle"><span style="font-family: inherit; font-size: 1em; font-weight: normal;">Per contactar amb l’Associació de Famílies de l&#8217;Alumnat</span></h4>
<div class="textwidget">
<p>Correu electrònic: <a href="mailto:ampa@insgallecs.cat">ampa@insgallecs.cat</a></p>
<p>Telèfon: 935705343</p>
<p>Instagram: @ampainsgal</p>
<div class="ast-oembed-container " style="height: 100%;"><iframe loading="lazy" title="AMPA" width="500" height="281" src="https://www.youtube.com/embed/clfwMJwmXfk?feature=oembed" frameborder="0" allow="accelerometer; autoplay; clipboard-write; encrypted-media; gyroscope; picture-in-picture; web-share" referrerpolicy="strict-origin-when-cross-origin" allowfullscreen></iframe></div>
</div>

<p>Des de l’AFA seguim treballant per acompanyar als alumnes i a les seves famílies en tot el camí educatiu dins del centre. Treballem conjuntament amb la comunitat educativa per un benefici de tots plegats. Gràcies a la quota de l’AFA  (20€ per família) podem realitzar les diferents activitats del curs com: MATERIAL DE BENVINGUDA: Els [&hellip;]</p>
