{"id":2756,"date":"2021-03-30T19:32:10","date_gmt":"2021-03-30T17:32:10","guid":{"rendered":"https:\/\/agora.xtec.cat\/iesgallecs\/?page_id=2756"},"modified":"2025-02-11T16:38:07","modified_gmt":"2025-02-11T15:38:07","slug":"tecnologia-visual-i-plastica","status":"publish","type":"page","link":"https:\/\/agora.xtec.cat\/iesgallecs\/departaments-didactics\/tecnologia-visual-i-plastica\/","title":{"rendered":"Tecnologia"},"content":{"rendered":"<h2><span style=\"text-decoration: underline;\">Departament de Tecnologia<\/span><\/h2>\n<h3>Qu\u00e8 fem a les mat\u00e8ries de tecnologia a l&#8217;institut gallecs?<\/h3>\n<p>L&#8217;alumnat del centre ens ho mostra a trav\u00e9s d&#8217;una entrevista al cap del departament de tecnologia, el professor Xavier Damunt.<\/p>\n<div class=\"ast-oembed-container \" style=\"height: 100%;\"><iframe loading=\"lazy\" title=\"Departament de Tecnologia\" width=\"500\" height=\"281\" src=\"https:\/\/www.youtube.com\/embed\/5UYIpkLZT70?feature=oembed\" frameborder=\"0\" allow=\"accelerometer; autoplay; clipboard-write; encrypted-media; gyroscope; picture-in-picture; web-share\" referrerpolicy=\"strict-origin-when-cross-origin\" allowfullscreen><\/iframe><\/div>\n<h4 class=\"entry-title\"><span style=\"text-decoration: underline;\">1a edici\u00f3 de la mostra Art-Tech de Tecnologia, Visual i Pl\u00e0stica<\/span><\/h4>\n<p><a href=\"https:\/\/sites.google.com\/insgallecs.cat\/artech\/setmana-art-tech?authuser=0\">Cartell de la 1\u00aa edici\u00f3 Art-Tech de Tecnologia i Visual i Pl\u00e0stica.<\/a><\/p>\n<p>A trav\u00e9s del seg\u00fcent enlla\u00e7 podreu accedir a l&#8217;espai web Google Sites de l&#8217;exposici\u00f3:<\/p>\n<p><a href=\"https:\/\/sites.google.com\/insgallecs.cat\/artech\/setmana-artech\">Acc\u00e9s al Google Sites de l\u2019exposici\u00f3<\/a><\/p>\n<div class=\"ast-oembed-container \" style=\"height: 100%;\"><iframe loading=\"lazy\" title=\"Tecnologia ESO\" width=\"500\" height=\"281\" src=\"https:\/\/www.youtube.com\/embed\/yYSVTrc9nxw?feature=oembed\" frameborder=\"0\" allow=\"accelerometer; autoplay; clipboard-write; encrypted-media; gyroscope; picture-in-picture; web-share\" referrerpolicy=\"strict-origin-when-cross-origin\" allowfullscreen><\/iframe><\/div>\n<div class=\"ast-oembed-container \" style=\"height: 100%;\"><iframe loading=\"lazy\" title=\"Tecnologia a l&#039;INS Gallecs\" width=\"500\" height=\"281\" src=\"https:\/\/www.youtube.com\/embed\/NBA3fgb1K4U?feature=oembed\" frameborder=\"0\" allow=\"accelerometer; autoplay; clipboard-write; encrypted-media; gyroscope; picture-in-picture; web-share\" referrerpolicy=\"strict-origin-when-cross-origin\" allowfullscreen><\/iframe><\/div>\n<h3><\/h3>\n","protected":false},"excerpt":{"rendered":"<p>Departament de Tecnologia Qu\u00e8 fem a les mat\u00e8ries de tecnologia a l&#8217;institut gallecs? L&#8217;alumnat del centre ens ho mostra a trav\u00e9s d&#8217;una entrevista al cap del departament de tecnologia, el professor Xavier Damunt. 1a edici\u00f3 de la mostra Art-Tech de Tecnologia, Visual i Pl\u00e0stica Cartell de la 1\u00aa edici\u00f3 Art-Tech de Tecnologia i Visual i [&hellip;]<\/p>\n","protected":false},"author":36,"featured_media":0,"parent":2731,"menu_order":6,"comment_status":"closed","ping_status":"closed","template":"page-templates\/side-menu.php","meta":{"site-sidebar-layout":"default","site-content-layout":"","ast-site-content-layout":"","site-content-style":"default","site-sidebar-style":"default","ast-global-header-display":"","ast-banner-title-visibility":"","ast-main-header-display":"","ast-hfb-above-header-display":"","ast-hfb-below-header-display":"","ast-hfb-mobile-header-display":"","site-post-title":"","ast-breadcrumbs-content":"","ast-featured-img":"","footer-sml-layout":"","theme-transparent-header-meta":"","adv-header-id-meta":"","stick-header-meta":"","header-above-stick-meta":"","header-main-stick-meta":"","header-below-stick-meta":"","astra-migrate-meta-layouts":"default","ast-page-background-enabled":"default","ast-page-background-meta":{"desktop":{"background-color":"var(--ast-global-color-5)","background-image":"","background-repeat":"repeat","background-position":"center center","background-size":"auto","background-attachment":"scroll","background-type":"","background-media":"","overlay-type":"","overlay-color":"","overlay-opacity":"","overlay-gradient":""},"tablet":{"background-color":"","background-image":"","background-repeat":"repeat","background-position":"center center","background-size":"auto","background-attachment":"scroll","background-type":"","background-media":"","overlay-type":"","overlay-color":"","overlay-opacity":"","overlay-gradient":""},"mobile":{"background-color":"","background-image":"","background-repeat":"repeat","background-position":"center center","background-size":"auto","background-attachment":"scroll","background-type":"","background-media":"","overlay-type":"","overlay-color":"","overlay-opacity":"","overlay-gradient":""}},"ast-content-background-meta":{"desktop":{"background-color":"var(--ast-global-color-4)","background-image":"","background-repeat":"repeat","background-position":"center center","background-size":"auto","background-attachment":"scroll","background-type":"","background-media":"","overlay-type":"","overlay-color":"","overlay-opacity":"","overlay-gradient":""},"tablet":{"background-color":"var(--ast-global-color-4)","background-image":"","background-repeat":"repeat","background-position":"center center","background-size":"auto","background-attachment":"scroll","background-type":"","background-media":"","overlay-type":"","overlay-color":"","overlay-opacity":"","overlay-gradient":""},"mobile":{"background-color":"var(--ast-global-color-4)","background-image":"","background-repeat":"repeat","background-position":"center center","background-size":"auto","background-attachment":"scroll","background-type":"","background-media":"","overlay-type":"","overlay-color":"","overlay-opacity":"","overlay-gradient":""}},"footnotes":""},"class_list":["post-2756","page","type-page","status-publish","hentry"],"post_mailing_queue_ids":[],"_links":{"self":[{"href":"https:\/\/agora.xtec.cat\/iesgallecs\/wp-json\/wp\/v2\/pages\/2756","targetHints":{"allow":["GET"]}}],"collection":[{"href":"https:\/\/agora.xtec.cat\/iesgallecs\/wp-json\/wp\/v2\/pages"}],"about":[{"href":"https:\/\/agora.xtec.cat\/iesgallecs\/wp-json\/wp\/v2\/types\/page"}],"author":[{"embeddable":true,"href":"https:\/\/agora.xtec.cat\/iesgallecs\/wp-json\/wp\/v2\/users\/36"}],"replies":[{"embeddable":true,"href":"https:\/\/agora.xtec.cat\/iesgallecs\/wp-json\/wp\/v2\/comments?post=2756"}],"version-history":[{"count":7,"href":"https:\/\/agora.xtec.cat\/iesgallecs\/wp-json\/wp\/v2\/pages\/2756\/revisions"}],"predecessor-version":[{"id":6335,"href":"https:\/\/agora.xtec.cat\/iesgallecs\/wp-json\/wp\/v2\/pages\/2756\/revisions\/6335"}],"up":[{"embeddable":true,"href":"https:\/\/agora.xtec.cat\/iesgallecs\/wp-json\/wp\/v2\/pages\/2731"}],"wp:attachment":[{"href":"https:\/\/agora.xtec.cat\/iesgallecs\/wp-json\/wp\/v2\/media?parent=2756"}],"curies":[{"name":"wp","href":"https:\/\/api.w.org\/{rel}","templated":true}]}}

<h2><span style="text-decoration: underline;">Departament de Tecnologia</span></h2>
<h3>Què fem a les matèries de tecnologia a l&#8217;institut gallecs?</h3>
<p>L&#8217;alumnat del centre ens ho mostra a través d&#8217;una entrevista al cap del departament de tecnologia, el professor Xavier Damunt.</p>
<div class="ast-oembed-container " style="height: 100%;"><iframe loading="lazy" title="Departament de Tecnologia" width="500" height="281" src="https://www.youtube.com/embed/5UYIpkLZT70?feature=oembed" frameborder="0" allow="accelerometer; autoplay; clipboard-write; encrypted-media; gyroscope; picture-in-picture; web-share" referrerpolicy="strict-origin-when-cross-origin" allowfullscreen></iframe></div>
<h4 class="entry-title"><span style="text-decoration: underline;">1a edició de la mostra Art-Tech de Tecnologia, Visual i Plàstica</span></h4>
<p><a href="https://sites.google.com/insgallecs.cat/artech/setmana-art-tech?authuser=0">Cartell de la 1ª edició Art-Tech de Tecnologia i Visual i Plàstica.</a></p>
<p>A través del següent enllaç podreu accedir a l&#8217;espai web Google Sites de l&#8217;exposició:</p>
<p><a href="https://sites.google.com/insgallecs.cat/artech/setmana-artech">Accés al Google Sites de l’exposició</a></p>
<div class="ast-oembed-container " style="height: 100%;"><iframe loading="lazy" title="Tecnologia ESO" width="500" height="281" src="https://www.youtube.com/embed/yYSVTrc9nxw?feature=oembed" frameborder="0" allow="accelerometer; autoplay; clipboard-write; encrypted-media; gyroscope; picture-in-picture; web-share" referrerpolicy="strict-origin-when-cross-origin" allowfullscreen></iframe></div>
<div class="ast-oembed-container " style="height: 100%;"><iframe loading="lazy" title="Tecnologia a l&#039;INS Gallecs" width="500" height="281" src="https://www.youtube.com/embed/NBA3fgb1K4U?feature=oembed" frameborder="0" allow="accelerometer; autoplay; clipboard-write; encrypted-media; gyroscope; picture-in-picture; web-share" referrerpolicy="strict-origin-when-cross-origin" allowfullscreen></iframe></div>
<h3></h3>

<p>Departament de Tecnologia Què fem a les matèries de tecnologia a l&#8217;institut gallecs? L&#8217;alumnat del centre ens ho mostra a través d&#8217;una entrevista al cap del departament de tecnologia, el professor Xavier Damunt. 1a edició de la mostra Art-Tech de Tecnologia, Visual i Plàstica Cartell de la 1ª edició Art-Tech de Tecnologia i Visual i [&hellip;]</p>
