{"id":2748,"date":"2021-03-30T19:29:48","date_gmt":"2021-03-30T17:29:48","guid":{"rendered":"https:\/\/agora.xtec.cat\/iesgallecs\/?page_id=2748"},"modified":"2025-10-14T17:50:25","modified_gmt":"2025-10-14T15:50:25","slug":"llengues","status":"publish","type":"page","link":"https:\/\/agora.xtec.cat\/iesgallecs\/departaments-didactics\/llengues\/","title":{"rendered":"Llengua castellana i cl\u00e0ssiques"},"content":{"rendered":"<h2>Departament de Llengua Castellana<\/h2>\n<p>Qu\u00e8 fem a les mat\u00e8ries de llengua i literatura castellana a l&#8217;Institut Gallecs? L&#8217;alumnat del centre ens ho mostra a trav\u00e9s d&#8217;una entrevista al cap del departament de ci\u00e8ncies experimentals, el professor Jos\u00e9 Reverte.<\/p>\n<div class=\"ast-oembed-container \" style=\"height: 100%;\"><iframe loading=\"lazy\" title=\"Departament de llengua castellana i cl\u00e0ssiques\" width=\"500\" height=\"281\" src=\"https:\/\/www.youtube.com\/embed\/56c50Sc0jHo?start=68&#038;feature=oembed\" frameborder=\"0\" allow=\"accelerometer; autoplay; clipboard-write; encrypted-media; gyroscope; picture-in-picture; web-share\" referrerpolicy=\"strict-origin-when-cross-origin\" allowfullscreen><\/iframe><\/div>\n<p>&nbsp;<\/p>\n<p>&nbsp;<\/p>\n<p>&nbsp;<\/p>\n<p>&nbsp;<\/p>\n<h6 align=\"left\"><a href=\"https:\/\/www.youtube.com\/watch?v=Ctw8URJsG1g\" rel=\"attachment wp-att-4560\"><img loading=\"lazy\" decoding=\"async\" class=\"wp-image-4560 alignleft\" src=\"https:\/\/agora.xtec.cat\/iesgallecs\/wp-content\/uploads\/usu1971\/2023\/02\/llengues-1-1024x576.jpg\" alt=\"\" width=\"633\" height=\"356\" srcset=\"https:\/\/agora.xtec.cat\/iesgallecs\/wp-content\/uploads\/usu1971\/2023\/02\/llengues-1-1024x576.jpg 1024w, https:\/\/agora.xtec.cat\/iesgallecs\/wp-content\/uploads\/usu1971\/2023\/02\/llengues-1-300x169.jpg 300w, https:\/\/agora.xtec.cat\/iesgallecs\/wp-content\/uploads\/usu1971\/2023\/02\/llengues-1-768x432.jpg 768w, https:\/\/agora.xtec.cat\/iesgallecs\/wp-content\/uploads\/usu1971\/2023\/02\/llengues-1.jpg 1366w\" sizes=\"auto, (max-width: 633px) 100vw, 633px\" \/><\/a><\/h6>\n<p>&nbsp;<\/p>\n","protected":false},"excerpt":{"rendered":"<p>Departament de Llengua Castellana Qu\u00e8 fem a les mat\u00e8ries de llengua i literatura castellana a l&#8217;Institut Gallecs? L&#8217;alumnat del centre ens ho mostra a trav\u00e9s d&#8217;una entrevista al cap del departament de ci\u00e8ncies experimentals, el professor Jos\u00e9 Reverte. &nbsp; &nbsp; &nbsp; &nbsp; &nbsp;<\/p>\n","protected":false},"author":36,"featured_media":0,"parent":2731,"menu_order":1,"comment_status":"closed","ping_status":"closed","template":"","meta":{"site-sidebar-layout":"default","site-content-layout":"","ast-site-content-layout":"default","site-content-style":"default","site-sidebar-style":"default","ast-global-header-display":"","ast-banner-title-visibility":"","ast-main-header-display":"","ast-hfb-above-header-display":"","ast-hfb-below-header-display":"","ast-hfb-mobile-header-display":"","site-post-title":"","ast-breadcrumbs-content":"","ast-featured-img":"","footer-sml-layout":"","theme-transparent-header-meta":"default","adv-header-id-meta":"","stick-header-meta":"","header-above-stick-meta":"","header-main-stick-meta":"","header-below-stick-meta":"","astra-migrate-meta-layouts":"set","ast-page-background-enabled":"default","ast-page-background-meta":{"desktop":{"background-color":"var(--ast-global-color-5)","background-image":"","background-repeat":"repeat","background-position":"center center","background-size":"auto","background-attachment":"scroll","background-type":"","background-media":"","overlay-type":"","overlay-color":"","overlay-opacity":"","overlay-gradient":""},"tablet":{"background-color":"","background-image":"","background-repeat":"repeat","background-position":"center center","background-size":"auto","background-attachment":"scroll","background-type":"","background-media":"","overlay-type":"","overlay-color":"","overlay-opacity":"","overlay-gradient":""},"mobile":{"background-color":"","background-image":"","background-repeat":"repeat","background-position":"center center","background-size":"auto","background-attachment":"scroll","background-type":"","background-media":"","overlay-type":"","overlay-color":"","overlay-opacity":"","overlay-gradient":""}},"ast-content-background-meta":{"desktop":{"background-color":"var(--ast-global-color-4)","background-image":"","background-repeat":"repeat","background-position":"center center","background-size":"auto","background-attachment":"scroll","background-type":"","background-media":"","overlay-type":"","overlay-color":"","overlay-opacity":"","overlay-gradient":""},"tablet":{"background-color":"var(--ast-global-color-4)","background-image":"","background-repeat":"repeat","background-position":"center center","background-size":"auto","background-attachment":"scroll","background-type":"","background-media":"","overlay-type":"","overlay-color":"","overlay-opacity":"","overlay-gradient":""},"mobile":{"background-color":"var(--ast-global-color-4)","background-image":"","background-repeat":"repeat","background-position":"center center","background-size":"auto","background-attachment":"scroll","background-type":"","background-media":"","overlay-type":"","overlay-color":"","overlay-opacity":"","overlay-gradient":""}},"footnotes":""},"class_list":["post-2748","page","type-page","status-publish","hentry"],"post_mailing_queue_ids":[],"_links":{"self":[{"href":"https:\/\/agora.xtec.cat\/iesgallecs\/wp-json\/wp\/v2\/pages\/2748","targetHints":{"allow":["GET"]}}],"collection":[{"href":"https:\/\/agora.xtec.cat\/iesgallecs\/wp-json\/wp\/v2\/pages"}],"about":[{"href":"https:\/\/agora.xtec.cat\/iesgallecs\/wp-json\/wp\/v2\/types\/page"}],"author":[{"embeddable":true,"href":"https:\/\/agora.xtec.cat\/iesgallecs\/wp-json\/wp\/v2\/users\/36"}],"replies":[{"embeddable":true,"href":"https:\/\/agora.xtec.cat\/iesgallecs\/wp-json\/wp\/v2\/comments?post=2748"}],"version-history":[{"count":7,"href":"https:\/\/agora.xtec.cat\/iesgallecs\/wp-json\/wp\/v2\/pages\/2748\/revisions"}],"predecessor-version":[{"id":6787,"href":"https:\/\/agora.xtec.cat\/iesgallecs\/wp-json\/wp\/v2\/pages\/2748\/revisions\/6787"}],"up":[{"embeddable":true,"href":"https:\/\/agora.xtec.cat\/iesgallecs\/wp-json\/wp\/v2\/pages\/2731"}],"wp:attachment":[{"href":"https:\/\/agora.xtec.cat\/iesgallecs\/wp-json\/wp\/v2\/media?parent=2748"}],"curies":[{"name":"wp","href":"https:\/\/api.w.org\/{rel}","templated":true}]}}

Llengua castellana i clàssiques

<h2>Departament de Llengua Castellana</h2>
<p>Què fem a les matèries de llengua i literatura castellana a l&#8217;Institut Gallecs? L&#8217;alumnat del centre ens ho mostra a través d&#8217;una entrevista al cap del departament de ciències experimentals, el professor José Reverte.</p>
<div class="ast-oembed-container " style="height: 100%;"><iframe loading="lazy" title="Departament de llengua castellana i clàssiques" width="500" height="281" src="https://www.youtube.com/embed/56c50Sc0jHo?start=68&#038;feature=oembed" frameborder="0" allow="accelerometer; autoplay; clipboard-write; encrypted-media; gyroscope; picture-in-picture; web-share" referrerpolicy="strict-origin-when-cross-origin" allowfullscreen></iframe></div>
<p>&nbsp;</p>
<p>&nbsp;</p>
<p>&nbsp;</p>
<p>&nbsp;</p>
<h6 align="left"><a href="https://www.youtube.com/watch?v=Ctw8URJsG1g" rel="attachment wp-att-4560"><img loading="lazy" decoding="async" class="wp-image-4560 alignleft" src="https://agora.xtec.cat/iesgallecs/wp-content/uploads/usu1971/2023/02/llengues-1-1024x576.jpg" alt="" width="633" height="356" srcset="https://agora.xtec.cat/iesgallecs/wp-content/uploads/usu1971/2023/02/llengues-1-1024x576.jpg 1024w, https://agora.xtec.cat/iesgallecs/wp-content/uploads/usu1971/2023/02/llengues-1-300x169.jpg 300w, https://agora.xtec.cat/iesgallecs/wp-content/uploads/usu1971/2023/02/llengues-1-768x432.jpg 768w, https://agora.xtec.cat/iesgallecs/wp-content/uploads/usu1971/2023/02/llengues-1.jpg 1366w" sizes="auto, (max-width: 633px) 100vw, 633px" /></a></h6>
<p>&nbsp;</p>

<p>Departament de Llengua Castellana Què fem a les matèries de llengua i literatura castellana a l&#8217;Institut Gallecs? L&#8217;alumnat del centre ens ho mostra a través d&#8217;una entrevista al cap del departament de ciències experimentals, el professor José Reverte. &nbsp; &nbsp; &nbsp; &nbsp; &nbsp;</p>
