{"id":2639,"date":"2021-03-07T23:14:40","date_gmt":"2021-03-07T22:14:40","guid":{"rendered":"https:\/\/agora.xtec.cat\/iesgallecs\/?page_id=2639"},"modified":"2026-01-20T22:57:28","modified_gmt":"2026-01-20T21:57:28","slug":"coeducacio-i-perspectiva-de-genere","status":"publish","type":"page","link":"https:\/\/agora.xtec.cat\/iesgallecs\/celebracions-i-esdeveniments\/coeducacio-i-perspectiva-de-genere\/","title":{"rendered":"Coeducaci\u00f3 i perspectiva de g\u00e8nere"},"content":{"rendered":"<p>El davantal, eina quotidiana de les dones hist\u00f2ricament, s\u2019ha convertit a l\u2019Institut Gallecs en un s\u00edmbol de resist\u00e8ncia donant veu i for\u00e7a a les demandes d\u2019equiparaci\u00f3 femenina, en un discurs de fortalesa i llibertat.<\/p>\n<p><iframe loading=\"lazy\" title=\"Institut Gallecs 8M\" src=\"https:\/\/www.youtube.com\/embed\/dzhN0Ks18K8?feature=oembed\" width=\"500\" height=\"375\" frameborder=\"0\" allowfullscreen=\"allowfullscreen\" data-mce-fragment=\"1\"><\/iframe><\/p>\n<p>Durant aquesta setmana, des de l\u2019Institut Gallecs i amb l\u2019objectiu d\u2019apropar el 8M Dia Internacional de les Dones realitzem un conjunt d\u2019actes i activitats que posa el centre del debat en els aven\u00e7os assolits per les dones i en garantir els drets humans de les dones i la igualtat de g\u00e8nere.<\/p>\n<p>Tallers, v\u00eddeos, cartells divulgatius, activitats des de tutories, b\u00fasties liles, \u2026.activitats vinculades amb altres entitats de la ciutat que des de les pr\u00f2pies tutories ens permeten millorar la cohesi\u00f3 de l\u2019alumnat i de tota la comunitat educativa.<\/p>\n<p><a href=\"https:\/\/agora.xtec.cat\/iesgallecs\/wp-content\/uploads\/usu1971\/2025\/01\/IMG_20230307_204317.jpg\"><img loading=\"lazy\" decoding=\"async\" class=\"aligncenter size-full wp-image-6236\" src=\"https:\/\/agora.xtec.cat\/iesgallecs\/wp-content\/uploads\/usu1971\/2025\/01\/IMG_20230307_204317.jpg\" sizes=\"auto, (max-width: 1000px) 100vw, 1000px\" srcset=\"https:\/\/agora.xtec.cat\/iesgallecs\/wp-content\/uploads\/usu1971\/2025\/01\/IMG_20230307_204317.jpg 1000w, https:\/\/agora.xtec.cat\/iesgallecs\/wp-content\/uploads\/usu1971\/2025\/01\/IMG_20230307_204317-300x225.jpg 300w, https:\/\/agora.xtec.cat\/iesgallecs\/wp-content\/uploads\/usu1971\/2025\/01\/IMG_20230307_204317-768x576.jpg 768w, https:\/\/agora.xtec.cat\/iesgallecs\/wp-content\/uploads\/usu1971\/2025\/01\/IMG_20230307_204317-200x150.jpg 200w\" alt=\"\" width=\"1000\" height=\"750\" \/><\/a><a href=\"https:\/\/agora.xtec.cat\/iesgallecs\/wp-content\/uploads\/usu1971\/2025\/01\/IMG_20230307_204324.jpg\"><img loading=\"lazy\" decoding=\"async\" class=\"aligncenter size-full wp-image-6237\" src=\"https:\/\/agora.xtec.cat\/iesgallecs\/wp-content\/uploads\/usu1971\/2025\/01\/IMG_20230307_204324.jpg\" sizes=\"auto, (max-width: 1000px) 100vw, 1000px\" srcset=\"https:\/\/agora.xtec.cat\/iesgallecs\/wp-content\/uploads\/usu1971\/2025\/01\/IMG_20230307_204324.jpg 1000w, https:\/\/agora.xtec.cat\/iesgallecs\/wp-content\/uploads\/usu1971\/2025\/01\/IMG_20230307_204324-300x225.jpg 300w, https:\/\/agora.xtec.cat\/iesgallecs\/wp-content\/uploads\/usu1971\/2025\/01\/IMG_20230307_204324-768x576.jpg 768w, https:\/\/agora.xtec.cat\/iesgallecs\/wp-content\/uploads\/usu1971\/2025\/01\/IMG_20230307_204324-200x150.jpg 200w\" alt=\"\" width=\"1000\" height=\"750\" \/><\/a><\/p>\n<p><a href=\"https:\/\/agora.xtec.cat\/iesgallecs\/celebracions-i-esdeveniments\/8m-dia-de-la-dona\/attachment\/8m1\/\" rel=\"attachment wp-att-4726\"><img loading=\"lazy\" decoding=\"async\" class=\"wp-image-4726 alignnone\" src=\"https:\/\/agora.xtec.cat\/iesgallecs\/wp-content\/uploads\/usu1971\/2023\/02\/8m1-1024x768.jpg\" sizes=\"auto, (max-width: 437px) 100vw, 437px\" srcset=\"https:\/\/agora.xtec.cat\/iesgallecs\/wp-content\/uploads\/usu1971\/2023\/02\/8m1-1024x768.jpg 1024w, https:\/\/agora.xtec.cat\/iesgallecs\/wp-content\/uploads\/usu1971\/2023\/02\/8m1-300x225.jpg 300w, https:\/\/agora.xtec.cat\/iesgallecs\/wp-content\/uploads\/usu1971\/2023\/02\/8m1-768x576.jpg 768w, https:\/\/agora.xtec.cat\/iesgallecs\/wp-content\/uploads\/usu1971\/2023\/02\/8m1-1536x1152.jpg 1536w, https:\/\/agora.xtec.cat\/iesgallecs\/wp-content\/uploads\/usu1971\/2023\/02\/8m1-200x150.jpg 200w, https:\/\/agora.xtec.cat\/iesgallecs\/wp-content\/uploads\/usu1971\/2023\/02\/8m1.jpg 1600w\" alt=\"\" width=\"437\" height=\"327\" \/><\/a><a href=\"https:\/\/agora.xtec.cat\/iesgallecs\/celebracions-i-esdeveniments\/8m-dia-de-la-dona\/attachment\/8m2\/\" rel=\"attachment wp-att-4727\"><img loading=\"lazy\" decoding=\"async\" class=\" wp-image-4727 alignnone\" src=\"https:\/\/agora.xtec.cat\/iesgallecs\/wp-content\/uploads\/usu1971\/2023\/02\/8m2-1024x660.jpg\" sizes=\"auto, (max-width: 506px) 100vw, 506px\" srcset=\"https:\/\/agora.xtec.cat\/iesgallecs\/wp-content\/uploads\/usu1971\/2023\/02\/8m2-1024x660.jpg 1024w, https:\/\/agora.xtec.cat\/iesgallecs\/wp-content\/uploads\/usu1971\/2023\/02\/8m2-300x193.jpg 300w, https:\/\/agora.xtec.cat\/iesgallecs\/wp-content\/uploads\/usu1971\/2023\/02\/8m2-768x495.jpg 768w, https:\/\/agora.xtec.cat\/iesgallecs\/wp-content\/uploads\/usu1971\/2023\/02\/8m2-1536x990.jpg 1536w, https:\/\/agora.xtec.cat\/iesgallecs\/wp-content\/uploads\/usu1971\/2023\/02\/8m2.jpg 1600w\" alt=\"\" width=\"506\" height=\"326\" \/><\/a><\/p>\n<p><a href=\"https:\/\/agora.xtec.cat\/iesgallecs\/celebracions-i-esdeveniments\/8m-dia-de-la-dona\/attachment\/8m3\/\" rel=\"attachment wp-att-4728\"><img loading=\"lazy\" decoding=\"async\" class=\"aligncenter size-large wp-image-4728\" src=\"https:\/\/agora.xtec.cat\/iesgallecs\/wp-content\/uploads\/usu1971\/2023\/02\/8m3-769x1024.jpg\" sizes=\"auto, (max-width: 769px) 100vw, 769px\" srcset=\"https:\/\/agora.xtec.cat\/iesgallecs\/wp-content\/uploads\/usu1971\/2023\/02\/8m3-769x1024.jpg 769w, https:\/\/agora.xtec.cat\/iesgallecs\/wp-content\/uploads\/usu1971\/2023\/02\/8m3-225x300.jpg 225w, https:\/\/agora.xtec.cat\/iesgallecs\/wp-content\/uploads\/usu1971\/2023\/02\/8m3-768x1022.jpg 768w, https:\/\/agora.xtec.cat\/iesgallecs\/wp-content\/uploads\/usu1971\/2023\/02\/8m3-1154x1536.jpg 1154w, https:\/\/agora.xtec.cat\/iesgallecs\/wp-content\/uploads\/usu1971\/2023\/02\/8m3.jpg 1202w\" alt=\"\" width=\"769\" height=\"1024\" \/><\/a><\/p>\n","protected":false},"excerpt":{"rendered":"<p>El davantal, eina quotidiana de les dones hist\u00f2ricament, s\u2019ha convertit a l\u2019Institut Gallecs en un s\u00edmbol de resist\u00e8ncia donant veu i for\u00e7a a les demandes d\u2019equiparaci\u00f3 femenina, en un discurs de fortalesa i llibertat. Durant aquesta setmana, des de l\u2019Institut Gallecs i amb l\u2019objectiu d\u2019apropar el 8M Dia Internacional de les Dones realitzem un conjunt [&hellip;]<\/p>\n","protected":false},"author":36,"featured_media":0,"parent":4198,"menu_order":4,"comment_status":"closed","ping_status":"closed","template":"","meta":{"site-sidebar-layout":"default","site-content-layout":"","ast-site-content-layout":"default","site-content-style":"default","site-sidebar-style":"default","ast-global-header-display":"","ast-banner-title-visibility":"","ast-main-header-display":"","ast-hfb-above-header-display":"","ast-hfb-below-header-display":"","ast-hfb-mobile-header-display":"","site-post-title":"","ast-breadcrumbs-content":"","ast-featured-img":"","footer-sml-layout":"","theme-transparent-header-meta":"default","adv-header-id-meta":"","stick-header-meta":"","header-above-stick-meta":"","header-main-stick-meta":"","header-below-stick-meta":"","astra-migrate-meta-layouts":"set","ast-page-background-enabled":"default","ast-page-background-meta":{"desktop":{"background-color":"var(--ast-global-color-5)","background-image":"","background-repeat":"repeat","background-position":"center center","background-size":"auto","background-attachment":"scroll","background-type":"","background-media":"","overlay-type":"","overlay-color":"","overlay-opacity":"","overlay-gradient":""},"tablet":{"background-color":"","background-image":"","background-repeat":"repeat","background-position":"center center","background-size":"auto","background-attachment":"scroll","background-type":"","background-media":"","overlay-type":"","overlay-color":"","overlay-opacity":"","overlay-gradient":""},"mobile":{"background-color":"","background-image":"","background-repeat":"repeat","background-position":"center center","background-size":"auto","background-attachment":"scroll","background-type":"","background-media":"","overlay-type":"","overlay-color":"","overlay-opacity":"","overlay-gradient":""}},"ast-content-background-meta":{"desktop":{"background-color":"var(--ast-global-color-4)","background-image":"","background-repeat":"repeat","background-position":"center center","background-size":"auto","background-attachment":"scroll","background-type":"","background-media":"","overlay-type":"","overlay-color":"","overlay-opacity":"","overlay-gradient":""},"tablet":{"background-color":"var(--ast-global-color-4)","background-image":"","background-repeat":"repeat","background-position":"center center","background-size":"auto","background-attachment":"scroll","background-type":"","background-media":"","overlay-type":"","overlay-color":"","overlay-opacity":"","overlay-gradient":""},"mobile":{"background-color":"var(--ast-global-color-4)","background-image":"","background-repeat":"repeat","background-position":"center center","background-size":"auto","background-attachment":"scroll","background-type":"","background-media":"","overlay-type":"","overlay-color":"","overlay-opacity":"","overlay-gradient":""}},"footnotes":""},"class_list":["post-2639","page","type-page","status-publish","hentry"],"post_mailing_queue_ids":[],"_links":{"self":[{"href":"https:\/\/agora.xtec.cat\/iesgallecs\/wp-json\/wp\/v2\/pages\/2639","targetHints":{"allow":["GET"]}}],"collection":[{"href":"https:\/\/agora.xtec.cat\/iesgallecs\/wp-json\/wp\/v2\/pages"}],"about":[{"href":"https:\/\/agora.xtec.cat\/iesgallecs\/wp-json\/wp\/v2\/types\/page"}],"author":[{"embeddable":true,"href":"https:\/\/agora.xtec.cat\/iesgallecs\/wp-json\/wp\/v2\/users\/36"}],"replies":[{"embeddable":true,"href":"https:\/\/agora.xtec.cat\/iesgallecs\/wp-json\/wp\/v2\/comments?post=2639"}],"version-history":[{"count":5,"href":"https:\/\/agora.xtec.cat\/iesgallecs\/wp-json\/wp\/v2\/pages\/2639\/revisions"}],"predecessor-version":[{"id":6473,"href":"https:\/\/agora.xtec.cat\/iesgallecs\/wp-json\/wp\/v2\/pages\/2639\/revisions\/6473"}],"up":[{"embeddable":true,"href":"https:\/\/agora.xtec.cat\/iesgallecs\/wp-json\/wp\/v2\/pages\/4198"}],"wp:attachment":[{"href":"https:\/\/agora.xtec.cat\/iesgallecs\/wp-json\/wp\/v2\/media?parent=2639"}],"curies":[{"name":"wp","href":"https:\/\/api.w.org\/{rel}","templated":true}]}}

Coeducació i perspectiva de gènere

<p>El davantal, eina quotidiana de les dones històricament, s’ha convertit a l’Institut Gallecs en un símbol de resistència donant veu i força a les demandes d’equiparació femenina, en un discurs de fortalesa i llibertat.</p>
<p><iframe loading="lazy" title="Institut Gallecs 8M" src="https://www.youtube.com/embed/dzhN0Ks18K8?feature=oembed" width="500" height="375" frameborder="0" allowfullscreen="allowfullscreen" data-mce-fragment="1"></iframe></p>
<p>Durant aquesta setmana, des de l’Institut Gallecs i amb l’objectiu d’apropar el 8M Dia Internacional de les Dones realitzem un conjunt d’actes i activitats que posa el centre del debat en els avenços assolits per les dones i en garantir els drets humans de les dones i la igualtat de gènere.</p>
<p>Tallers, vídeos, cartells divulgatius, activitats des de tutories, bústies liles, ….activitats vinculades amb altres entitats de la ciutat que des de les pròpies tutories ens permeten millorar la cohesió de l’alumnat i de tota la comunitat educativa.</p>
<p><a href="https://agora.xtec.cat/iesgallecs/wp-content/uploads/usu1971/2025/01/IMG_20230307_204317.jpg"><img loading="lazy" decoding="async" class="aligncenter size-full wp-image-6236" src="https://agora.xtec.cat/iesgallecs/wp-content/uploads/usu1971/2025/01/IMG_20230307_204317.jpg" sizes="auto, (max-width: 1000px) 100vw, 1000px" srcset="https://agora.xtec.cat/iesgallecs/wp-content/uploads/usu1971/2025/01/IMG_20230307_204317.jpg 1000w, https://agora.xtec.cat/iesgallecs/wp-content/uploads/usu1971/2025/01/IMG_20230307_204317-300x225.jpg 300w, https://agora.xtec.cat/iesgallecs/wp-content/uploads/usu1971/2025/01/IMG_20230307_204317-768x576.jpg 768w, https://agora.xtec.cat/iesgallecs/wp-content/uploads/usu1971/2025/01/IMG_20230307_204317-200x150.jpg 200w" alt="" width="1000" height="750" /></a><a href="https://agora.xtec.cat/iesgallecs/wp-content/uploads/usu1971/2025/01/IMG_20230307_204324.jpg"><img loading="lazy" decoding="async" class="aligncenter size-full wp-image-6237" src="https://agora.xtec.cat/iesgallecs/wp-content/uploads/usu1971/2025/01/IMG_20230307_204324.jpg" sizes="auto, (max-width: 1000px) 100vw, 1000px" srcset="https://agora.xtec.cat/iesgallecs/wp-content/uploads/usu1971/2025/01/IMG_20230307_204324.jpg 1000w, https://agora.xtec.cat/iesgallecs/wp-content/uploads/usu1971/2025/01/IMG_20230307_204324-300x225.jpg 300w, https://agora.xtec.cat/iesgallecs/wp-content/uploads/usu1971/2025/01/IMG_20230307_204324-768x576.jpg 768w, https://agora.xtec.cat/iesgallecs/wp-content/uploads/usu1971/2025/01/IMG_20230307_204324-200x150.jpg 200w" alt="" width="1000" height="750" /></a></p>
<p><a href="https://agora.xtec.cat/iesgallecs/celebracions-i-esdeveniments/8m-dia-de-la-dona/attachment/8m1/" rel="attachment wp-att-4726"><img loading="lazy" decoding="async" class="wp-image-4726 alignnone" src="https://agora.xtec.cat/iesgallecs/wp-content/uploads/usu1971/2023/02/8m1-1024x768.jpg" sizes="auto, (max-width: 437px) 100vw, 437px" srcset="https://agora.xtec.cat/iesgallecs/wp-content/uploads/usu1971/2023/02/8m1-1024x768.jpg 1024w, https://agora.xtec.cat/iesgallecs/wp-content/uploads/usu1971/2023/02/8m1-300x225.jpg 300w, https://agora.xtec.cat/iesgallecs/wp-content/uploads/usu1971/2023/02/8m1-768x576.jpg 768w, https://agora.xtec.cat/iesgallecs/wp-content/uploads/usu1971/2023/02/8m1-1536x1152.jpg 1536w, https://agora.xtec.cat/iesgallecs/wp-content/uploads/usu1971/2023/02/8m1-200x150.jpg 200w, https://agora.xtec.cat/iesgallecs/wp-content/uploads/usu1971/2023/02/8m1.jpg 1600w" alt="" width="437" height="327" /></a><a href="https://agora.xtec.cat/iesgallecs/celebracions-i-esdeveniments/8m-dia-de-la-dona/attachment/8m2/" rel="attachment wp-att-4727"><img loading="lazy" decoding="async" class=" wp-image-4727 alignnone" src="https://agora.xtec.cat/iesgallecs/wp-content/uploads/usu1971/2023/02/8m2-1024x660.jpg" sizes="auto, (max-width: 506px) 100vw, 506px" srcset="https://agora.xtec.cat/iesgallecs/wp-content/uploads/usu1971/2023/02/8m2-1024x660.jpg 1024w, https://agora.xtec.cat/iesgallecs/wp-content/uploads/usu1971/2023/02/8m2-300x193.jpg 300w, https://agora.xtec.cat/iesgallecs/wp-content/uploads/usu1971/2023/02/8m2-768x495.jpg 768w, https://agora.xtec.cat/iesgallecs/wp-content/uploads/usu1971/2023/02/8m2-1536x990.jpg 1536w, https://agora.xtec.cat/iesgallecs/wp-content/uploads/usu1971/2023/02/8m2.jpg 1600w" alt="" width="506" height="326" /></a></p>
<p><a href="https://agora.xtec.cat/iesgallecs/celebracions-i-esdeveniments/8m-dia-de-la-dona/attachment/8m3/" rel="attachment wp-att-4728"><img loading="lazy" decoding="async" class="aligncenter size-large wp-image-4728" src="https://agora.xtec.cat/iesgallecs/wp-content/uploads/usu1971/2023/02/8m3-769x1024.jpg" sizes="auto, (max-width: 769px) 100vw, 769px" srcset="https://agora.xtec.cat/iesgallecs/wp-content/uploads/usu1971/2023/02/8m3-769x1024.jpg 769w, https://agora.xtec.cat/iesgallecs/wp-content/uploads/usu1971/2023/02/8m3-225x300.jpg 225w, https://agora.xtec.cat/iesgallecs/wp-content/uploads/usu1971/2023/02/8m3-768x1022.jpg 768w, https://agora.xtec.cat/iesgallecs/wp-content/uploads/usu1971/2023/02/8m3-1154x1536.jpg 1154w, https://agora.xtec.cat/iesgallecs/wp-content/uploads/usu1971/2023/02/8m3.jpg 1202w" alt="" width="769" height="1024" /></a></p>

<p>El davantal, eina quotidiana de les dones històricament, s’ha convertit a l’Institut Gallecs en un símbol de resistència donant veu i força a les demandes d’equiparació femenina, en un discurs de fortalesa i llibertat. Durant aquesta setmana, des de l’Institut Gallecs i amb l’objectiu d’apropar el 8M Dia Internacional de les Dones realitzem un conjunt [&hellip;]</p>
