{"id":738,"date":"2015-07-08T09:33:38","date_gmt":"2015-07-08T08:33:38","guid":{"rendered":"http:\/\/agora.xtec.cat\/iesgabrielamistral\/?page_id=738"},"modified":"2025-04-15T12:44:17","modified_gmt":"2025-04-15T10:44:17","slug":"fp","status":"publish","type":"page","link":"https:\/\/agora.xtec.cat\/iesgabrielamistral\/projecte-educatiu\/fp\/","title":{"rendered":"FP"},"content":{"rendered":"<p><a href=\"https:\/\/agora.xtec.cat\/iesgabrielamistral\/wp-content\/uploads\/usu246\/2023\/07\/D09_PROGRAMACIO_FP_v01.odt\" target=\"_blank\" rel=\"noopener\">D09_PROGRAMACI\u00d3-LOE_FP_v01<\/a><\/p>\n<p><a href=\"http:\/\/agora.xtec.cat\/iesgabrielamistral\/wp-content\/uploads\/usu246\/2015\/07\/D10_PROGRAMACI\u00d3_FCT_v02.odt\">D10_PROGRAMACI\u00d3_FCT_v02<\/a><\/p>\n<p><a href=\"http:\/\/agora.xtec.cat\/iesgabrielamistral\/wp-content\/uploads\/usu246\/2015\/07\/D11_PROGRAMACI\u00d3_S\u00cdNTESI_PROJECTEv02.odt\">D11_PROGRAMACI\u00d3_S\u00cdNTESI_PROJECTE_v02<\/a><\/p>\n<p><a href=\"http:\/\/agora.xtec.cat\/iesgabrielamistral\/wp-content\/uploads\/usu246\/2015\/07\/D15_FITXA_DADES_ALUMNAT_v01.odt\" target=\"_blank\" rel=\"noopener noreferrer\">D15_FITXA_DADES_ALUMNAT_v01<\/a><\/p>\n<p><a href=\"https:\/\/agora.xtec.cat\/iesgabrielamistral\/wp-content\/uploads\/usu246\/2019\/09\/D16_FULL_PRESENTACI\u00d3-M\u00d2DUL_v03.odt\" target=\"_blank\" rel=\"noopener noreferrer\">D16_PRESENTACI\u00d3_M\u00d2DUL_v03<\/a><\/p>\n<p><a href=\"http:\/\/agora.xtec.cat\/iesgabrielamistral\/wp-content\/uploads\/usu246\/2015\/07\/D17_PRESENTACIO_CICLES_FORMATIUS_v01.odt\" target=\"_blank\" rel=\"noopener noreferrer\">D17_PRESENTACI\u00d3_CICLES_v01<\/a><\/p>\n<p><a href=\"https:\/\/agora.xtec.cat\/iesgabrielamistral\/wp-content\/uploads\/usu246\/2025\/04\/D28_Acta-avaluacio-FINAL_IFE_v00.odt\" target=\"_blank\" rel=\"noopener\">D28_ACTA AVALUACI\u00d3 FINAL_IFE_v00<\/a><\/p>\n<p><a href=\"https:\/\/agora.xtec.cat\/iesgabrielamistral\/wp-content\/uploads\/usu246\/2025\/04\/D29_PLANTILLA-INFORME-FINAL-1r-IFE_v00.odt\" target=\"_blank\" rel=\"noopener\">D29_PLANTILLA INFORME FINAL 1r IFE_v00<\/a><\/p>\n<p><a href=\"https:\/\/agora.xtec.cat\/iesgabrielamistral\/wp-content\/uploads\/usu246\/2025\/04\/D30_PLANTILLA-INFORME-FINAL-2n-IFE_v00.odt\" target=\"_blank\" rel=\"noopener\">D30_PLANTILLA INFORME FINAL 2n IFE_v00<\/a><\/p>\n<p><a href=\"https:\/\/agora.xtec.cat\/iesgabrielamistral\/wp-content\/uploads\/usu246\/2025\/04\/D32_PLANTILLA-INFORME-FINAL-3r-IFE_v00-1.odt\" target=\"_blank\" rel=\"noopener\">D32_PLANTILLA INFORME FINAL 3r IFE_v00<\/a><\/p>\n<p><a href=\"https:\/\/agora.xtec.cat\/iesgabrielamistral\/wp-content\/uploads\/usu246\/2020\/12\/D33_ACTA_AVALUACI\u00d3_CCFF_v04.odt\" target=\"_blank\" rel=\"noopener noreferrer\">D33_ACTA_AVALUACI\u00d3_CCFF_v04<\/a><\/p>\n<p><a href=\"https:\/\/agora.xtec.cat\/iesgabrielamistral\/wp-content\/uploads\/usu246\/2025\/04\/D37_PLANTILLA-INFORME-FINAL-4t-IFE_v00.odt\" target=\"_blank\" rel=\"noopener\">D37_PLANTILLA INFORME FINAL 4t IFE_v00<\/a><\/p>\n<p><a href=\"https:\/\/docs.google.com\/document\/d\/1bClLRUJ96xwV6V0F8cjHDL4tzmdOujpZXOwMfl39c5s\/template\/preview\">D39_MODEL_DE_PROVA_ESCRITA_v02<\/a><\/p>\n<p>D45_MODEL MEMO<a href=\"https:\/\/agora.xtec.cat\/iesgabrielamistral\/wp-content\/uploads\/usu246\/2019\/06\/D45_MODEL_MEMORIA_DEPARTAMENT_FP_v01.odt\" target=\"_blank\" rel=\"noopener noreferrer\">RIA DEPARTAMENT FP_v01<\/a><\/p>\n<p><b><u>DOCUMENTS FCT:<\/u><\/b><\/p>\n<p><a href=\"http:\/\/agora.xtec.cat\/iesgabrielamistral\/wp-content\/uploads\/usu246\/2015\/07\/D21_Consentiment-informacions-empreses_v00.odt\" target=\"_blank\" rel=\"noopener noreferrer\">D21_CONFIRMACI\u00d3 INFORMACI\u00d3 EMPRESES_v00<\/a><\/p>\n<p><a href=\"https:\/\/agora.xtec.cat\/iesgabrielamistral\/wp-content\/uploads\/usu246\/2023\/02\/D22_Model-enquesta-FCT-IFE_v00.pdf\" target=\"_blank\" rel=\"noopener\">D22_MODEL_ENQUESTA_FCT_IFE_v00<\/a><\/p>\n<p><a href=\"https:\/\/agora.xtec.cat\/iesgabrielamistral\/wp-content\/uploads\/usu246\/2023\/02\/D46_MODEL-ENQUESTA-FCT-IO1_v00.pdf\" target=\"_blank\" rel=\"noopener\">D46_MODEL_ENQUESTA_FCT_IO1_v00<\/a><\/p>\n<p><a href=\"https:\/\/agora.xtec.cat\/iesgabrielamistral\/wp-content\/uploads\/usu246\/2021\/10\/D69_COMUNICAT-INCIDENCIES-FCT_v02.odt\" target=\"_blank\" rel=\"noopener\">D69_COMUNICAT INCID\u00c8NCIES FCT_v02<\/a><\/p>\n<p><a href=\"https:\/\/agora.xtec.cat\/iesgabrielamistral\/wp-content\/uploads\/usu246\/2022\/03\/D70_PLANIFICACIO-FCT_v02.odt\" target=\"_blank\" rel=\"noopener\">D70_PLANIFICACI\u00d3_FCT_v02<\/a><\/p>\n<p><a href=\"https:\/\/agora.xtec.cat\/iesgabrielamistral\/wp-content\/uploads\/usu246\/2021\/10\/D71_Informe-proposta-exempcions-direccio_v02.odt\" target=\"_blank\" rel=\"noopener\">D71_INFORME_PROPOSTA_EXEMPCIONS_DIRECCI\u00d3_v02<\/a><\/p>\n<p><a href=\"https:\/\/agora.xtec.cat\/iesgabrielamistral\/wp-content\/uploads\/usu246\/2022\/03\/D72_MODEL-ENQUESTA-FCT-APD1_v02.pdf\" target=\"_blank\" rel=\"noopener\">D72_MODEL_ENQUESTA_FCT_APD1_v02<\/a><\/p>\n<p><a href=\"https:\/\/agora.xtec.cat\/iesgabrielamistral\/wp-content\/uploads\/usu246\/2022\/03\/D73_MODEL_ENQUESTA-FCT-EI1_v02.pdf\" target=\"_blank\" rel=\"noopener\">D73_MODEL_ENQUESTA_FCT_1rEI_v02<\/a><\/p>\n<p><a href=\"https:\/\/agora.xtec.cat\/iesgabrielamistral\/wp-content\/uploads\/usu246\/2022\/03\/D74_MODEL-ENQUESTA-FCT-SMX1_v02.pdf\" target=\"_blank\" rel=\"noopener\">D74_MODEL_ENQUESTA_FCT_1rSMX_v02<\/a><\/p>\n<p><a href=\"https:\/\/agora.xtec.cat\/iesgabrielamistral\/wp-content\/uploads\/usu246\/2023\/03\/D75_MODEL-ENQUESTA-FCT_DAM1_v02.pdf\" target=\"_blank\" rel=\"noopener\">D75_MODEL_ENQUESTA_FCT_1rDAM_v02<\/a><\/p>\n<p><a href=\"https:\/\/agora.xtec.cat\/iesgabrielamistral\/wp-content\/uploads\/usu246\/2022\/07\/D76_INFORME-DACCIDENTS-ALUMNAT-FCT_v01.odt\" target=\"_blank\" rel=\"noopener\">D76_INFORME_ACCIDENTS-ALUMNAT_FCT_v01<\/a><\/p>\n<p><a href=\"https:\/\/agora.xtec.cat\/iesgabrielamistral\/wp-content\/uploads\/usu246\/2020\/02\/D93_AUTORITZACI\u00d3-LOGO-EMPRESES_v01.odt\" target=\"_blank\" rel=\"noopener noreferrer\">D93_AUTORITZACI\u00d3 LOGO EMPRESES_v01<\/a><\/p>\n<p><a href=\"http:\/\/agora.xtec.cat\/iesgabrielamistral\/wp-content\/uploads\/usu246\/2015\/07\/D96_SOL_LICITUD_FCT_DIES_NO_LECTIUS_v00.odt\" target=\"_blank\" rel=\"noopener noreferrer\">D96_SOL\u00b7LICITUD_FCT_DIES NO LECTIUS_v00<\/a><\/p>\n<p><a href=\"https:\/\/agora.xtec.cat\/iesgabrielamistral\/wp-content\/uploads\/usu246\/2023\/03\/D97_MODEL_ENQUESTA-FCT-ASIXC_v00.pdf\" target=\"_blank\" rel=\"noopener\">D97_MODEL_ENQUESTA_1rASIXC_v00<\/a><\/p>\n<p><a href=\"https:\/\/agora.xtec.cat\/iesgabrielamistral\/wp-content\/uploads\/usu246\/2023\/03\/D102_MODEL_ENQUESTA-FCT-IS_v00.pdf\" target=\"_blank\" rel=\"noopener\">D102_MODEL_ENQUESTA 1rIS_v00<\/a><\/p>\n","protected":false},"excerpt":{"rendered":"<p>D09_PROGRAMACI\u00d3-LOE_FP_v01 D10_PROGRAMACI\u00d3_FCT_v02 D11_PROGRAMACI\u00d3_S\u00cdNTESI_PROJECTE_v02 D15_FITXA_DADES_ALUMNAT_v01 D16_PRESENTACI\u00d3_M\u00d2DUL_v03 D17_PRESENTACI\u00d3_CICLES_v01 D28_ACTA AVALUACI\u00d3 FINAL_IFE_v00 D29_PLANTILLA INFORME FINAL 1r IFE_v00 D30_PLANTILLA INFORME FINAL 2n IFE_v00 D32_PLANTILLA INFORME FINAL 3r IFE_v00 D33_ACTA_AVALUACI\u00d3_CCFF_v04 D37_PLANTILLA INFORME FINAL 4t IFE_v00 D39_MODEL_DE_PROVA_ESCRITA_v02 D45_MODEL MEMORIA DEPARTAMENT FP_v01 DOCUMENTS FCT: D21_CONFIRMACI\u00d3 INFORMACI\u00d3 EMPRESES_v00 D22_MODEL_ENQUESTA_FCT_IFE_v00 D46_MODEL_ENQUESTA_FCT_IO1_v00 D69_COMUNICAT INCID\u00c8NCIES FCT_v02 D70_PLANIFICACI\u00d3_FCT_v02 D71_INFORME_PROPOSTA_EXEMPCIONS_DIRECCI\u00d3_v02 D72_MODEL_ENQUESTA_FCT_APD1_v02 D73_MODEL_ENQUESTA_FCT_1rEI_v02 D74_MODEL_ENQUESTA_FCT_1rSMX_v02 D75_MODEL_ENQUESTA_FCT_1rDAM_v02 D76_INFORME_ACCIDENTS-ALUMNAT_FCT_v01 D93_AUTORITZACI\u00d3 LOGO EMPRESES_v01 [&hellip;]<\/p>\n","protected":false},"author":1,"featured_media":0,"parent":57,"menu_order":3,"comment_status":"closed","ping_status":"closed","template":"page-templates\/side-menu.php","meta":{"_bbp_topic_count":0,"_bbp_reply_count":0,"_bbp_total_topic_count":0,"_bbp_total_reply_count":0,"_bbp_voice_count":0,"_bbp_anonymous_reply_count":0,"_bbp_topic_count_hidden":0,"_bbp_reply_count_hidden":0,"_bbp_forum_subforum_count":0,"site-sidebar-layout":"default","site-content-layout":"","ast-site-content-layout":"","site-content-style":"default","site-sidebar-style":"default","ast-global-header-display":"","ast-banner-title-visibility":"","ast-main-header-display":"","ast-hfb-above-header-display":"","ast-hfb-below-header-display":"","ast-hfb-mobile-header-display":"","site-post-title":"","ast-breadcrumbs-content":"","ast-featured-img":"","footer-sml-layout":"","theme-transparent-header-meta":"","adv-header-id-meta":"","stick-header-meta":"","header-above-stick-meta":"","header-main-stick-meta":"","header-below-stick-meta":"","astra-migrate-meta-layouts":"default","ast-page-background-enabled":"default","ast-page-background-meta":{"desktop":{"background-color":"var(--ast-global-color-4)","background-image":"","background-repeat":"repeat","background-position":"center center","background-size":"auto","background-attachment":"scroll","background-type":"","background-media":"","overlay-type":"","overlay-color":"","overlay-opacity":"","overlay-gradient":""},"tablet":{"background-color":"","background-image":"","background-repeat":"repeat","background-position":"center center","background-size":"auto","background-attachment":"scroll","background-type":"","background-media":"","overlay-type":"","overlay-color":"","overlay-opacity":"","overlay-gradient":""},"mobile":{"background-color":"","background-image":"","background-repeat":"repeat","background-position":"center center","background-size":"auto","background-attachment":"scroll","background-type":"","background-media":"","overlay-type":"","overlay-color":"","overlay-opacity":"","overlay-gradient":""}},"ast-content-background-meta":{"desktop":{"background-color":"var(--ast-global-color-5)","background-image":"","background-repeat":"repeat","background-position":"center center","background-size":"auto","background-attachment":"scroll","background-type":"","background-media":"","overlay-type":"","overlay-color":"","overlay-opacity":"","overlay-gradient":""},"tablet":{"background-color":"var(--ast-global-color-5)","background-image":"","background-repeat":"repeat","background-position":"center center","background-size":"auto","background-attachment":"scroll","background-type":"","background-media":"","overlay-type":"","overlay-color":"","overlay-opacity":"","overlay-gradient":""},"mobile":{"background-color":"var(--ast-global-color-5)","background-image":"","background-repeat":"repeat","background-position":"center center","background-size":"auto","background-attachment":"scroll","background-type":"","background-media":"","overlay-type":"","overlay-color":"","overlay-opacity":"","overlay-gradient":""}},"footnotes":""},"class_list":["post-738","page","type-page","status-publish","hentry"],"post_mailing_queue_ids":[],"_links":{"self":[{"href":"https:\/\/agora.xtec.cat\/iesgabrielamistral\/wp-json\/wp\/v2\/pages\/738","targetHints":{"allow":["GET"]}}],"collection":[{"href":"https:\/\/agora.xtec.cat\/iesgabrielamistral\/wp-json\/wp\/v2\/pages"}],"about":[{"href":"https:\/\/agora.xtec.cat\/iesgabrielamistral\/wp-json\/wp\/v2\/types\/page"}],"author":[{"embeddable":true,"href":"https:\/\/agora.xtec.cat\/iesgabrielamistral\/wp-json\/wp\/v2\/users\/1"}],"replies":[{"embeddable":true,"href":"https:\/\/agora.xtec.cat\/iesgabrielamistral\/wp-json\/wp\/v2\/comments?post=738"}],"version-history":[{"count":8,"href":"https:\/\/agora.xtec.cat\/iesgabrielamistral\/wp-json\/wp\/v2\/pages\/738\/revisions"}],"predecessor-version":[{"id":17534,"href":"https:\/\/agora.xtec.cat\/iesgabrielamistral\/wp-json\/wp\/v2\/pages\/738\/revisions\/17534"}],"up":[{"embeddable":true,"href":"https:\/\/agora.xtec.cat\/iesgabrielamistral\/wp-json\/wp\/v2\/pages\/57"}],"wp:attachment":[{"href":"https:\/\/agora.xtec.cat\/iesgabrielamistral\/wp-json\/wp\/v2\/media?parent=738"}],"curies":[{"name":"wp","href":"https:\/\/api.w.org\/{rel}","templated":true}]}}