{"id":661,"date":"2015-07-07T16:53:18","date_gmt":"2015-07-07T15:53:18","guid":{"rendered":"http:\/\/agora.xtec.cat\/iesgabrielamistral\/?page_id=661"},"modified":"2026-03-30T19:55:33","modified_gmt":"2026-03-30T17:55:33","slug":"convocatoria-actual","status":"publish","type":"page","link":"https:\/\/agora.xtec.cat\/iesgabrielamistral\/mobilitat-europea\/erasmusplus\/convocatoria-actual\/","title":{"rendered":"Convocat\u00f2ries"},"content":{"rendered":"<h3>Convocat\u00f2ria actual<\/h3>\n<p align=\"justify\">\u00a0<\/p>\n<p align=\"justify\">Curs 2026-2027<\/p>\n<p align=\"justify\">A partir del dilluns 18\/5 i fins el dilluns 25\/5 a les 23:55 romandr\u00e0 obert el proc\u00e9s d\u2019inscripci\u00f3 per la selecci\u00f3 de les estades Erasmus del Curs 26-27. Per fer la inscripci\u00f3 al proc\u00e9s de selecci\u00f3 caldr\u00e0 emplenar al <a href=\"https:\/\/docs.google.com\/forms\/d\/e\/1FAIpQLSeWLnSAn0QMMZdNx1ekyrtPnpm319ZbZkJHUabPud1gD-pWXw\/viewform?usp=sf_link\">seg\u00fcent formulari.<\/a>\u00a0 De cara al curs vinent oferim:<\/p>\n<p align=\"justify\">CFGS: 8 places (destinacions pendents de concretar en funci\u00f3 del resultat del proc\u00e9s de selecci\u00f3)<\/p>\n<p align=\"justify\">CFGM: 8 places (destinacions pendents de concretar en funci\u00f3 del resultat del proc\u00e9s de selecci\u00f3)<\/p>\n<p align=\"justify\">\u00a0<\/p>\n<p align=\"justify\">\u00a0<\/p>\n<p align=\"justify\"><span style=\"text-decoration: underline;\">Curs 2025-2026<\/span><\/p>\n<p data-pm-slice=\"1 1 []\">CFGS: 8 places\u00a0<\/p>\n<ul>\n<li>\n<p>CFGS Integraci\u00f3 Social: 3 alumnes a Pistoia (Flor\u00e8ncia) (It\u00e0lia)<\/p>\n<\/li>\n<li>\n<p>CFGS ASIXC: 3 alumnes a Sofia (Bulg\u00e0ria)<\/p>\n<\/li>\n<li>\n<p>CFGS Educaci\u00f3 Infantil: 2 alumnes a Mil\u00e0 (It\u00e0lia)<\/p>\n<\/li>\n<\/ul>\n<p>CFGM: 6 places (destinacions pendents de concretar en funci\u00f3 del resultat del proc\u00e9s de selecci\u00f3)<\/p>\n<ul>\n<li>\n<p>CFGM SMX: 1 alumne a Sofia (Bulg\u00e0ria) i 2 alumnes a Waterford (Irlanda)<\/p>\n<\/li>\n<li>\n<p>CFGM APD: 3 alumnes a Mil\u00e0 (It\u00e0lia)<\/p>\n<\/li>\n<\/ul>\n<h3>\u00a0<\/h3>\n<h3>Convocat\u00f2ries anteriors<\/h3>\n<p align=\"justify\"><span style=\"text-decoration: underline;\">Curs 2024-2025<\/span><\/p>\n<p align=\"justify\">Enguany ampliem la nostra oferta d&#8217;estades i intentarem que tots els grups de CCFF tinguin la oportunitat de fer una estada. La fam\u00edlia de serveis a la comunitat far\u00e0 l&#8217;estada a Mil\u00e0 (It\u00e0lia) i la fam\u00edlia d&#8217;inform\u00e0tica far\u00e0 l&#8217;estada a Waterford (Irlanda).\u00a0<\/p>\n<p>&nbsp;<\/p>\n<p><span style=\"text-decoration: underline;\">Curs 2019-2020<\/span><\/p>\n<p>Aquest curs 19-20 no s&#8217;han pogut dur a terme les mobilitats programades degut a la situaci\u00f3 d\u2019excepcionalitat generada per la COVID-19. Es pot seguir la situaci\u00f3 actual de l\u2019afectaci\u00f3 de l\u2019epid\u00e8mia al programa Erasmus+ a la <a href=\"http:\/\/www.sepie.es\/coronavirus.html\">p\u00e0gina web del SEPIE<\/a>.<\/p>\n<p align=\"justify\"><span style=\"text-decoration: underline;\">Curs 2018-19<\/span><\/p>\n<p align=\"justify\"><strong>CFGM d&#8217;Atenci\u00f3 a Persones en Situaci\u00f3 de Depend\u00e8ncia<\/strong><\/p>\n<ul>\n<li><a href=\"https:\/\/agora.xtec.cat\/iesgabrielamistral\/wp-content\/uploads\/usu246\/2020\/04\/Diari-d_estada-B\u00e1rbara-Lorca.pdf\">Diari de l&#8217;estada de B\u00e1rbara Lorca<\/a><\/li>\n<li><a href=\"https:\/\/agora.xtec.cat\/iesgabrielamistral\/wp-content\/uploads\/usu246\/2020\/04\/Diari-d_estada-Laura-Aguilar.pdf\">Diari de l&#8217;estada de Laura Aguilar<\/a><\/li>\n<li><a href=\"https:\/\/agora.xtec.cat\/iesgabrielamistral\/wp-content\/uploads\/usu246\/2020\/04\/Diari-d_estada-Nadine-Motos-.pdf\">Diari de l&#8217;estada de Nadine Motos<\/a><\/li>\n<li><a href=\"https:\/\/agora.xtec.cat\/iesgabrielamistral\/wp-content\/uploads\/usu246\/2020\/04\/Diari-d_estada-Nayara-Dur\u00e1n-.pdf\">Diari de l&#8217;estada de Nayara Dur\u00e1n<\/a><\/li>\n<\/ul>\n<p align=\"justify\"><strong>CFGS d&#8217;Educaci\u00f3 Infantil<\/strong><\/p>\n<ul>\n<li><a href=\"https:\/\/agora.xtec.cat\/iesgabrielamistral\/wp-content\/uploads\/usu246\/2020\/04\/Diari-d_estada-Estefania-Pulido.pdf\">Diari de l&#8217;estada d&#8217;Estefania Pulido<\/a><\/li>\n<li>Diari de l&#8217;estada de Jennifer Matas<\/li>\n<\/ul>\n<p>Podeu veure un v\u00eddeo <a href=\"https:\/\/www.youtube.com\/watch?v=Q7fgo0fmS_0\">aqu\u00ed<\/a><\/p>\n<p>&nbsp;<\/p>\n<p align=\"justify\"><span style=\"text-decoration: underline;\">Curs 2013-14<\/span><\/p>\n<p align=\"justify\"><strong>CFGM d&#8217;Atenci\u00f3 a Persones en Situaci\u00f3 de Depend\u00e8ncia<\/strong><\/p>\n<p align=\"justify\"><em>Programa Leonardo Da Vinci a It\u00e0lia (Chioggia) (<\/em>Podeu veure totes les fotografies fent clic <span style=\"text-decoration: underline;\"><a href=\"https:\/\/www.flickr.com\/photos\/106760837@N06\/sets\/72157646894043574\/\" target=\"_blank\" rel=\"noopener noreferrer\"><strong>AQU\u00cd<\/strong><\/a><\/span><strong>)<\/strong><\/p>\n<ul>\n<li>\n<p align=\"justify\"><span style=\"text-decoration: underline;\"><a href=\"http:\/\/agora.xtec.cat\/iesgabrielamistral\/wp-content\/uploads\/usu246\/2015\/07\/presencristina.pdf\" target=\"_blank\" rel=\"noopener noreferrer\">Diari de l&#8217;estada de Cristina \u00c0vila<\/a><\/span><\/p>\n<\/li>\n<li>\n<p align=\"justify\"><span style=\"text-decoration: underline;\"><a href=\"http:\/\/agora.xtec.cat\/iesgabrielamistral\/wp-content\/uploads\/usu246\/2015\/07\/presennadine.pdf\" target=\"_blank\" rel=\"noopener noreferrer\">Diari de l&#8217;estada de Nadine V\u00e0zquez<\/a><\/span><\/p>\n<\/li>\n<\/ul>\n<p align=\"justify\"><strong>CFGS d&#8217;Educaci\u00f3 Infantil<\/strong><\/p>\n<p align=\"justify\"><em>Projecte d&#8217;Innovaci\u00f3 de Centre (<\/em>Podeu veure totes les fotografies fent clic <span style=\"text-decoration: underline;\"><a href=\"http:\/\/youtu.be\/UnjMe4ZwB28\">AQU\u00cd<\/a><\/span><strong>)<\/strong><\/p>\n<ul>\n<li>\n<p align=\"justify\"><span style=\"text-decoration: underline;\"><a href=\"http:\/\/agora.xtec.cat\/iesgabrielamistral\/wp-content\/uploads\/usu246\/2015\/07\/presenandreu.pdf\" target=\"_blank\" rel=\"noopener noreferrer\">Diari de l&#8217;estada d&#8217;Andreu Oller<\/a><\/span><\/p>\n<\/li>\n<li>\n<p align=\"justify\"><span style=\"text-decoration: underline;\"><a href=\"http:\/\/agora.xtec.cat\/iesgabrielamistral\/wp-content\/uploads\/usu246\/2015\/07\/presenalba.pdf\" target=\"_blank\" rel=\"noopener noreferrer\">Diari de l&#8217;estada d&#8217;Alba Egea<\/a><\/span><\/p>\n<\/li>\n<li>\n<p align=\"justify\"><span style=\"text-decoration: underline;\"><a href=\"http:\/\/agora.xtec.cat\/iesgabrielamistral\/wp-content\/uploads\/usu246\/2015\/07\/presenrebeca.pdf\" target=\"_blank\" rel=\"noopener noreferrer\">Diari de l&#8217;estada de Rebecca Rusin\u00e9s<\/a><\/span><\/p>\n<\/li>\n<li>\n<p align=\"justify\"><span style=\"text-decoration: underline;\"><a href=\"http:\/\/agora.xtec.cat\/iesgabrielamistral\/wp-content\/uploads\/usu246\/2015\/07\/presenlaia.pdf\" target=\"_blank\" rel=\"noopener noreferrer\">Diari de l&#8217;estada de Laia Clemente<\/a><\/span><\/p>\n<\/li>\n<\/ul>\n<p>&nbsp;<\/p>\n<p align=\"justify\"><span style=\"text-decoration: underline;\">Curs 2012-13<\/span><\/p>\n<p align=\"justify\"><strong>CFGM d&#8217;Atenci\u00f3 a Persones en Situaci\u00f3 de Depend\u00e8ncia<\/strong><\/p>\n<p align=\"justify\"><em>Programa Leonardo Da Vinci a It\u00e0lia (Chioggia)<\/em><\/p>\n<ul>\n<li>\n<p align=\"justify\"><span style=\"text-decoration: underline;\"><a href=\"http:\/\/agora.xtec.cat\/iesgabrielamistral\/wp-content\/uploads\/usu246\/2015\/07\/presenjonathan.pdf\" target=\"_blank\" rel=\"noopener noreferrer\">Diari de l&#8217;estada de Jonathan Re\u00f1\u00e9<\/a><\/span><\/p>\n<\/li>\n<li>\n<p align=\"justify\">Diari de l&#8217;estada de Ver\u00f2nica Espigares<\/p>\n<\/li>\n<\/ul>\n","protected":false},"excerpt":{"rendered":"<p>Convocat\u00f2ria actual \u00a0 Curs 2026-2027 A partir del dilluns 18\/5 i fins el dilluns 25\/5 a les 23:55 romandr\u00e0 obert el proc\u00e9s d\u2019inscripci\u00f3 per la selecci\u00f3 de les estades Erasmus del Curs 26-27. Per fer la inscripci\u00f3 al proc\u00e9s de selecci\u00f3 caldr\u00e0 emplenar al seg\u00fcent formulari.\u00a0 De cara al curs vinent oferim: CFGS: 8 places [&hellip;]<\/p>\n","protected":false},"author":1,"featured_media":0,"parent":648,"menu_order":20,"comment_status":"closed","ping_status":"closed","template":"","meta":{"_bbp_topic_count":0,"_bbp_reply_count":0,"_bbp_total_topic_count":0,"_bbp_total_reply_count":0,"_bbp_voice_count":0,"_bbp_anonymous_reply_count":0,"_bbp_topic_count_hidden":0,"_bbp_reply_count_hidden":0,"_bbp_forum_subforum_count":0,"site-sidebar-layout":"default","site-content-layout":"","ast-site-content-layout":"default","site-content-style":"default","site-sidebar-style":"default","ast-global-header-display":"","ast-banner-title-visibility":"","ast-main-header-display":"","ast-hfb-above-header-display":"","ast-hfb-below-header-display":"","ast-hfb-mobile-header-display":"","site-post-title":"","ast-breadcrumbs-content":"","ast-featured-img":"","footer-sml-layout":"","theme-transparent-header-meta":"default","adv-header-id-meta":"","stick-header-meta":"","header-above-stick-meta":"","header-main-stick-meta":"","header-below-stick-meta":"","astra-migrate-meta-layouts":"set","ast-page-background-enabled":"default","ast-page-background-meta":{"desktop":{"background-color":"var(--ast-global-color-4)","background-image":"","background-repeat":"repeat","background-position":"center center","background-size":"auto","background-attachment":"scroll","background-type":"","background-media":"","overlay-type":"","overlay-color":"","overlay-opacity":"","overlay-gradient":""},"tablet":{"background-color":"","background-image":"","background-repeat":"repeat","background-position":"center center","background-size":"auto","background-attachment":"scroll","background-type":"","background-media":"","overlay-type":"","overlay-color":"","overlay-opacity":"","overlay-gradient":""},"mobile":{"background-color":"","background-image":"","background-repeat":"repeat","background-position":"center center","background-size":"auto","background-attachment":"scroll","background-type":"","background-media":"","overlay-type":"","overlay-color":"","overlay-opacity":"","overlay-gradient":""}},"ast-content-background-meta":{"desktop":{"background-color":"var(--ast-global-color-5)","background-image":"","background-repeat":"repeat","background-position":"center center","background-size":"auto","background-attachment":"scroll","background-type":"","background-media":"","overlay-type":"","overlay-color":"","overlay-opacity":"","overlay-gradient":""},"tablet":{"background-color":"var(--ast-global-color-5)","background-image":"","background-repeat":"repeat","background-position":"center center","background-size":"auto","background-attachment":"scroll","background-type":"","background-media":"","overlay-type":"","overlay-color":"","overlay-opacity":"","overlay-gradient":""},"mobile":{"background-color":"var(--ast-global-color-5)","background-image":"","background-repeat":"repeat","background-position":"center center","background-size":"auto","background-attachment":"scroll","background-type":"","background-media":"","overlay-type":"","overlay-color":"","overlay-opacity":"","overlay-gradient":""}},"footnotes":""},"class_list":["post-661","page","type-page","status-publish","hentry"],"post_mailing_queue_ids":[],"_links":{"self":[{"href":"https:\/\/agora.xtec.cat\/iesgabrielamistral\/wp-json\/wp\/v2\/pages\/661","targetHints":{"allow":["GET"]}}],"collection":[{"href":"https:\/\/agora.xtec.cat\/iesgabrielamistral\/wp-json\/wp\/v2\/pages"}],"about":[{"href":"https:\/\/agora.xtec.cat\/iesgabrielamistral\/wp-json\/wp\/v2\/types\/page"}],"author":[{"embeddable":true,"href":"https:\/\/agora.xtec.cat\/iesgabrielamistral\/wp-json\/wp\/v2\/users\/1"}],"replies":[{"embeddable":true,"href":"https:\/\/agora.xtec.cat\/iesgabrielamistral\/wp-json\/wp\/v2\/comments?post=661"}],"version-history":[{"count":7,"href":"https:\/\/agora.xtec.cat\/iesgabrielamistral\/wp-json\/wp\/v2\/pages\/661\/revisions"}],"predecessor-version":[{"id":19081,"href":"https:\/\/agora.xtec.cat\/iesgabrielamistral\/wp-json\/wp\/v2\/pages\/661\/revisions\/19081"}],"up":[{"embeddable":true,"href":"https:\/\/agora.xtec.cat\/iesgabrielamistral\/wp-json\/wp\/v2\/pages\/648"}],"wp:attachment":[{"href":"https:\/\/agora.xtec.cat\/iesgabrielamistral\/wp-json\/wp\/v2\/media?parent=661"}],"curies":[{"name":"wp","href":"https:\/\/api.w.org\/{rel}","templated":true}]}}

Convocatòries

<h3>Convocatòria actual</h3>
<p align="justify"> </p>
<p align="justify">Curs 2026-2027</p>
<p align="justify">A partir del dilluns 18/5 i fins el dilluns 25/5 a les 23:55 romandrà obert el procés d’inscripció per la selecció de les estades Erasmus del Curs 26-27. Per fer la inscripció al procés de selecció caldrà emplenar al <a href="https://docs.google.com/forms/d/e/1FAIpQLSeWLnSAn0QMMZdNx1ekyrtPnpm319ZbZkJHUabPud1gD-pWXw/viewform?usp=sf_link">següent formulari.</a>  De cara al curs vinent oferim:</p>
<p align="justify">CFGS: 8 places (destinacions pendents de concretar en funció del resultat del procés de selecció)</p>
<p align="justify">CFGM: 8 places (destinacions pendents de concretar en funció del resultat del procés de selecció)</p>
<p align="justify"> </p>
<p align="justify"> </p>
<p align="justify"><span style="text-decoration: underline;">Curs 2025-2026</span></p>
<p data-pm-slice="1 1 []">CFGS: 8 places </p>
<ul>
<li>
<p>CFGS Integració Social: 3 alumnes a Pistoia (Florència) (Itàlia)</p>
</li>
<li>
<p>CFGS ASIXC: 3 alumnes a Sofia (Bulgària)</p>
</li>
<li>
<p>CFGS Educació Infantil: 2 alumnes a Milà (Itàlia)</p>
</li>
</ul>
<p>CFGM: 6 places (destinacions pendents de concretar en funció del resultat del procés de selecció)</p>
<ul>
<li>
<p>CFGM SMX: 1 alumne a Sofia (Bulgària) i 2 alumnes a Waterford (Irlanda)</p>
</li>
<li>
<p>CFGM APD: 3 alumnes a Milà (Itàlia)</p>
</li>
</ul>
<h3> </h3>
<h3>Convocatòries anteriors</h3>
<p align="justify"><span style="text-decoration: underline;">Curs 2024-2025</span></p>
<p align="justify">Enguany ampliem la nostra oferta d&#8217;estades i intentarem que tots els grups de CCFF tinguin la oportunitat de fer una estada. La família de serveis a la comunitat farà l&#8217;estada a Milà (Itàlia) i la família d&#8217;informàtica farà l&#8217;estada a Waterford (Irlanda). </p>
<p>&nbsp;</p>
<p><span style="text-decoration: underline;">Curs 2019-2020</span></p>
<p>Aquest curs 19-20 no s&#8217;han pogut dur a terme les mobilitats programades degut a la situació d’excepcionalitat generada per la COVID-19. Es pot seguir la situació actual de l’afectació de l’epidèmia al programa Erasmus+ a la <a href="http://www.sepie.es/coronavirus.html">pàgina web del SEPIE</a>.</p>
<p align="justify"><span style="text-decoration: underline;">Curs 2018-19</span></p>
<p align="justify"><strong>CFGM d&#8217;Atenció a Persones en Situació de Dependència</strong></p>
<ul>
<li><a href="https://agora.xtec.cat/iesgabrielamistral/wp-content/uploads/usu246/2020/04/Diari-d_estada-Bárbara-Lorca.pdf">Diari de l&#8217;estada de Bárbara Lorca</a></li>
<li><a href="https://agora.xtec.cat/iesgabrielamistral/wp-content/uploads/usu246/2020/04/Diari-d_estada-Laura-Aguilar.pdf">Diari de l&#8217;estada de Laura Aguilar</a></li>
<li><a href="https://agora.xtec.cat/iesgabrielamistral/wp-content/uploads/usu246/2020/04/Diari-d_estada-Nadine-Motos-.pdf">Diari de l&#8217;estada de Nadine Motos</a></li>
<li><a href="https://agora.xtec.cat/iesgabrielamistral/wp-content/uploads/usu246/2020/04/Diari-d_estada-Nayara-Durán-.pdf">Diari de l&#8217;estada de Nayara Durán</a></li>
</ul>
<p align="justify"><strong>CFGS d&#8217;Educació Infantil</strong></p>
<ul>
<li><a href="https://agora.xtec.cat/iesgabrielamistral/wp-content/uploads/usu246/2020/04/Diari-d_estada-Estefania-Pulido.pdf">Diari de l&#8217;estada d&#8217;Estefania Pulido</a></li>
<li>Diari de l&#8217;estada de Jennifer Matas</li>
</ul>
<p>Podeu veure un vídeo <a href="https://www.youtube.com/watch?v=Q7fgo0fmS_0">aquí</a></p>
<p>&nbsp;</p>
<p align="justify"><span style="text-decoration: underline;">Curs 2013-14</span></p>
<p align="justify"><strong>CFGM d&#8217;Atenció a Persones en Situació de Dependència</strong></p>
<p align="justify"><em>Programa Leonardo Da Vinci a Itàlia (Chioggia) (</em>Podeu veure totes les fotografies fent clic <span style="text-decoration: underline;"><a href="https://www.flickr.com/photos/106760837@N06/sets/72157646894043574/" target="_blank" rel="noopener noreferrer"><strong>AQUÍ</strong></a></span><strong>)</strong></p>
<ul>
<li>
<p align="justify"><span style="text-decoration: underline;"><a href="http://agora.xtec.cat/iesgabrielamistral/wp-content/uploads/usu246/2015/07/presencristina.pdf" target="_blank" rel="noopener noreferrer">Diari de l&#8217;estada de Cristina Àvila</a></span></p>
</li>
<li>
<p align="justify"><span style="text-decoration: underline;"><a href="http://agora.xtec.cat/iesgabrielamistral/wp-content/uploads/usu246/2015/07/presennadine.pdf" target="_blank" rel="noopener noreferrer">Diari de l&#8217;estada de Nadine Vàzquez</a></span></p>
</li>
</ul>
<p align="justify"><strong>CFGS d&#8217;Educació Infantil</strong></p>
<p align="justify"><em>Projecte d&#8217;Innovació de Centre (</em>Podeu veure totes les fotografies fent clic <span style="text-decoration: underline;"><a href="http://youtu.be/UnjMe4ZwB28">AQUÍ</a></span><strong>)</strong></p>
<ul>
<li>
<p align="justify"><span style="text-decoration: underline;"><a href="http://agora.xtec.cat/iesgabrielamistral/wp-content/uploads/usu246/2015/07/presenandreu.pdf" target="_blank" rel="noopener noreferrer">Diari de l&#8217;estada d&#8217;Andreu Oller</a></span></p>
</li>
<li>
<p align="justify"><span style="text-decoration: underline;"><a href="http://agora.xtec.cat/iesgabrielamistral/wp-content/uploads/usu246/2015/07/presenalba.pdf" target="_blank" rel="noopener noreferrer">Diari de l&#8217;estada d&#8217;Alba Egea</a></span></p>
</li>
<li>
<p align="justify"><span style="text-decoration: underline;"><a href="http://agora.xtec.cat/iesgabrielamistral/wp-content/uploads/usu246/2015/07/presenrebeca.pdf" target="_blank" rel="noopener noreferrer">Diari de l&#8217;estada de Rebecca Rusinés</a></span></p>
</li>
<li>
<p align="justify"><span style="text-decoration: underline;"><a href="http://agora.xtec.cat/iesgabrielamistral/wp-content/uploads/usu246/2015/07/presenlaia.pdf" target="_blank" rel="noopener noreferrer">Diari de l&#8217;estada de Laia Clemente</a></span></p>
</li>
</ul>
<p>&nbsp;</p>
<p align="justify"><span style="text-decoration: underline;">Curs 2012-13</span></p>
<p align="justify"><strong>CFGM d&#8217;Atenció a Persones en Situació de Dependència</strong></p>
<p align="justify"><em>Programa Leonardo Da Vinci a Itàlia (Chioggia)</em></p>
<ul>
<li>
<p align="justify"><span style="text-decoration: underline;"><a href="http://agora.xtec.cat/iesgabrielamistral/wp-content/uploads/usu246/2015/07/presenjonathan.pdf" target="_blank" rel="noopener noreferrer">Diari de l&#8217;estada de Jonathan Reñé</a></span></p>
</li>
<li>
<p align="justify">Diari de l&#8217;estada de Verònica Espigares</p>
</li>
</ul>

<p>Convocatòria actual   Curs 2026-2027 A partir del dilluns 18/5 i fins el dilluns 25/5 a les 23:55 romandrà obert el procés d’inscripció per la selecció de les estades Erasmus del Curs 26-27. Per fer la inscripció al procés de selecció caldrà emplenar al següent formulari.  De cara al curs vinent oferim: CFGS: 8 places [&hellip;]</p>
