{"id":506,"date":"2015-07-06T20:48:19","date_gmt":"2015-07-06T19:48:19","guid":{"rendered":"http:\/\/agora.xtec.cat\/iesgabrielamistral\/?page_id=506"},"modified":"2025-09-15T11:38:43","modified_gmt":"2025-09-15T09:38:43","slug":"cfgs-en-educacio-infantil","status":"publish","type":"page","link":"https:\/\/agora.xtec.cat\/iesgabrielamistral\/inici2\/estudis\/cicles-formatius\/cfgs-en-educacio-infantil\/","title":{"rendered":"CFGS  Educaci\u00f3 Infantil DUAL"},"content":{"rendered":"<p><iframe loading=\"lazy\" src=\"https:\/\/www.youtube.com\/embed\/cHwq6pWjsPU?ecver=1\" width=\"560\" height=\"315\" frameborder=\"0\"><\/iframe><\/p>\n<p><strong>Presentaci\u00f3 del CFGS d&#8217;Educaci\u00f3 infantil<\/strong><\/p>\n<p>&nbsp;<\/p>\n<p><span style=\"text-decoration: underline; font-size: 20px;\"><strong>Pla d\u2019estudis<\/strong><\/span><\/p>\n<table style=\"height: 264px; width: 723px;\">\n<tbody>\n<tr style=\"height: 32px;\">\n<td style=\"width: 401px; height: 32px;\"><b>Primer Curs (mat\u00ed)<\/b><\/td>\n<td style=\"width: 314px; height: 32px;\"><b>Segon Curs (tarda)<\/b><\/td>\n<\/tr>\n<tr style=\"height: 46px;\">\n<td style=\"width: 401px; height: 46px;\">M0012 Autonomia personal i salut infantil<\/td>\n<td style=\"width: 314px; height: 46px;\">MP3: Autonomia personal i salut.\u00a0<\/td>\n<\/tr>\n<tr style=\"height: 31px;\">\n<td style=\"width: 401px; height: 31px;\">M0011: Did\u00e0ctica de l&#8217;educaci\u00f3 infantil.\u00a0<\/td>\n<td style=\"width: 314px; height: 31px;\">MP5: Expressi\u00f3 i comunicaci\u00f3.\u00a0<\/td>\n<\/tr>\n<tr style=\"height: 31px;\">\n<td style=\"width: 401px; height: 31px;\">M0013: Joc infantil i metodologia.\u00a0<\/td>\n<td style=\"width: 314px; height: 31px;\">MP9: Primers auxilis.\u00a0<\/td>\n<\/tr>\n<tr style=\"height: 31px;\">\n<td style=\"width: 401px; height: 31px;\">M0015: Desenvolupament cognitiu i motor.\u00a0<\/td>\n<td style=\"width: 314px; height: 31px;\">MP2: Projecte d&#8217;atenci\u00f3 a la infantesa.\u00a0<\/td>\n<\/tr>\n<tr style=\"height: 31px;\">\n<td style=\"width: 401px; height: 31px;\">M0016: Desenvolupament socioafectiu.\u00a0<\/td>\n<td style=\"width: 314px; height: 31px;\">MP3: Formaci\u00f3 en centres de treball.<\/td>\n<\/tr>\n<tr style=\"height: 31px;\">\n<td style=\"width: 401px; height: 31px;\">M0017: Habilitats socials.\u00a0<\/td>\n<td style=\"width: 314px; height: 31px;\">Tutoria<\/td>\n<\/tr>\n<tr style=\"height: 31px;\">\n<td style=\"width: 401px; height: 31px;\">M0018: Intervenci\u00f3 amb fam\u00edlies i atenci\u00f3 en menors\u00a0<\/td>\n<td style=\"width: 314px; height: 31px;\">\u00a0<\/td>\n<\/tr>\n<tr>\n<td style=\"width: 401px;\">M0020: Primers Auxilis<\/td>\n<td style=\"width: 314px;\">\u00a0<\/td>\n<\/tr>\n<tr>\n<td style=\"width: 401px;\">M1709 Itinerari personal per a l&#8217;ocupabilitat I<\/td>\n<td style=\"width: 314px;\">\u00a0<\/td>\n<\/tr>\n<tr>\n<td style=\"width: 401px;\">076 Catal\u00e0 Professional<\/td>\n<td style=\"width: 314px;\">\u00a0<\/td>\n<\/tr>\n<tr>\n<td style=\"width: 401px;\">TUTORIA<\/td>\n<td style=\"width: 314px;\">\u00a0<\/td>\n<\/tr>\n<\/tbody>\n<\/table>\n<p><span style=\"text-decoration: underline; font-size: 20px;\"><strong>Horari\u00a0<\/strong><\/span><\/p>\n<p>El cicle formatiu s&#8217;imparteix en horari mat\u00ed (1r) i de tarda (2n), de dilluns a divendres.<\/p>\n<p><span style=\"text-decoration: underline; font-size: 20px;\"><strong>Empreses col\u00b7laboradores<\/strong><\/span><\/p>\n<p><img loading=\"lazy\" decoding=\"async\" class=\"alignnone wp-image-5038 size-full\" src=\"http:\/\/agora.xtec.cat\/iesgabrielamistral\/wp-content\/uploads\/usu246\/2015\/07\/logoriusonsv2.png\" alt=\"\" width=\"250\" height=\"100\" \/>\u00a0\u00a0\u00a0<img loading=\"lazy\" decoding=\"async\" class=\"alignnone  wp-image-5226\" src=\"http:\/\/agora.xtec.cat\/iesgabrielamistral\/wp-content\/uploads\/usu246\/2015\/07\/llarpontdestelsv3.png\" alt=\"\" width=\"250\" height=\"100\" \/>\u00a0\u00a0\u00a0<img loading=\"lazy\" decoding=\"async\" class=\"alignnone  wp-image-5228\" src=\"http:\/\/agora.xtec.cat\/iesgabrielamistral\/wp-content\/uploads\/usu246\/2015\/07\/llarlestorretesv2.png\" alt=\"\" width=\"244\" height=\"99\" \/>\u00a0<img loading=\"lazy\" decoding=\"async\" class=\"alignnone size-full wp-image-4994\" src=\"http:\/\/agora.xtec.cat\/iesgabrielamistral\/wp-content\/uploads\/usu246\/2018\/01\/logoalegria.png\" alt=\"\" width=\"250\" height=\"100\" \/>\u00a0\u00a0<img loading=\"lazy\" decoding=\"async\" class=\"alignnone  wp-image-12282\" src=\"https:\/\/agora.xtec.cat\/iesgabrielamistral\/wp-content\/uploads\/usu246\/2021\/04\/elrodo.png\" alt=\"\" width=\"162\" height=\"123\" srcset=\"https:\/\/agora.xtec.cat\/iesgabrielamistral\/wp-content\/uploads\/usu246\/2021\/04\/elrodo.png 287w, https:\/\/agora.xtec.cat\/iesgabrielamistral\/wp-content\/uploads\/usu246\/2021\/04\/elrodo-200x150.png 200w\" sizes=\"auto, (max-width: 162px) 100vw, 162px\" \/><img loading=\"lazy\" decoding=\"async\" class=\"alignnone size-full wp-image-5196\" style=\"font-family: inherit; font-size: 1em;\" src=\"http:\/\/agora.xtec.cat\/iesgabrielamistral\/wp-content\/uploads\/usu246\/2015\/07\/mimosa2018.png\" alt=\"\" width=\"366\" height=\"125\" srcset=\"https:\/\/agora.xtec.cat\/iesgabrielamistral\/wp-content\/uploads\/usu246\/2015\/07\/mimosa2018.png 366w, https:\/\/agora.xtec.cat\/iesgabrielamistral\/wp-content\/uploads\/usu246\/2015\/07\/mimosa2018-300x102.png 300w\" sizes=\"auto, (max-width: 366px) 100vw, 366px\" \/><span style=\"font-family: inherit; font-size: 1em;\">\u00a0 \u00a0<\/span><img loading=\"lazy\" decoding=\"async\" class=\"alignnone size-full wp-image-5198\" style=\"font-family: inherit; font-size: 1em;\" src=\"http:\/\/agora.xtec.cat\/iesgabrielamistral\/wp-content\/uploads\/usu246\/2015\/07\/patitofeov2.png\" alt=\"\" width=\"300\" height=\"150\" \/><span style=\"font-family: inherit; font-size: 1em;\">\u00a0<\/span><img loading=\"lazy\" decoding=\"async\" class=\"alignnone  wp-image-12283\" style=\"font-family: inherit; font-size: 1em;\" src=\"https:\/\/agora.xtec.cat\/iesgabrielamistral\/wp-content\/uploads\/usu246\/2021\/04\/Llar-dinfants-LA-TRACA-1024x861.jpg\" alt=\"\" width=\"205\" height=\"172\" srcset=\"https:\/\/agora.xtec.cat\/iesgabrielamistral\/wp-content\/uploads\/usu246\/2021\/04\/Llar-dinfants-LA-TRACA-1024x861.jpg 1024w, https:\/\/agora.xtec.cat\/iesgabrielamistral\/wp-content\/uploads\/usu246\/2021\/04\/Llar-dinfants-LA-TRACA-300x250.jpg 300w, https:\/\/agora.xtec.cat\/iesgabrielamistral\/wp-content\/uploads\/usu246\/2021\/04\/Llar-dinfants-LA-TRACA-768x646.jpg 768w\" sizes=\"auto, (max-width: 205px) 100vw, 205px\" \/> <img loading=\"lazy\" decoding=\"async\" class=\"alignnone  wp-image-12284\" style=\"font-family: inherit; font-size: 1em;\" src=\"https:\/\/agora.xtec.cat\/iesgabrielamistral\/wp-content\/uploads\/usu246\/2021\/04\/mamut.png\" alt=\"\" width=\"135\" height=\"186\" srcset=\"https:\/\/agora.xtec.cat\/iesgabrielamistral\/wp-content\/uploads\/usu246\/2021\/04\/mamut.png 689w, https:\/\/agora.xtec.cat\/iesgabrielamistral\/wp-content\/uploads\/usu246\/2021\/04\/mamut-218x300.png 218w\" sizes=\"auto, (max-width: 135px) 100vw, 135px\" \/><\/p>\n<p>&nbsp;<\/p>\n","protected":false},"excerpt":{"rendered":"<p>Presentaci\u00f3 del CFGS d&#8217;Educaci\u00f3 infantil &nbsp; Pla d\u2019estudis Primer Curs (mat\u00ed) Segon Curs (tarda) M0012 Autonomia personal i salut infantil MP3: Autonomia personal i salut.\u00a0 M0011: Did\u00e0ctica de l&#8217;educaci\u00f3 infantil.\u00a0 MP5: Expressi\u00f3 i comunicaci\u00f3.\u00a0 M0013: Joc infantil i metodologia.\u00a0 MP9: Primers auxilis.\u00a0 M0015: Desenvolupament cognitiu i motor.\u00a0 MP2: Projecte d&#8217;atenci\u00f3 a la infantesa.\u00a0 M0016: Desenvolupament [&hellip;]<\/p>\n","protected":false},"author":1,"featured_media":0,"parent":493,"menu_order":50,"comment_status":"closed","ping_status":"closed","template":"page-templates\/side-menu.php","meta":{"_bbp_topic_count":0,"_bbp_reply_count":0,"_bbp_total_topic_count":0,"_bbp_total_reply_count":0,"_bbp_voice_count":0,"_bbp_anonymous_reply_count":0,"_bbp_topic_count_hidden":0,"_bbp_reply_count_hidden":0,"_bbp_forum_subforum_count":0,"site-sidebar-layout":"default","site-content-layout":"","ast-site-content-layout":"","site-content-style":"default","site-sidebar-style":"default","ast-global-header-display":"","ast-banner-title-visibility":"","ast-main-header-display":"","ast-hfb-above-header-display":"","ast-hfb-below-header-display":"","ast-hfb-mobile-header-display":"","site-post-title":"","ast-breadcrumbs-content":"","ast-featured-img":"","footer-sml-layout":"","theme-transparent-header-meta":"","adv-header-id-meta":"","stick-header-meta":"","header-above-stick-meta":"","header-main-stick-meta":"","header-below-stick-meta":"","astra-migrate-meta-layouts":"default","ast-page-background-enabled":"default","ast-page-background-meta":{"desktop":{"background-color":"var(--ast-global-color-4)","background-image":"","background-repeat":"repeat","background-position":"center center","background-size":"auto","background-attachment":"scroll","background-type":"","background-media":"","overlay-type":"","overlay-color":"","overlay-opacity":"","overlay-gradient":""},"tablet":{"background-color":"","background-image":"","background-repeat":"repeat","background-position":"center center","background-size":"auto","background-attachment":"scroll","background-type":"","background-media":"","overlay-type":"","overlay-color":"","overlay-opacity":"","overlay-gradient":""},"mobile":{"background-color":"","background-image":"","background-repeat":"repeat","background-position":"center center","background-size":"auto","background-attachment":"scroll","background-type":"","background-media":"","overlay-type":"","overlay-color":"","overlay-opacity":"","overlay-gradient":""}},"ast-content-background-meta":{"desktop":{"background-color":"var(--ast-global-color-5)","background-image":"","background-repeat":"repeat","background-position":"center center","background-size":"auto","background-attachment":"scroll","background-type":"","background-media":"","overlay-type":"","overlay-color":"","overlay-opacity":"","overlay-gradient":""},"tablet":{"background-color":"var(--ast-global-color-5)","background-image":"","background-repeat":"repeat","background-position":"center center","background-size":"auto","background-attachment":"scroll","background-type":"","background-media":"","overlay-type":"","overlay-color":"","overlay-opacity":"","overlay-gradient":""},"mobile":{"background-color":"var(--ast-global-color-5)","background-image":"","background-repeat":"repeat","background-position":"center center","background-size":"auto","background-attachment":"scroll","background-type":"","background-media":"","overlay-type":"","overlay-color":"","overlay-opacity":"","overlay-gradient":""}},"footnotes":""},"class_list":["post-506","page","type-page","status-publish","hentry"],"post_mailing_queue_ids":[],"_links":{"self":[{"href":"https:\/\/agora.xtec.cat\/iesgabrielamistral\/wp-json\/wp\/v2\/pages\/506","targetHints":{"allow":["GET"]}}],"collection":[{"href":"https:\/\/agora.xtec.cat\/iesgabrielamistral\/wp-json\/wp\/v2\/pages"}],"about":[{"href":"https:\/\/agora.xtec.cat\/iesgabrielamistral\/wp-json\/wp\/v2\/types\/page"}],"author":[{"embeddable":true,"href":"https:\/\/agora.xtec.cat\/iesgabrielamistral\/wp-json\/wp\/v2\/users\/1"}],"replies":[{"embeddable":true,"href":"https:\/\/agora.xtec.cat\/iesgabrielamistral\/wp-json\/wp\/v2\/comments?post=506"}],"version-history":[{"count":8,"href":"https:\/\/agora.xtec.cat\/iesgabrielamistral\/wp-json\/wp\/v2\/pages\/506\/revisions"}],"predecessor-version":[{"id":18159,"href":"https:\/\/agora.xtec.cat\/iesgabrielamistral\/wp-json\/wp\/v2\/pages\/506\/revisions\/18159"}],"up":[{"embeddable":true,"href":"https:\/\/agora.xtec.cat\/iesgabrielamistral\/wp-json\/wp\/v2\/pages\/493"}],"wp:attachment":[{"href":"https:\/\/agora.xtec.cat\/iesgabrielamistral\/wp-json\/wp\/v2\/media?parent=506"}],"curies":[{"name":"wp","href":"https:\/\/api.w.org\/{rel}","templated":true}]}}