{"id":493,"date":"2015-07-06T20:19:30","date_gmt":"2015-07-06T19:19:30","guid":{"rendered":"http:\/\/agora.xtec.cat\/iesgabrielamistral\/?page_id=493"},"modified":"2025-11-13T18:53:57","modified_gmt":"2025-11-13T17:53:57","slug":"cicles-formatius","status":"publish","type":"page","link":"https:\/\/agora.xtec.cat\/iesgabrielamistral\/inici2\/estudis\/cicles-formatius\/","title":{"rendered":"Cicles Formatius"},"content":{"rendered":"<p>&nbsp;<\/p>\n<p><div class=\"ast-oembed-container \" style=\"height: 100%;\"><iframe loading=\"lazy\" title=\"Cicles Formatius a l&#039;INS Gabriela Mistral (2025 -v4)\" width=\"500\" height=\"281\" src=\"https:\/\/www.youtube.com\/embed\/O0cHPies754?feature=oembed\" frameborder=\"0\" allow=\"accelerometer; autoplay; clipboard-write; encrypted-media; gyroscope; picture-in-picture; web-share\" referrerpolicy=\"strict-origin-when-cross-origin\" allowfullscreen><\/iframe><\/div>\n<\/p>\n<p><a href=\"https:\/\/agora.xtec.cat\/iesgabrielamistral\/wp-content\/uploads\/usu246\/2020\/04\/ccff_horitzontal.png\"><img loading=\"lazy\" decoding=\"async\" class=\"alignnone wp-image-11234 size-full\" src=\"https:\/\/agora.xtec.cat\/iesgabrielamistral\/wp-content\/uploads\/usu246\/2020\/04\/ccff_horitzontal.png\" alt=\"\" width=\"900\" height=\"203\" srcset=\"https:\/\/agora.xtec.cat\/iesgabrielamistral\/wp-content\/uploads\/usu246\/2020\/04\/ccff_horitzontal.png 900w, https:\/\/agora.xtec.cat\/iesgabrielamistral\/wp-content\/uploads\/usu246\/2020\/04\/ccff_horitzontal-300x68.png 300w, https:\/\/agora.xtec.cat\/iesgabrielamistral\/wp-content\/uploads\/usu246\/2020\/04\/ccff_horitzontal-768x173.png 768w\" sizes=\"auto, (max-width: 900px) 100vw, 900px\" \/><\/a><\/p>\n<h4><strong>Estudis<\/strong><\/h4>\n<p><strong>FP B\u00e0sica (CFGB):<\/strong><\/p>\n<ul>\n<li><a href=\"https:\/\/agora.xtec.cat\/iesgabrielamistral\/estudis\/cicles-formatius\/cfgb-informatica-doficina\/\">Inform\u00e0tica d&#8217;Oficina<\/a><\/li>\n<\/ul>\n<p><strong>Grau Mitj\u00e0:<\/strong><\/p>\n<ul>\n<li><a href=\"https:\/\/agora.xtec.cat\/iesgabrielamistral\/inici2\/estudis\/cicles-formatius\/cfgm-sist-microinf-i-xarxes\/\" target=\"_blank\" rel=\"noopener noreferrer\">Sistemes microinform\u00e0tics i xarxes <\/a><\/li>\n<li><a href=\"https:\/\/agora.xtec.cat\/iesgabrielamistral\/inici2\/estudis\/cicles-formatius\/cfgm-at-persones-en-sit-dependencia\/\" target=\"_blank\" rel=\"noopener noreferrer\">Atenci\u00f3 a persones en situaci\u00f3 de depend\u00e8ncia <\/a><\/li>\n<\/ul>\n<p><strong>Grau Superior:<\/strong><\/p>\n<ul>\n<li><a href=\"http:\/\/agora.xtec.cat\/iesgabrielamistral\/estudis-2\/cicles-formatius\/cfgs-en-educacio-infantil\/\" target=\"_blank\" rel=\"noopener noreferrer\">Educaci\u00f3 infantil\u00a0<\/a><\/li>\n<li><a href=\"http:\/\/agora.xtec.cat\/iesgabrielamistral\/estudis-2\/cicles-formatius\/cfgs-aplicacions-multiplataforma\/\" target=\"_blank\" rel=\"noopener noreferrer\">Desenvolupament d&#8217;aplicacions multiplataforma<\/a>\u00a0<\/li>\n<li><a href=\"https:\/\/agora.xtec.cat\/iesgabrielamistral\/general\/administracio-de-sistemes-informatics-en-xarxa\/\">Administraci\u00f3 de sistemes inform\u00e0tics en xarxa (perfil professional ciberseguretat)\u00a0<\/a><\/li>\n<li><a href=\"https:\/\/agora.xtec.cat\/iesgabrielamistral\/estudis\/cicles-formatius\/integracio-social\/\">Integraci\u00f3 social <\/a><\/li>\n<\/ul>\n<h4><strong>Guies de l&#8217;estudiant:<\/strong><\/h4>\n<ul>\n<li><a href=\"https:\/\/agora.xtec.cat\/iesgabrielamistral\/wp-content\/uploads\/usu246\/2024\/09\/GUIA-ALUMNAT_IFE_24-25.pdf\" target=\"_blank\" rel=\"noopener\">Guia de l&#8217;estudiant IFE<\/a><\/li>\n<li><a href=\"https:\/\/agora.xtec.cat\/iesgabrielamistral\/wp-content\/uploads\/usu246\/2025\/09\/GUIA-ALUMNAT_EI_25-26.pdf\" target=\"_blank\" rel=\"noopener\">Guia de l&#8217;estudiant Educaci\u00f3 infantil<\/a><\/li>\n<li><a href=\"https:\/\/agora.xtec.cat\/iesgabrielamistral\/wp-content\/uploads\/usu246\/2025\/09\/GUIA-ALUMNAT_DAM_25-26.pdf\" target=\"_blank\" rel=\"noopener\">Guia de l&#8217;estudiant DAM<\/a><\/li>\n<li><a href=\"https:\/\/agora.xtec.cat\/iesgabrielamistral\/wp-content\/uploads\/usu246\/2025\/09\/GUIA-ALUMNAT_APD_25-26.pdf\" target=\"_blank\" rel=\"noopener\">Guia de l&#8217;estudiant APD<\/a><\/li>\n<li><a href=\"https:\/\/agora.xtec.cat\/iesgabrielamistral\/wp-content\/uploads\/usu246\/2025\/09\/GUIA-ALUMNAT_ASIXC_25-26.pdf\" target=\"_blank\" rel=\"noopener\">Guia de l&#8217;estudiant ASIXC<\/a><\/li>\n<li><a href=\"https:\/\/agora.xtec.cat\/iesgabrielamistral\/wp-content\/uploads\/usu246\/2025\/09\/GUIA-ALUMNAT_IO_25-26.pdf\" target=\"_blank\" rel=\"noopener\">Guia de l&#8217;estudiant Inform\u00e0tica Oficina<\/a><\/li>\n<li><a href=\"https:\/\/agora.xtec.cat\/iesgabrielamistral\/wp-content\/uploads\/usu246\/2025\/09\/GUIA-ALUMNAT_IS_25-26.pdf\" target=\"_blank\" rel=\"noopener\">Guia de l&#8217;estudiant Integraci\u00f3 Social<\/a><\/li>\n<li><a href=\"https:\/\/agora.xtec.cat\/iesgabrielamistral\/wp-content\/uploads\/usu246\/2025\/09\/GUIA-ALUMNAT_SMX_25-26.pdf\" target=\"_blank\" rel=\"noopener\">Guia de l&#8217;estudiant SMX<\/a><\/li>\n<\/ul>\n<h4><strong>Flyers informatius:<\/strong><\/h4>\n<ul>\n<li><a href=\"https:\/\/agora.xtec.cat\/iesgabrielamistral\/wp-content\/uploads\/usu246\/2023\/02\/FP-Informa\u0300tica.pdf\" target=\"_blank\" rel=\"noopener noreferrer\">Fam\u00edlia professional d&#8217;Inform\u00e0tica\u00a0<\/a><\/li>\n<li><a href=\"https:\/\/agora.xtec.cat\/iesgabrielamistral\/wp-content\/uploads\/usu246\/2023\/02\/FP-Serveis-a-la-comunitat.pdf\" target=\"_blank\" rel=\"noopener noreferrer\">Fam\u00edlia professional de Serveis socioculturals i a la comunitat<\/a><\/li>\n<\/ul>\n<p>&nbsp;<\/p>\n<div>\n<div style=\"width: 854px;\" class=\"wp-video\"><!--[if lt IE 9]><script>document.createElement('video');<\/script><![endif]-->\n<video class=\"wp-video-shortcode\" id=\"video-493-1\" width=\"854\" height=\"480\" preload=\"metadata\" controls=\"controls\"><source type=\"video\/mp4\" src=\"https:\/\/agora.xtec.cat\/iesgabrielamistral\/wp-content\/uploads\/usu246\/2019\/11\/f254e2a55eaccdaa9715_f34bd39fc22345ff4a6b8ddacc0606b9.mp4?_=1\" \/><a href=\"https:\/\/agora.xtec.cat\/iesgabrielamistral\/wp-content\/uploads\/usu246\/2019\/11\/f254e2a55eaccdaa9715_f34bd39fc22345ff4a6b8ddacc0606b9.mp4\">https:\/\/agora.xtec.cat\/iesgabrielamistral\/wp-content\/uploads\/usu246\/2019\/11\/f254e2a55eaccdaa9715_f34bd39fc22345ff4a6b8ddacc0606b9.mp4<\/a><\/video><\/div>\n<\/div>\n","protected":false},"excerpt":{"rendered":"<p>&nbsp; Estudis FP B\u00e0sica (CFGB): Inform\u00e0tica d&#8217;Oficina Grau Mitj\u00e0: Sistemes microinform\u00e0tics i xarxes Atenci\u00f3 a persones en situaci\u00f3 de depend\u00e8ncia Grau Superior: Educaci\u00f3 infantil\u00a0 Desenvolupament d&#8217;aplicacions multiplataforma\u00a0 Administraci\u00f3 de sistemes inform\u00e0tics en xarxa (perfil professional ciberseguretat)\u00a0 Integraci\u00f3 social Guies de l&#8217;estudiant: Guia de l&#8217;estudiant IFE Guia de l&#8217;estudiant Educaci\u00f3 infantil Guia de l&#8217;estudiant DAM Guia [&hellip;]<\/p>\n","protected":false},"author":1,"featured_media":0,"parent":481,"menu_order":4,"comment_status":"closed","ping_status":"closed","template":"","meta":{"_bbp_topic_count":0,"_bbp_reply_count":0,"_bbp_total_topic_count":0,"_bbp_total_reply_count":0,"_bbp_voice_count":0,"_bbp_anonymous_reply_count":0,"_bbp_topic_count_hidden":0,"_bbp_reply_count_hidden":0,"_bbp_forum_subforum_count":0,"site-sidebar-layout":"default","site-content-layout":"","ast-site-content-layout":"default","site-content-style":"default","site-sidebar-style":"default","ast-global-header-display":"","ast-banner-title-visibility":"","ast-main-header-display":"","ast-hfb-above-header-display":"","ast-hfb-below-header-display":"","ast-hfb-mobile-header-display":"","site-post-title":"","ast-breadcrumbs-content":"","ast-featured-img":"","footer-sml-layout":"","theme-transparent-header-meta":"default","adv-header-id-meta":"","stick-header-meta":"","header-above-stick-meta":"","header-main-stick-meta":"","header-below-stick-meta":"","astra-migrate-meta-layouts":"set","ast-page-background-enabled":"default","ast-page-background-meta":{"desktop":{"background-color":"var(--ast-global-color-4)","background-image":"","background-repeat":"repeat","background-position":"center center","background-size":"auto","background-attachment":"scroll","background-type":"","background-media":"","overlay-type":"","overlay-color":"","overlay-opacity":"","overlay-gradient":""},"tablet":{"background-color":"","background-image":"","background-repeat":"repeat","background-position":"center center","background-size":"auto","background-attachment":"scroll","background-type":"","background-media":"","overlay-type":"","overlay-color":"","overlay-opacity":"","overlay-gradient":""},"mobile":{"background-color":"","background-image":"","background-repeat":"repeat","background-position":"center center","background-size":"auto","background-attachment":"scroll","background-type":"","background-media":"","overlay-type":"","overlay-color":"","overlay-opacity":"","overlay-gradient":""}},"ast-content-background-meta":{"desktop":{"background-color":"var(--ast-global-color-5)","background-image":"","background-repeat":"repeat","background-position":"center center","background-size":"auto","background-attachment":"scroll","background-type":"","background-media":"","overlay-type":"","overlay-color":"","overlay-opacity":"","overlay-gradient":""},"tablet":{"background-color":"var(--ast-global-color-5)","background-image":"","background-repeat":"repeat","background-position":"center center","background-size":"auto","background-attachment":"scroll","background-type":"","background-media":"","overlay-type":"","overlay-color":"","overlay-opacity":"","overlay-gradient":""},"mobile":{"background-color":"var(--ast-global-color-5)","background-image":"","background-repeat":"repeat","background-position":"center center","background-size":"auto","background-attachment":"scroll","background-type":"","background-media":"","overlay-type":"","overlay-color":"","overlay-opacity":"","overlay-gradient":""}},"footnotes":""},"class_list":["post-493","page","type-page","status-publish","hentry"],"post_mailing_queue_ids":[],"_links":{"self":[{"href":"https:\/\/agora.xtec.cat\/iesgabrielamistral\/wp-json\/wp\/v2\/pages\/493","targetHints":{"allow":["GET"]}}],"collection":[{"href":"https:\/\/agora.xtec.cat\/iesgabrielamistral\/wp-json\/wp\/v2\/pages"}],"about":[{"href":"https:\/\/agora.xtec.cat\/iesgabrielamistral\/wp-json\/wp\/v2\/types\/page"}],"author":[{"embeddable":true,"href":"https:\/\/agora.xtec.cat\/iesgabrielamistral\/wp-json\/wp\/v2\/users\/1"}],"replies":[{"embeddable":true,"href":"https:\/\/agora.xtec.cat\/iesgabrielamistral\/wp-json\/wp\/v2\/comments?post=493"}],"version-history":[{"count":9,"href":"https:\/\/agora.xtec.cat\/iesgabrielamistral\/wp-json\/wp\/v2\/pages\/493\/revisions"}],"predecessor-version":[{"id":18641,"href":"https:\/\/agora.xtec.cat\/iesgabrielamistral\/wp-json\/wp\/v2\/pages\/493\/revisions\/18641"}],"up":[{"embeddable":true,"href":"https:\/\/agora.xtec.cat\/iesgabrielamistral\/wp-json\/wp\/v2\/pages\/481"}],"wp:attachment":[{"href":"https:\/\/agora.xtec.cat\/iesgabrielamistral\/wp-json\/wp\/v2\/media?parent=493"}],"curies":[{"name":"wp","href":"https:\/\/api.w.org\/{rel}","templated":true}]}}