{"id":4134,"date":"2017-03-24T13:12:59","date_gmt":"2017-03-24T12:12:59","guid":{"rendered":"http:\/\/agora.xtec.cat\/iesgabrielamistral\/?page_id=4134"},"modified":"2023-04-25T20:09:29","modified_gmt":"2023-04-25T18:09:29","slug":"borsa-treball","status":"publish","type":"page","link":"https:\/\/agora.xtec.cat\/iesgabrielamistral\/serveis-2\/borsa-treball\/","title":{"rendered":"Borsa de treball"},"content":{"rendered":"<h2><a href=\"https:\/\/agora.xtec.cat\/iesgabrielamistral\/wp-content\/uploads\/usu246\/2021\/01\/Dise\u00f1o-sin-t\u00edtulo-1.png\"><img loading=\"lazy\" decoding=\"async\" class=\"aligncenter size-large wp-image-11977\" src=\"https:\/\/agora.xtec.cat\/iesgabrielamistral\/wp-content\/uploads\/usu246\/2021\/01\/Dise\u00f1o-sin-t\u00edtulo-1-1024x354.png\" alt=\"\" width=\"1024\" height=\"354\" srcset=\"https:\/\/agora.xtec.cat\/iesgabrielamistral\/wp-content\/uploads\/usu246\/2021\/01\/Dise\u00f1o-sin-t\u00edtulo-1.png 1024w, https:\/\/agora.xtec.cat\/iesgabrielamistral\/wp-content\/uploads\/usu246\/2021\/01\/Dise\u00f1o-sin-t\u00edtulo-1-300x104.png 300w, https:\/\/agora.xtec.cat\/iesgabrielamistral\/wp-content\/uploads\/usu246\/2021\/01\/Dise\u00f1o-sin-t\u00edtulo-1-768x266.png 768w\" sizes=\"auto, (max-width: 1024px) 100vw, 1024px\" \/><\/a><\/h2>\n<h2><span style=\"text-decoration: underline;\"><strong>S\u00f3c Empresa:<\/strong><\/span><\/h2>\n<p>El servei de borsa de treball del INS Gabriela Mistral ofereix a les empreses la possibilitat de contractar professionals titulats.<\/p>\n<p>L&#8217;empresa pot utilitzar aquest servei per fer-nos arribar les seves ofertes de feina que nosaltres traslladarem als ex-alumnes de l&#8217;Institut amb perfil adequat.<\/p>\n<p>Els perfils professionals estan relacionats en les seg\u00fcents titulacions:<\/p>\n<p>CFGM: <a href=\"https:\/\/agora.xtec.cat\/iesgabrielamistral\/estudis-2\/cicles-formatius\/cfgm-sist-microinf-i-xarxes\/\">Sistemes microinform\u00e0tics i xarxes\u00a0<\/a><\/p>\n<p>CFGS: <a href=\"https:\/\/agora.xtec.cat\/iesgabrielamistral\/estudis-2\/cicles-formatius\/cfgs-aplicacions-multiplataforma\/\">Desenvolupament d\u2019aplicacions multiplataforma perfil professional inform\u00e0tica aplicada a la log\u00edstica<\/a><\/p>\n<p>CFGM:<a href=\"https:\/\/agora.xtec.cat\/iesgabrielamistral\/estudis-2\/cicles-formatius\/cfgm-at-persones-en-sit-dependencia\/\"> Atenci\u00f3 a persones en situaci\u00f3 de depend\u00e8ncia<\/a><\/p>\n<p>CFGS: <a href=\"https:\/\/agora.xtec.cat\/iesgabrielamistral\/estudis-2\/cicles-formatius\/cfgs-en-educacio-infantil\/\">Educaci\u00f3 infantil<\/a><\/p>\n<p><strong>Si esteu interessats i voleu m\u00e9s informaci\u00f3 us podeu dirigir a<\/strong>: <a href=\"mailto:Borsa@insgabrielamistral.cat\">borsa@insgabrielamistral.cat<\/a><\/p>\n<h2><span style=\"text-decoration: underline;\"><strong>S\u00f3c Ex-alumne\/a:<\/strong><\/span><\/h2>\n<p>Si encara no esteu incorporats a la borsa de treball de l&#8217;institut us podeu inscriure enviant un missatge al seg\u00fcent correu: <a href=\"mailto:Borsa@insgabrielamistral.cat\">borsa@insgabrielamistral.cat<\/a><\/p>\n<p>Us facilitem altres links d&#8217;inter\u00e9s:<\/p>\n<p><a href=\"http:\/\/www.santvicencactiu.cat\/ocupacio\/borsa-de-treball\" target=\"_blank\" rel=\"noopener noreferrer\">https:\/\/svh.cat\/ajuntament\/oferta-de-treball<\/a><\/p>\n<p><a href=\"https:\/\/feinaactiva.gencat.cat\/home\">https:\/\/feinaactiva.gencat.cat\/home<\/a><\/p>\n<p><a href=\"https:\/\/xaloc.diba.cat\/\">https:\/\/xaloc.diba.cat\/<\/a><\/p>\n<p>&nbsp;<\/p>\n<p>&nbsp;<\/p>\n","protected":false},"excerpt":{"rendered":"<p>S\u00f3c Empresa: El servei de borsa de treball del INS Gabriela Mistral ofereix a les empreses la possibilitat de contractar professionals titulats. L&#8217;empresa pot utilitzar aquest servei per fer-nos arribar les seves ofertes de feina que nosaltres traslladarem als ex-alumnes de l&#8217;Institut amb perfil adequat. Els perfils professionals estan relacionats en les seg\u00fcents titulacions: CFGM: [&hellip;]<\/p>\n","protected":false},"author":1,"featured_media":0,"parent":5350,"menu_order":80,"comment_status":"closed","ping_status":"closed","template":"page-templates\/side-menu.php","meta":{"_bbp_topic_count":0,"_bbp_reply_count":0,"_bbp_total_topic_count":0,"_bbp_total_reply_count":0,"_bbp_voice_count":0,"_bbp_anonymous_reply_count":0,"_bbp_topic_count_hidden":0,"_bbp_reply_count_hidden":0,"_bbp_forum_subforum_count":0,"site-sidebar-layout":"default","site-content-layout":"","ast-site-content-layout":"","site-content-style":"default","site-sidebar-style":"default","ast-global-header-display":"","ast-banner-title-visibility":"","ast-main-header-display":"","ast-hfb-above-header-display":"","ast-hfb-below-header-display":"","ast-hfb-mobile-header-display":"","site-post-title":"","ast-breadcrumbs-content":"","ast-featured-img":"","footer-sml-layout":"","theme-transparent-header-meta":"","adv-header-id-meta":"","stick-header-meta":"","header-above-stick-meta":"","header-main-stick-meta":"","header-below-stick-meta":"","astra-migrate-meta-layouts":"default","ast-page-background-enabled":"default","ast-page-background-meta":{"desktop":{"background-color":"var(--ast-global-color-4)","background-image":"","background-repeat":"repeat","background-position":"center center","background-size":"auto","background-attachment":"scroll","background-type":"","background-media":"","overlay-type":"","overlay-color":"","overlay-opacity":"","overlay-gradient":""},"tablet":{"background-color":"","background-image":"","background-repeat":"repeat","background-position":"center center","background-size":"auto","background-attachment":"scroll","background-type":"","background-media":"","overlay-type":"","overlay-color":"","overlay-opacity":"","overlay-gradient":""},"mobile":{"background-color":"","background-image":"","background-repeat":"repeat","background-position":"center center","background-size":"auto","background-attachment":"scroll","background-type":"","background-media":"","overlay-type":"","overlay-color":"","overlay-opacity":"","overlay-gradient":""}},"ast-content-background-meta":{"desktop":{"background-color":"var(--ast-global-color-5)","background-image":"","background-repeat":"repeat","background-position":"center center","background-size":"auto","background-attachment":"scroll","background-type":"","background-media":"","overlay-type":"","overlay-color":"","overlay-opacity":"","overlay-gradient":""},"tablet":{"background-color":"var(--ast-global-color-5)","background-image":"","background-repeat":"repeat","background-position":"center center","background-size":"auto","background-attachment":"scroll","background-type":"","background-media":"","overlay-type":"","overlay-color":"","overlay-opacity":"","overlay-gradient":""},"mobile":{"background-color":"var(--ast-global-color-5)","background-image":"","background-repeat":"repeat","background-position":"center center","background-size":"auto","background-attachment":"scroll","background-type":"","background-media":"","overlay-type":"","overlay-color":"","overlay-opacity":"","overlay-gradient":""}},"footnotes":""},"class_list":["post-4134","page","type-page","status-publish","hentry"],"post_mailing_queue_ids":[],"_links":{"self":[{"href":"https:\/\/agora.xtec.cat\/iesgabrielamistral\/wp-json\/wp\/v2\/pages\/4134","targetHints":{"allow":["GET"]}}],"collection":[{"href":"https:\/\/agora.xtec.cat\/iesgabrielamistral\/wp-json\/wp\/v2\/pages"}],"about":[{"href":"https:\/\/agora.xtec.cat\/iesgabrielamistral\/wp-json\/wp\/v2\/types\/page"}],"author":[{"embeddable":true,"href":"https:\/\/agora.xtec.cat\/iesgabrielamistral\/wp-json\/wp\/v2\/users\/1"}],"replies":[{"embeddable":true,"href":"https:\/\/agora.xtec.cat\/iesgabrielamistral\/wp-json\/wp\/v2\/comments?post=4134"}],"version-history":[{"count":5,"href":"https:\/\/agora.xtec.cat\/iesgabrielamistral\/wp-json\/wp\/v2\/pages\/4134\/revisions"}],"predecessor-version":[{"id":14979,"href":"https:\/\/agora.xtec.cat\/iesgabrielamistral\/wp-json\/wp\/v2\/pages\/4134\/revisions\/14979"}],"up":[{"embeddable":true,"href":"https:\/\/agora.xtec.cat\/iesgabrielamistral\/wp-json\/wp\/v2\/pages\/5350"}],"wp:attachment":[{"href":"https:\/\/agora.xtec.cat\/iesgabrielamistral\/wp-json\/wp\/v2\/media?parent=4134"}],"curies":[{"name":"wp","href":"https:\/\/api.w.org\/{rel}","templated":true}]}}