{"id":13978,"date":"2022-07-04T11:44:56","date_gmt":"2022-07-04T09:44:56","guid":{"rendered":"https:\/\/agora.xtec.cat\/iesgabrielamistral\/?page_id=13978"},"modified":"2022-07-11T17:12:09","modified_gmt":"2022-07-11T15:12:09","slug":"proveidors","status":"publish","type":"page","link":"https:\/\/agora.xtec.cat\/iesgabrielamistral\/linstitut\/proveidors\/","title":{"rendered":"Prove\u00efdors"},"content":{"rendered":"<div><b>CRITERIS D&#8217;HOMOLOGACI\u00d3 DE PROVE\u00cfDORS<\/b><\/div>\n<div>\u00a0<\/div>\n<div>Els criteris que es tindran en compte en l\u2019homologaci\u00f3 seran els seg\u00fcents:<br \/>\n&#8211; Solv\u00e8ncia t\u00e8cnica i econ\u00f2mica<br \/>\n&#8211; Preus i condicions econ\u00f2miques (En refer\u00e8ncia a d\u2019altres prove\u00efdors)<br \/>\n&#8211; Facilitat compra (Proximitat f\u00edsica o accessibilitat telef\u00f2nica, e-mail, fax)<br \/>\n&#8211; Atenci\u00f3 al client (Inclou servei post-venda)<\/div>\n<div>\u00a0&#8211; Qualitat productes o serveis\u00a0<\/div>\n<div>\u00a0<\/div>\n<div>En el cas de prove\u00efdors de serveis educatius ser\u00e0 important que acreditin la serva formaci\u00f3\/experi\u00e8ncia.<\/div>\n<div>Cadascun d\u2019aquests aspectes es puntuar\u00e0 sobre 10 i la puntuaci\u00f3 total m\u00ednima per obtenir l\u2019homologaci\u00f3 ser\u00e0 de 25 punts.\u00a0<\/div>\n<div>A m\u00e9s, es considerar\u00e0 favorablement el fet que el prove\u00efdor disposi d\u2019un sistema de qualitat certificat per un organisme o empresa independent.\u00a0 \u00a0<\/div>\n<div>Aquest car\u00e0cter de prove\u00efdor homologat es pot perdre en cas d&#8217;incid\u00e8ncia greu o per acumulaci\u00f3 d&#8217;incid\u00e8ncies. La revocaci\u00f3 comportaria la baixa del registre de prove\u00efdors homologats, cosa que es comunicaria per escrit.<\/div>\n<div>\u00a0<\/div>\n","protected":false},"excerpt":{"rendered":"<p>CRITERIS D&#8217;HOMOLOGACI\u00d3 DE PROVE\u00cfDORS \u00a0 Els criteris que es tindran en compte en l\u2019homologaci\u00f3 seran els seg\u00fcents: &#8211; Solv\u00e8ncia t\u00e8cnica i econ\u00f2mica &#8211; Preus i condicions econ\u00f2miques (En refer\u00e8ncia a d\u2019altres prove\u00efdors) &#8211; Facilitat compra (Proximitat f\u00edsica o accessibilitat telef\u00f2nica, e-mail, fax) &#8211; Atenci\u00f3 al client (Inclou servei post-venda) \u00a0&#8211; Qualitat productes o serveis\u00a0 \u00a0 [&hellip;]<\/p>\n","protected":false},"author":14,"featured_media":0,"parent":3418,"menu_order":70,"comment_status":"closed","ping_status":"closed","template":"page-templates\/side-menu.php","meta":{"_bbp_topic_count":0,"_bbp_reply_count":0,"_bbp_total_topic_count":0,"_bbp_total_reply_count":0,"_bbp_voice_count":0,"_bbp_anonymous_reply_count":0,"_bbp_topic_count_hidden":0,"_bbp_reply_count_hidden":0,"_bbp_forum_subforum_count":0,"site-sidebar-layout":"default","site-content-layout":"","ast-site-content-layout":"","site-content-style":"default","site-sidebar-style":"default","ast-global-header-display":"","ast-banner-title-visibility":"","ast-main-header-display":"","ast-hfb-above-header-display":"","ast-hfb-below-header-display":"","ast-hfb-mobile-header-display":"","site-post-title":"","ast-breadcrumbs-content":"","ast-featured-img":"","footer-sml-layout":"","theme-transparent-header-meta":"","adv-header-id-meta":"","stick-header-meta":"","header-above-stick-meta":"","header-main-stick-meta":"","header-below-stick-meta":"","astra-migrate-meta-layouts":"default","ast-page-background-enabled":"default","ast-page-background-meta":{"desktop":{"background-color":"var(--ast-global-color-4)","background-image":"","background-repeat":"repeat","background-position":"center center","background-size":"auto","background-attachment":"scroll","background-type":"","background-media":"","overlay-type":"","overlay-color":"","overlay-opacity":"","overlay-gradient":""},"tablet":{"background-color":"","background-image":"","background-repeat":"repeat","background-position":"center center","background-size":"auto","background-attachment":"scroll","background-type":"","background-media":"","overlay-type":"","overlay-color":"","overlay-opacity":"","overlay-gradient":""},"mobile":{"background-color":"","background-image":"","background-repeat":"repeat","background-position":"center center","background-size":"auto","background-attachment":"scroll","background-type":"","background-media":"","overlay-type":"","overlay-color":"","overlay-opacity":"","overlay-gradient":""}},"ast-content-background-meta":{"desktop":{"background-color":"var(--ast-global-color-5)","background-image":"","background-repeat":"repeat","background-position":"center center","background-size":"auto","background-attachment":"scroll","background-type":"","background-media":"","overlay-type":"","overlay-color":"","overlay-opacity":"","overlay-gradient":""},"tablet":{"background-color":"var(--ast-global-color-5)","background-image":"","background-repeat":"repeat","background-position":"center center","background-size":"auto","background-attachment":"scroll","background-type":"","background-media":"","overlay-type":"","overlay-color":"","overlay-opacity":"","overlay-gradient":""},"mobile":{"background-color":"var(--ast-global-color-5)","background-image":"","background-repeat":"repeat","background-position":"center center","background-size":"auto","background-attachment":"scroll","background-type":"","background-media":"","overlay-type":"","overlay-color":"","overlay-opacity":"","overlay-gradient":""}},"footnotes":""},"class_list":["post-13978","page","type-page","status-publish","hentry"],"post_mailing_queue_ids":[],"_links":{"self":[{"href":"https:\/\/agora.xtec.cat\/iesgabrielamistral\/wp-json\/wp\/v2\/pages\/13978","targetHints":{"allow":["GET"]}}],"collection":[{"href":"https:\/\/agora.xtec.cat\/iesgabrielamistral\/wp-json\/wp\/v2\/pages"}],"about":[{"href":"https:\/\/agora.xtec.cat\/iesgabrielamistral\/wp-json\/wp\/v2\/types\/page"}],"author":[{"embeddable":true,"href":"https:\/\/agora.xtec.cat\/iesgabrielamistral\/wp-json\/wp\/v2\/users\/14"}],"replies":[{"embeddable":true,"href":"https:\/\/agora.xtec.cat\/iesgabrielamistral\/wp-json\/wp\/v2\/comments?post=13978"}],"version-history":[{"count":2,"href":"https:\/\/agora.xtec.cat\/iesgabrielamistral\/wp-json\/wp\/v2\/pages\/13978\/revisions"}],"predecessor-version":[{"id":14048,"href":"https:\/\/agora.xtec.cat\/iesgabrielamistral\/wp-json\/wp\/v2\/pages\/13978\/revisions\/14048"}],"up":[{"embeddable":true,"href":"https:\/\/agora.xtec.cat\/iesgabrielamistral\/wp-json\/wp\/v2\/pages\/3418"}],"wp:attachment":[{"href":"https:\/\/agora.xtec.cat\/iesgabrielamistral\/wp-json\/wp\/v2\/media?parent=13978"}],"curies":[{"name":"wp","href":"https:\/\/api.w.org\/{rel}","templated":true}]}}