{"id":12356,"date":"2021-05-10T18:51:23","date_gmt":"2021-05-10T16:51:23","guid":{"rendered":"https:\/\/agora.xtec.cat\/iesgabrielamistral\/?page_id=12356"},"modified":"2021-05-18T09:13:59","modified_gmt":"2021-05-18T07:13:59","slug":"preinscripcio-cfgs","status":"publish","type":"page","link":"https:\/\/agora.xtec.cat\/iesgabrielamistral\/preinscripcio-i-matricula-2\/preinscripcio-cfgs\/","title":{"rendered":"Preinscripci\u00f3 CFGS"},"content":{"rendered":"<p style=\"text-align: left;\" align=\"center\"><a href=\"https:\/\/agora.xtec.cat\/iesgabrielamistral\/wp-content\/uploads\/usu246\/2021\/05\/INFORMACI\u00d3-PREINSCRIPCI\u00d3-CFGS-2021-22.docx.pdf\">Full informatiu (en format PDF)<\/a><\/p>\n<p align=\"center\"><span style=\"color: #000000;\"><span style=\"font-family: Arial, serif;\"><span style=\"font-size: xx-large;\"><b>PREINSCRIPCI\u00d3 <\/b><\/span><\/span><\/span><span style=\"font-size: xx-large;\"><b>CICLES FORMATIUS GRAU SUPERIOR <\/b><\/span><span style=\"color: #000000;\"><span style=\"font-family: Arial, serif;\"><span style=\"font-size: xx-large;\"><b>CURS 2021-2022<\/b><\/span><\/span><\/span><\/p>\n<p align=\"justify\"><a name=\"_heading=h.30j0zll\"><\/a> <span style=\"color: #000000;\"><span style=\"font-family: Arial, serif;\"><span style=\"font-size: x-large;\"><b>Informaci\u00f3<\/b><\/span><\/span><\/span><\/p>\n<p align=\"justify\">-Institut Gabriela Mistral: 08053340<\/p>\n<ul>\n<li>\n<p align=\"justify\">Tel\u00e8fon 93 656 00 00<\/p>\n<\/li>\n<li>\n<p align=\"justify\"><a href=\"mailto:preinscripcio@insgabrielamistral.cat\"><span style=\"color: #1155cc;\"><u>preinscripcio@insgabrielamistral.cat<\/u><\/span><\/a><\/p>\n<\/li>\n<li>\n<p align=\"justify\">Cita pr\u00e8via: davant de dificultats inform\u00e0tiques o dubtes rellevants, demaneu cita pr\u00e8via al tel\u00e8fon del centre. No s\u2019hi pot accedir sense cita pr\u00e8via.<\/p>\n<\/li>\n<\/ul>\n<p align=\"justify\">-Ajuntament de Sant Vicen\u00e7:<\/p>\n<ul>\n<li>\n<p align=\"justify\"><a href=\"http:\/\/www.svh.cat\/ajuntament-seu-electronica\/siac-servei-integral-datencio-ciutadana\/\"><span style=\"color: #1155cc;\"><u>Servei d\u2019Informaci\u00f3 i Atenci\u00f3 al Ciutad\u00e0 (SIAC)<\/u><\/span><\/a><\/p>\n<\/li>\n<\/ul>\n<p align=\"justify\">Tel\u00e8fon: 900 111 656<\/p>\n<p align=\"justify\">-Departament d\u2019Educaci\u00f3:<\/p>\n<ul>\n<li>\n<p align=\"justify\"><a name=\"_heading=h.1fob9te\"><\/a> Informaci\u00f3 i sol\u00b7licitud:<a href=\"https:\/\/preinscripcio.gencat.cat\/ca\/estudis\/fp-grau-superior\/inici\/\"><span style=\"color: #1155cc;\"><u>Web del Departament d&#8217;Educaci\u00f3<\/u><\/span><\/a><\/p>\n<\/li>\n<\/ul>\n<p align=\"justify\"><a name=\"_heading=h.3znysh7\"><\/a> <span style=\"color: #000000;\"><span style=\"font-family: Arial, serif;\"><span style=\"font-size: x-large;\"><b>Dates importants<\/b><\/span><\/span><\/span><\/p>\n<p align=\"justify\">Preinscripci\u00f3 batxillerat<b> del 25 al 31 de maig<\/b><\/p>\n<p align=\"justify\">(Fins l\u20191 de juny per adjuntar documentaci\u00f3 acreditativa)<\/p>\n<p align=\"justify\"><a name=\"_heading=h.89rg21x0mxyv\"><\/a> <span style=\"color: #000000;\"><span style=\"font-family: Arial, serif;\"><span style=\"font-size: x-large;\"><b>Com fer la preinscripci\u00f3?<\/b><\/span><\/span><\/span><\/p>\n<ul>\n<li>\n<p align=\"justify\"><a name=\"_heading=h.gvzkai31psh9\"><\/a> Es necessita ordinador, tauleta o tel\u00e8fon m\u00f2bil amb connexi\u00f3 a Internet. Et caldr\u00e0 un dispositiu electr\u00f2nic amb connexi\u00f3 a Internet perqu\u00e8 aquest any la preinscripci\u00f3 es fa del tot en l\u00ednia.<\/p>\n<\/li>\n<li>\n<p align=\"justify\"><a name=\"_heading=h.w5st5wgb9zox\"><\/a> Hi ha dos tipus de preinscripci\u00f3:<\/p>\n<\/li>\n<\/ul>\n<p align=\"justify\"><a name=\"_heading=h.4hfligsmzbzx\"><\/a> 1.Preinscripci\u00f3 telem\u00e0tica: Sol\u00b7licitud mitjan\u00e7ant <b>FORMULARI ELECTR\u00d2NIC<\/b> <span style=\"color: #ff0000;\">(RECOMANADA, NO CAL ADJUNTAR DOCUMENTACI\u00d3)<\/span><\/p>\n<p align=\"justify\">2.Preinscripci\u00f3 amb suport inform\u00e0tic: Sol\u00b7licitud mitjan\u00e7ant <b>FORMULARI EN SUPORT INFORM\u00c0TIC<\/b> <span style=\"color: #ff0000;\">( REQUEREIX ADJUNTAR DOCUMENTACI\u00d3)<\/span><\/p>\n<p align=\"justify\"><b>1. SOL\u00b7LICITUD FORMULARI EN SUPORT ELECTR\u00d2NIC<\/b><\/p>\n<ol>\n<li style=\"list-style-type: none;\">\n<ol>\n<li>\n<p align=\"justify\">Ves a l&#8217;apartat Preinscripci\u00f3 del web del Departament d&#8217;Educaci\u00f3 de la Generalitat de Catalunya i escull el formulari en format electr\u00f2nic.<\/p>\n<\/li>\n<\/ol>\n<\/li>\n<\/ol>\n<p style=\"padding-left: 40px;\" align=\"justify\">La persona que faci el tr\u00e0mit en format electr\u00f2nic cal que tingui una eina d&#8217;identificaci\u00f3 digital com el DNI electr\u00f2nic, la T-CAT, el sistema Cl@ve o l&#8217;idCAT M\u00f2bil. Si no es t\u00e9 aquesta eina es pot presentar la sol\u00b7licitud en format inform\u00e0tic (2n sup\u00f2sit).<\/p>\n<ul>\n<li style=\"list-style-type: none;\">\n<ul>\n<li>\n<p align=\"justify\"><b>OBTENCI\u00d3 CERTIFICAT AMB L\u2019idCAT M\u00d2BIL<\/b>:<\/p>\n<\/li>\n<\/ul>\n<\/li>\n<\/ul>\n<p style=\"padding-left: 40px;\" align=\"justify\">Accediu a l\u2019adre\u00e7a <a href=\"https:\/\/idcatmobil.seu.cat\/\"><u>idCAT M\u00f2bil<\/u><\/a> i hi trobareu les instruccions pas a pas de com fer-ho.<\/p>\n<p style=\"padding-left: 40px;\" align=\"justify\"><u>Per utilitzar l\u2019idCAT M\u00f2bil nom\u00e9s cal:<\/u><\/p>\n<p style=\"padding-left: 40px;\" align=\"justify\">\u25cf Ser major de 16 anys<\/p>\n<p style=\"padding-left: 40px;\" align=\"justify\">\u25cf Disposar de DNI\/NIE\/Passaport\/Doc identificador d\u2019un pa\u00eds de la UE o targeta de resid\u00e8ncia comunit\u00e0ria<\/p>\n<p style=\"padding-left: 40px;\" align=\"justify\">\u25cf Disposar d\u2019adre\u00e7a de correu electr\u00f2nic i un tel\u00e8fon m\u00f2bil a efectes d\u2019identificaci\u00f3 i contacte<\/p>\n<p style=\"padding-left: 40px;\" align=\"justify\">\u25cf Targeta sanit\u00e0ria per a la teva identificaci\u00f3<\/p>\n<p style=\"padding-left: 40px;\" align=\"justify\">Tot seguit es rep un missatge al tel\u00e8fon, que cont\u00e9 una clau d\u2019acc\u00e9s per introduir-la en el web, en aquest cas, al tr\u00e0mit de sol\u00b7licitud de preinscripci\u00f3.<\/p>\n<ul>\n<li style=\"list-style-type: none;\">\n<ul>\n<li>\n<p align=\"justify\">Ara que tenim la clau d\u2019acc\u00e9s anem a la <a href=\"http:\/\/educacio.gencat.cat\/ca\/tramits\/tramits-temes\/9418-FP-grau-superior?category=74447ed8-a82c-11e3-a972-000c29052e2c&amp;moda=1\"><span style=\"color: #1155cc;\"><u>Sol\u00b7licitud de preinscripci\u00f3<\/u><\/span><\/a> Formulari electr\u00f2nic i introdu\u00efm la clau per accedir-hi.<\/p>\n<\/li>\n<\/ul>\n<\/li>\n<\/ul>\n<ol>\n<li style=\"list-style-type: none;\">\n<ol start=\"2\">\n<li>\n<p align=\"justify\">Introdueix el n\u00famero identificador de l&#8217;alumne, el RALC.<\/p>\n<\/li>\n<\/ol>\n<\/li>\n<\/ol>\n<p style=\"padding-left: 40px;\" align=\"justify\">Quan les sol\u00b7licituds de preinscripci\u00f3 es fan electr\u00f2nicament cal tenir preparat el codi identificador de l&#8217;alumne\/a. Aquest codi es pot consultar en aquest mateix web, en l&#8217;apartat <i>Consulta de l&#8217;identificador de l&#8217;alumne\/a<\/i>. <u>Per fer la consulta i obtenir el n\u00famero d&#8217;identificador, el pare, la mare o el tutor o la tutora legal que faci el tr\u00e0mit s&#8217;ha d&#8217;autenticar electr\u00f2nicament<\/u>. El portal sol\u00b7licita la data de naixement de l&#8217;alumne\/a i, un cop validada, mostra la informaci\u00f3 en pantalla. \u00c9s important verificar tamb\u00e9 que tota la informaci\u00f3 que hi apareix \u00e9s correcta. En cas contrari, cal sol\u00b7licitar una rectificaci\u00f3 de les dades.<\/p>\n<ol>\n<li style=\"list-style-type: none;\">\n<ol start=\"3\">\n<li>\n<p align=\"justify\">Obre el formulari de preinscripci\u00f3 i omple totes les dades personals que se&#8217;t demanin.<\/p>\n<\/li>\n<li>\n<p align=\"justify\">Indica el codi dels cicles als quals voleu accedir-hi. Trobareu els codis a la pestanya <i>Descripci\u00f3 de cada estudi<\/i>.<\/p>\n<\/li>\n<li>\n<p align=\"justify\">Indica el llistat ordenat de centres, cicles o torns als quals t&#8217;agradaria accedir-hi ordenats per ordre de prefer\u00e8ncia.<\/p>\n<\/li>\n<li>\n<p align=\"justify\">Especifica totes les circumst\u00e0ncies especials que acreditin la teva sol\u00b7licitud (resid\u00e8ncia habitual, si t\u00e9 alguna necessitat educativa espec\u00edfica&#8230;).<\/p>\n<\/li>\n<li>\n<p align=\"justify\">Adjunta tota la informaci\u00f3 escanejada o fotografiada que es requereixi.<\/p>\n<\/li>\n<li>\n<p align=\"justify\">Envia la sol\u00b7licitud de preinscripci\u00f3.<\/p>\n<\/li>\n<\/ol>\n<\/li>\n<\/ol>\n<p align=\"justify\"><b>2. SOL\u00b7LICITUD FORMULARI EN SUPORT INFORM\u00c0TIC:<\/b><\/p>\n<ol>\n<li style=\"list-style-type: none;\">\n<ol>\n<li>\n<p align=\"justify\">Ves a l&#8217;apartat <a href=\"http:\/\/educacio.gencat.cat\/ca\/tramits\/tramits-temes\/9418-FP-grau-superior?category=74447ed8-a82c-11e3-a972-000c29052e2c&amp;moda=1\"><span style=\"color: #1155cc;\"><u>Preinscripci\u00f3 del web del Departament d&#8217;Educaci\u00f3<\/u><\/span><\/a> de la Generalitat de Catalunya i escull el formulari en suport inform\u00e0tic.<\/p>\n<\/li>\n<li>\n<p align=\"justify\">Obre el formulari de preinscripci\u00f3 i omple totes les dades personals que se&#8217;t demanin.<\/p>\n<\/li>\n<\/ol>\n<\/li>\n<\/ol>\n<ul>\n<li style=\"list-style-type: none;\">\n<ul>\n<li>\n<p align=\"justify\">Documentaci\u00f3 identificativa. \u00c9s necess\u00e0ria quan l&#8217;alumne\/a no t\u00e9 el codi identificador o si la sol\u00b7licitud es fa en suport inform\u00e0tic: el llibre de fam\u00edlia i DNI del pare, la mare o el tutor o tutora que fa la gesti\u00f3 si l&#8217;alumne\/a \u00e9s menor. Si \u00e9s el cas, el passaport o document d&#8217;identitat d&#8217;un pa\u00eds membre de la Uni\u00f3 Europea. Si l&#8217;alumne\/a \u00e9s major d\u2019edat nom\u00e9s cal presentar el seu DNI. Cal escanejar o fotografiar aquesta documentaci\u00f3 i adjuntar-la.<\/p>\n<\/li>\n<\/ul>\n<\/li>\n<\/ul>\n<ol>\n<li style=\"list-style-type: none;\">\n<ol start=\"3\">\n<li>\n<p align=\"justify\">Indica el codi dels cicles als quals voleu accedir-hi. Trobareu els codis a la pestanya <i>Descripci\u00f3 de cada estudi<\/i>.<\/p>\n<\/li>\n<li>\n<p align=\"justify\">Indica el llistat ordenat de centres, cicles o torns als quals t&#8217;agradaria accedir-hi ordenats per ordre de prefer\u00e8ncia.<\/p>\n<\/li>\n<li>\n<p align=\"justify\">Especifica totes les circumst\u00e0ncies especials que acreditin la teva sol\u00b7licitud (resid\u00e8ncia habitual, si t\u00e9 alguna necessitat educativa espec\u00edfica&#8230;).<\/p>\n<\/li>\n<\/ol>\n<\/li>\n<\/ol>\n<p style=\"padding-left: 40px;\" align=\"justify\"><b>Documentaci\u00f3 de criteris de prioritat:<\/b> En general, nom\u00e9s cal adjuntar la documentaci\u00f3 acreditativa escanejada o fotografiada si no n&#8217;ha pogut obtenir o verificar la informaci\u00f3 a trav\u00e9s de la consulta autom\u00e0tica.<\/p>\n<ol>\n<li style=\"list-style-type: none;\">\n<ol start=\"6\">\n<li>\n<p align=\"justify\">Adjunta tota la informaci\u00f3 escanejada o fotografiada que es requereixi.<\/p>\n<\/li>\n<li>\n<p align=\"justify\">Envia la sol\u00b7licitud de preinscripci\u00f3.<\/p>\n<\/li>\n<\/ol>\n<\/li>\n<\/ol>\n<p align=\"justify\"><span style=\"font-size: large;\"><b>Documentaci\u00f3 acreditativa de l&#8217;expedient acad\u00e8mic.<\/b><\/span><\/p>\n<p align=\"justify\"><span style=\"color: #666666;\"><br \/>\n<\/span>Si es tracta d&#8217;alumnes que han finalitzat l&#8217;ESO a partir del curs 2017-2018 o estan cursant quart d&#8217;ESO actualment, no cal presentar cap acreditaci\u00f3 perqu\u00e8 s&#8217;obt\u00e9 autom\u00e0ticament del Departament d&#8217;Educaci\u00f3. En la resta de casos cal presentar:<\/p>\n<ul>\n<li>\n<p align=\"justify\">Els alumnes amb estudis de batxillerat LOGSE cal adjuntar una c\u00f2pia escanejada o fotografiada de les p\u00e0gines 22 i 23 del llibre de qualificacions.<\/p>\n<\/li>\n<li>\n<p align=\"justify\">Si es tracta d&#8217;estudis antics, cal anar a la p\u00e0gina 27 del llibre d&#8217;escolaritat d&#8217;ensenyament b\u00e0sic on apareix la qualificaci\u00f3 mitjana de l&#8217;etapa en forma num\u00e8rica.<\/p>\n<\/li>\n<li>\n<p align=\"justify\">Els alumnes que al\u00b7leguen un estudi estranger i aquest estudi no est\u00e0 homologat a Catalunya des l&#8217;any 2016:<br \/>\nCal adjuntar la credencial digitalitzada (escanejada o fotografiada per les dues cares) on consti l&#8217;homologaci\u00f3.<br \/>\nSi en la credencial no hi consta o b\u00e9 no s&#8217;ha resolt encara l&#8217;homologaci\u00f3, es pot demanar el c\u00e0lcul de la qualificaci\u00f3 mitjana al Departament d&#8217;Educaci\u00f3. (IMPORTANT: si no es demana aquest c\u00e0lcul al Departament o no es pot calcular dins el termini, es considera que \u00e9s un 5.)<br \/>\nSi l&#8217;alumne\/a encara no ha finalitzat aquests estudis en el moment de la preinscripci\u00f3 i per aix\u00f2 no s&#8217;ha pogut iniciar el tr\u00e0mit d&#8217;homologaci\u00f3:<br \/>\nEs pot presentar una declaraci\u00f3 responsable que t\u00e9 els mateixos efectes per al proc\u00e9s de preinscripci\u00f3 que la presentaci\u00f3 del volant de matr\u00edcula condicional, que acredita que s&#8217;ha iniciat l&#8217;expedient d&#8217;homologaci\u00f3. En aquest cas, la qualificaci\u00f3 es considera que \u00e9s un 5.<\/p>\n<\/li>\n<li>\n<p align=\"justify\">Alumnes que han realitzat proves d&#8217;acc\u00e9s:<\/p>\n<\/li>\n<\/ul>\n<ul>\n<li>\n<p align=\"justify\">Els alumnes que han superat la prova d&#8217;acc\u00e9s en convocat\u00f2ries de la Generalitat de Catalunya a partir de l&#8217;any 2011 no cal que presentin el certificat. El Departament obt\u00e9 la qualificaci\u00f3 de l&#8217;aplicaci\u00f3 de gesti\u00f3 de proves i es mostrar\u00e0 en la llista de sol\u00b7licituds de preinscripci\u00f3 al centre amb el barem provisional.<\/p>\n<\/li>\n<li>\n<p align=\"justify\">En el cas dels alumnes que han superat la prova d&#8217;acc\u00e9s en convocat\u00f2ries de la Generalitat de Catalunya anteriors al 2011 o en altres comunitats aut\u00f2nomes cal que adjuntin la certificaci\u00f3 d&#8217;haver-la superat digitalitzada (escanejada o fotografiada).<\/p>\n<\/li>\n<li>\n<p align=\"justify\">Les persones que han superat la prova d&#8217;acc\u00e9s a la universitat per a majors de 25 anys l&#8217;any actual cal que adjuntin una c\u00f2pia de la consulta dels resultats de la prova, escanejada o fotografiada per les dues cares (en el moment de la matr\u00edcula cal presentar al centre el certificat de superaci\u00f3 de la prova).<\/p>\n<\/li>\n<li>\n<p align=\"justify\">Les persones exemptes de la prova d&#8217;acc\u00e9s per haver superat les proves d&#8217;acc\u00e9s a la universitat per a majors de 40 o 45 anys han d&#8217;adjuntar a la sol\u00b7licitud de preinscripci\u00f3 el certificat de superaci\u00f3 d&#8217;aquesta prova.<\/p>\n<\/li>\n<\/ul>\n<p>&nbsp;<\/p>\n<p align=\"justify\"><span style=\"font-size: large;\"><b>Important<\/b><\/span><\/p>\n<ul>\n<li>\n<p align=\"justify\">Un cop enviada la sol\u00b7licitud de preinscripci\u00f3 rebr\u00e0s un resguard per correu electr\u00f2nic.<\/p>\n<\/li>\n<li>\n<p align=\"justify\"><b>No cal que presentis f\u00edsicament la preinscripci\u00f3 al centre.<\/b><\/p>\n<\/li>\n<li>\n<p align=\"justify\">Recorda: Nom\u00e9s es pot presentar una sol\u00b7licitud de preinscripci\u00f3 per alumne\/a.<\/p>\n<\/li>\n<li>\n<p align=\"justify\">Una vegada enviada la sol\u00b7licitud, en qualsevol dels dos formats, i durant el termini de presentaci\u00f3 de sol\u00b7licituds, es poden modificar les dades relatives als criteris de prioritat al\u00b7legats, aix\u00ed com els ensenyaments i centres sol\u00b7licitats, si cal.<\/p>\n<\/li>\n<li>\n<p align=\"justify\"><b>Documentaci\u00f3:<\/b><\/p>\n<\/li>\n<\/ul>\n<ul>\n<li>\n<p align=\"justify\">La documentaci\u00f3 s\u2019ha d\u2019adjuntar, escanejada o fotografiada, en la sol\u00b7licitud de preinscripci\u00f3 durant el termini de presentaci\u00f3 de documentaci\u00f3.<\/p>\n<\/li>\n<li>\n<p align=\"justify\">\u00c9s important que tingueu escanejada o fotografiada en el mateix dispositiu des d\u2019on fareu la sol\u00b7licitud tota aquella documentaci\u00f3 que hagueu de presentar adjunta, per tal de facilitar la finalitzaci\u00f3 del proc\u00e9s amb l\u2019adjunci\u00f3, si cal, de documentaci\u00f3 annexa.<\/p>\n<\/li>\n<\/ul>\n<ul>\n<li>\n<p align=\"justify\">Tota aquella documentaci\u00f3 acreditativa, i que no s\u2019hagi pogut validar, es podr\u00e0 adjuntar durant el per\u00edode de presentaci\u00f3 de documentaci\u00f3 (fins l\u20191 de juny).<\/p>\n<\/li>\n<\/ul>\n<p align=\"justify\">&#8211;<b>Persona sol\u00b7licitant:<\/b><\/p>\n<ul>\n<li>\n<p align=\"justify\">Cal indicar que la persona sol\u00b7licitant SEMPRE \u00e9s l\u2019alumne\/a, malgrat us identifiqueu amb un certificat digital d\u2019algun dels progenitors o tutors.<\/p>\n<\/li>\n<\/ul>\n","protected":false},"excerpt":{"rendered":"<p>Full informatiu (en format PDF) PREINSCRIPCI\u00d3 CICLES FORMATIUS GRAU SUPERIOR CURS 2021-2022 Informaci\u00f3 -Institut Gabriela Mistral: 08053340 Tel\u00e8fon 93 656 00 00 preinscripcio@insgabrielamistral.cat Cita pr\u00e8via: davant de dificultats inform\u00e0tiques o dubtes rellevants, demaneu cita pr\u00e8via al tel\u00e8fon del centre. No s\u2019hi pot accedir sense cita pr\u00e8via. -Ajuntament de Sant Vicen\u00e7: Servei d\u2019Informaci\u00f3 i Atenci\u00f3 al [&hellip;]<\/p>\n","protected":false},"author":9,"featured_media":0,"parent":12180,"menu_order":0,"comment_status":"closed","ping_status":"closed","template":"","meta":{"_bbp_topic_count":0,"_bbp_reply_count":0,"_bbp_total_topic_count":0,"_bbp_total_reply_count":0,"_bbp_voice_count":0,"_bbp_anonymous_reply_count":0,"_bbp_topic_count_hidden":0,"_bbp_reply_count_hidden":0,"_bbp_forum_subforum_count":0,"site-sidebar-layout":"default","site-content-layout":"","ast-site-content-layout":"","site-content-style":"default","site-sidebar-style":"default","ast-global-header-display":"","ast-banner-title-visibility":"","ast-main-header-display":"","ast-hfb-above-header-display":"","ast-hfb-below-header-display":"","ast-hfb-mobile-header-display":"","site-post-title":"","ast-breadcrumbs-content":"","ast-featured-img":"","footer-sml-layout":"","theme-transparent-header-meta":"","adv-header-id-meta":"","stick-header-meta":"","header-above-stick-meta":"","header-main-stick-meta":"","header-below-stick-meta":"","astra-migrate-meta-layouts":"default","ast-page-background-enabled":"default","ast-page-background-meta":{"desktop":{"background-color":"var(--ast-global-color-4)","background-image":"","background-repeat":"repeat","background-position":"center center","background-size":"auto","background-attachment":"scroll","background-type":"","background-media":"","overlay-type":"","overlay-color":"","overlay-opacity":"","overlay-gradient":""},"tablet":{"background-color":"","background-image":"","background-repeat":"repeat","background-position":"center center","background-size":"auto","background-attachment":"scroll","background-type":"","background-media":"","overlay-type":"","overlay-color":"","overlay-opacity":"","overlay-gradient":""},"mobile":{"background-color":"","background-image":"","background-repeat":"repeat","background-position":"center center","background-size":"auto","background-attachment":"scroll","background-type":"","background-media":"","overlay-type":"","overlay-color":"","overlay-opacity":"","overlay-gradient":""}},"ast-content-background-meta":{"desktop":{"background-color":"var(--ast-global-color-5)","background-image":"","background-repeat":"repeat","background-position":"center center","background-size":"auto","background-attachment":"scroll","background-type":"","background-media":"","overlay-type":"","overlay-color":"","overlay-opacity":"","overlay-gradient":""},"tablet":{"background-color":"var(--ast-global-color-5)","background-image":"","background-repeat":"repeat","background-position":"center center","background-size":"auto","background-attachment":"scroll","background-type":"","background-media":"","overlay-type":"","overlay-color":"","overlay-opacity":"","overlay-gradient":""},"mobile":{"background-color":"var(--ast-global-color-5)","background-image":"","background-repeat":"repeat","background-position":"center center","background-size":"auto","background-attachment":"scroll","background-type":"","background-media":"","overlay-type":"","overlay-color":"","overlay-opacity":"","overlay-gradient":""}},"footnotes":""},"class_list":["post-12356","page","type-page","status-publish","hentry"],"post_mailing_queue_ids":[],"_links":{"self":[{"href":"https:\/\/agora.xtec.cat\/iesgabrielamistral\/wp-json\/wp\/v2\/pages\/12356","targetHints":{"allow":["GET"]}}],"collection":[{"href":"https:\/\/agora.xtec.cat\/iesgabrielamistral\/wp-json\/wp\/v2\/pages"}],"about":[{"href":"https:\/\/agora.xtec.cat\/iesgabrielamistral\/wp-json\/wp\/v2\/types\/page"}],"author":[{"embeddable":true,"href":"https:\/\/agora.xtec.cat\/iesgabrielamistral\/wp-json\/wp\/v2\/users\/9"}],"replies":[{"embeddable":true,"href":"https:\/\/agora.xtec.cat\/iesgabrielamistral\/wp-json\/wp\/v2\/comments?post=12356"}],"version-history":[{"count":2,"href":"https:\/\/agora.xtec.cat\/iesgabrielamistral\/wp-json\/wp\/v2\/pages\/12356\/revisions"}],"predecessor-version":[{"id":12446,"href":"https:\/\/agora.xtec.cat\/iesgabrielamistral\/wp-json\/wp\/v2\/pages\/12356\/revisions\/12446"}],"up":[{"embeddable":true,"href":"https:\/\/agora.xtec.cat\/iesgabrielamistral\/wp-json\/wp\/v2\/pages\/12180"}],"wp:attachment":[{"href":"https:\/\/agora.xtec.cat\/iesgabrielamistral\/wp-json\/wp\/v2\/media?parent=12356"}],"curies":[{"name":"wp","href":"https:\/\/api.w.org\/{rel}","templated":true}]}}