{"id":2514,"date":"2025-01-20T08:55:54","date_gmt":"2025-01-20T07:55:54","guid":{"rendered":"https:\/\/agora.xtec.cat\/iesfrontmaritim\/?page_id=2514"},"modified":"2026-01-27T11:07:34","modified_gmt":"2026-01-27T10:07:34","slug":"departaments-i-professorat","status":"publish","type":"page","link":"https:\/\/agora.xtec.cat\/iesfrontmaritim\/departaments-i-professorat\/","title":{"rendered":"Professorat del centre per departaments curs 25-26"},"content":{"rendered":"<h2><span style=\"font-weight: 400;\">Departament de Ci\u00e8ncies de la Natura\/Experimentals<\/span><\/h2>\n<h3><span style=\"font-weight: 400;\">Seminari de Biologia i Geologia<\/span><\/h3>\n<p><span style=\"font-weight: 400;\">Max Solana<\/span><\/p>\n<p><span style=\"font-weight: 400;\">Ester Kirkiacharian\u00a0<\/span><\/p>\n<p><span style=\"font-weight: 400;\">Rosa Maria Llusi\u00e0<\/span><\/p>\n<h3><span style=\"font-weight: 400;\">Seminari de F\u00edsica i Qu\u00edmica<\/span><\/h3>\n<p><span style=\"font-weight: 400;\">Daniel Sol\u00e9<\/span><\/p>\n<p><span style=\"font-weight: 400;\">Eva Pall\u00e0s<\/span><\/p>\n<p><span style=\"font-weight: 400;\">Heura Gusp\u00ed<\/span><\/p>\n<p>Anna Molas<\/p>\n<p><span style=\"font-weight: 400;\">Pere Franch<\/span><\/p>\n<p>Olga Silva<\/p>\n<h2><span style=\"font-weight: 400;\">Departament de Tecnologia<\/span><\/h2>\n<p><span style=\"font-weight: 400;\">Miquel Llar\u00e0s<\/span><\/p>\n<p><span style=\"font-weight: 400;\">Hasdr\u00fabal Climent\u00a0<\/span><\/p>\n<p><span style=\"font-weight: 400;\">Maria Villar<\/span><\/p>\n<p>Queralt Valls<\/p>\n<h2><span style=\"font-weight: 400;\">Departament de Matem\u00e0tiques<\/span><\/h2>\n<p><span style=\"font-weight: 400;\">Ilde Oc\u00f3n<\/span><\/p>\n<p><span style=\"font-weight: 400;\">J\u00falia Moreno<\/span><\/p>\n<p><span style=\"font-weight: 400;\">N\u00faria Mira<\/span><\/p>\n<p><span style=\"font-weight: 400;\">Sergi Dom\u00e8nech<\/span><\/p>\n<p><span style=\"font-weight: 400;\">Miguel \u00c1ngel Gallego<\/span><\/p>\n<p><span style=\"font-weight: 400;\">Mar\u00e7al Ricoma<\/span><\/p>\n<h2><span style=\"font-weight: 400;\">Departament de Llengua Catalana i Literatura<\/span><\/h2>\n<p><span style=\"font-weight: 400;\">Raquel Aznar<\/span><\/p>\n<p><span style=\"font-weight: 400;\">Maria Jes\u00fas Sendra<\/span><\/p>\n<p><span style=\"font-weight: 400;\">Marta Mosella<\/span><\/p>\n<p><span style=\"font-weight: 400;\">Esther Bori<\/span><\/p>\n<p><span style=\"font-weight: 400;\">Anna Barreda<\/span><\/p>\n<p><span style=\"font-weight: 400;\">Joan Xanc\u00f3<\/span><\/p>\n<p>&nbsp;<\/p>\n<h2><span style=\"font-weight: 400;\">Departament de Llengua Castellana i Literatura<\/span><\/h2>\n<p><span style=\"font-weight: 400;\">Marisa Moya<\/span><\/p>\n<p><span style=\"font-weight: 400;\">Miquel Bainat<\/span><\/p>\n<p><span style=\"font-weight: 400;\">Milagros Arano<\/span><\/p>\n<p><span style=\"font-weight: 400;\">Alejandra Torres<\/span><\/p>\n<p><span style=\"font-weight: 400;\">Meriem Lahboub<\/span><\/p>\n<p>&nbsp;<\/p>\n<h2><span style=\"font-weight: 400;\">Departament de Lleng\u00fces Estrangeres<\/span><\/h2>\n<h3><span style=\"font-weight: 400;\">Angl\u00e8s<\/span><\/h3>\n<p><span style=\"font-weight: 400;\">Maria Llu\u00efsa Espinosa<\/span><\/p>\n<p><span style=\"font-weight: 400;\">Susanna Roig<\/span><\/p>\n<p><span style=\"font-weight: 400;\">Margarita Catal\u00e0<\/span><\/p>\n<p><span style=\"font-weight: 400;\">Roberto Adrada<\/span><\/p>\n<p><span style=\"font-weight: 400;\">Margarida S\u00e0nchez<\/span><\/p>\n<h3><span style=\"font-weight: 400;\">Franc\u00e8s<\/span><\/h3>\n<p><span style=\"font-weight: 400;\">Sandra Pla<\/span><\/p>\n<h2><span style=\"font-weight: 400;\">Departament d\u00b4Educaci\u00f3 Visual i Pl\u00e0stica<\/span><\/h2>\n<p><span style=\"font-weight: 400;\">Eul\u00e0lia Masclans<\/span><\/p>\n<p><span style=\"font-weight: 400;\">David G\u00e1zquez\u00a0<\/span><\/p>\n<h2><span style=\"font-weight: 400;\">Departament d\u00b4Educaci\u00f3 F\u00edsica<\/span><\/h2>\n<p><span style=\"font-weight: 400;\">Imma Trull\u00e0s<\/span><\/p>\n<p><span style=\"font-weight: 400;\">Antoni Trujols<\/span><\/p>\n<p><span style=\"font-weight: 400;\">Josep Fidel<\/span><\/p>\n<h2><span style=\"font-weight: 400;\">Departament de M\u00fasica<\/span><\/h2>\n<p><span style=\"font-weight: 400;\">Mariona Font<\/span><\/p>\n<h2><span style=\"font-weight: 400;\">Departament de Ci\u00e8ncies Socials<\/span><\/h2>\n<p><span style=\"font-weight: 400;\">Francesc X. S\u00e1nchez<\/span><\/p>\n<p><span style=\"font-weight: 400;\">Pau Esqu\u00e9<\/span><\/p>\n<p><span style=\"font-weight: 400;\">Antoni S\u00e0nchez\u00a0<\/span><\/p>\n<p><span style=\"font-weight: 400;\">Joan Centelles<\/span><\/p>\n<p><span style=\"font-weight: 400;\">David Dom\u00ednguez<\/span><\/p>\n<p><span style=\"font-weight: 400;\">Miguel Chico<\/span><\/p>\n<h3><span style=\"font-weight: 400;\">Seminari d\u2019Economia<\/span><\/h3>\n<p><span style=\"font-weight: 400;\">Lu\u00eds Arguedas<\/span><\/p>\n<p><span style=\"font-weight: 400;\">Vicent Baldov\u00ed<\/span><\/p>\n<h3><span style=\"font-weight: 400;\">Seminari de Filosofia<\/span><\/h3>\n<p><span style=\"font-weight: 400;\">Andrea Mart\u00ednez<\/span><\/p>\n<h3><span style=\"font-weight: 400;\">Seminari de Religi\u00f3<\/span><\/h3>\n<p><span style=\"font-weight: 400;\">Dani Sard\u00e0<\/span><\/p>\n<h2><span style=\"font-weight: 400;\">Departament d\u00b4Orientaci\u00f3 Educativa\/ Psicopedag\u00f2gica<\/span><\/h2>\n<p><span style=\"font-weight: 400;\">Xavi Bastos<\/span><\/p>\n","protected":false},"excerpt":{"rendered":"<p>Departament de Ci\u00e8ncies de la Natura\/Experimentals Seminari de Biologia i Geologia Max Solana Ester Kirkiacharian\u00a0 Rosa Maria Llusi\u00e0 Seminari de F\u00edsica i Qu\u00edmica Daniel Sol\u00e9 Eva Pall\u00e0s Heura Gusp\u00ed Anna Molas Pere Franch Olga Silva Departament de Tecnologia Miquel Llar\u00e0s Hasdr\u00fabal Climent\u00a0 Maria Villar Queralt Valls Departament de Matem\u00e0tiques Ilde Oc\u00f3n J\u00falia Moreno N\u00faria Mira [&hellip;]<\/p>\n","protected":false},"author":1,"featured_media":0,"parent":0,"menu_order":0,"comment_status":"closed","ping_status":"closed","template":"","meta":{"_bbp_topic_count":0,"_bbp_reply_count":0,"_bbp_total_topic_count":0,"_bbp_total_reply_count":0,"_bbp_voice_count":0,"_bbp_anonymous_reply_count":0,"_bbp_topic_count_hidden":0,"_bbp_reply_count_hidden":0,"_bbp_forum_subforum_count":0,"site-sidebar-layout":"default","site-content-layout":"","ast-site-content-layout":"","site-content-style":"default","site-sidebar-style":"default","ast-global-header-display":"","ast-banner-title-visibility":"","ast-main-header-display":"","ast-hfb-above-header-display":"","ast-hfb-below-header-display":"","ast-hfb-mobile-header-display":"","site-post-title":"","ast-breadcrumbs-content":"","ast-featured-img":"","footer-sml-layout":"","theme-transparent-header-meta":"","adv-header-id-meta":"","stick-header-meta":"","header-above-stick-meta":"","header-main-stick-meta":"","header-below-stick-meta":"","astra-migrate-meta-layouts":"default","ast-page-background-enabled":"default","ast-page-background-meta":{"desktop":{"background-color":"var(--ast-global-color-4)","background-image":"","background-repeat":"repeat","background-position":"center center","background-size":"auto","background-attachment":"scroll","background-type":"","background-media":"","overlay-type":"","overlay-color":"","overlay-opacity":"","overlay-gradient":""},"tablet":{"background-color":"","background-image":"","background-repeat":"repeat","background-position":"center center","background-size":"auto","background-attachment":"scroll","background-type":"","background-media":"","overlay-type":"","overlay-color":"","overlay-opacity":"","overlay-gradient":""},"mobile":{"background-color":"","background-image":"","background-repeat":"repeat","background-position":"center center","background-size":"auto","background-attachment":"scroll","background-type":"","background-media":"","overlay-type":"","overlay-color":"","overlay-opacity":"","overlay-gradient":""}},"ast-content-background-meta":{"desktop":{"background-color":"var(--ast-global-color-5)","background-image":"","background-repeat":"repeat","background-position":"center center","background-size":"auto","background-attachment":"scroll","background-type":"","background-media":"","overlay-type":"","overlay-color":"","overlay-opacity":"","overlay-gradient":""},"tablet":{"background-color":"var(--ast-global-color-5)","background-image":"","background-repeat":"repeat","background-position":"center center","background-size":"auto","background-attachment":"scroll","background-type":"","background-media":"","overlay-type":"","overlay-color":"","overlay-opacity":"","overlay-gradient":""},"mobile":{"background-color":"var(--ast-global-color-5)","background-image":"","background-repeat":"repeat","background-position":"center center","background-size":"auto","background-attachment":"scroll","background-type":"","background-media":"","overlay-type":"","overlay-color":"","overlay-opacity":"","overlay-gradient":""}},"footnotes":""},"class_list":["post-2514","page","type-page","status-publish","hentry"],"post_mailing_queue_ids":[],"_links":{"self":[{"href":"https:\/\/agora.xtec.cat\/iesfrontmaritim\/wp-json\/wp\/v2\/pages\/2514","targetHints":{"allow":["GET"]}}],"collection":[{"href":"https:\/\/agora.xtec.cat\/iesfrontmaritim\/wp-json\/wp\/v2\/pages"}],"about":[{"href":"https:\/\/agora.xtec.cat\/iesfrontmaritim\/wp-json\/wp\/v2\/types\/page"}],"author":[{"embeddable":true,"href":"https:\/\/agora.xtec.cat\/iesfrontmaritim\/wp-json\/wp\/v2\/users\/1"}],"replies":[{"embeddable":true,"href":"https:\/\/agora.xtec.cat\/iesfrontmaritim\/wp-json\/wp\/v2\/comments?post=2514"}],"version-history":[{"count":6,"href":"https:\/\/agora.xtec.cat\/iesfrontmaritim\/wp-json\/wp\/v2\/pages\/2514\/revisions"}],"predecessor-version":[{"id":2993,"href":"https:\/\/agora.xtec.cat\/iesfrontmaritim\/wp-json\/wp\/v2\/pages\/2514\/revisions\/2993"}],"wp:attachment":[{"href":"https:\/\/agora.xtec.cat\/iesfrontmaritim\/wp-json\/wp\/v2\/media?parent=2514"}],"curies":[{"name":"wp","href":"https:\/\/api.w.org\/{rel}","templated":true}]}}