{"id":597,"date":"2017-01-12T09:45:42","date_gmt":"2017-01-12T08:45:42","guid":{"rendered":"http:\/\/agora.xtec.cat\/iesfredericmarti\/?page_id=597"},"modified":"2025-07-01T09:28:43","modified_gmt":"2025-07-01T07:28:43","slug":"informacions-per-a-lalumnat","status":"publish","type":"page","link":"https:\/\/agora.xtec.cat\/iesfredericmarti\/serveis\/informacions-per-a-lalumnat\/","title":{"rendered":"Informacions i documents per a l&#8217;alumnat"},"content":{"rendered":"<h3>Materials curs 2025-26<a href=\"http:\/\/agora.xtec.cat\/iesfredericmarti\/wp-content\/uploads\/usu920\/2017\/01\/baixa.jpg\"><img loading=\"lazy\" decoding=\"async\" class=\"wp-image-1168 alignright\" src=\"http:\/\/agora.xtec.cat\/iesfredericmarti\/wp-content\/uploads\/usu920\/2017\/01\/baixa.jpg\" alt=\"baixa\" width=\"275\" height=\"297\" \/><\/a><\/h3>\n<ul>\n<li>\n<h5>ESO<\/h5>\n<ul>\n<li><a href=\"https:\/\/agora.xtec.cat\/iesfredericmarti\/wp-content\/uploads\/usu920\/2024\/06\/Materials-ESO-2024-25.pdf\">Material per comprar ESO curs 25-26<\/a><\/li>\n<\/ul>\n<\/li>\n<\/ul>\n<p><a href=\"https:\/\/agora.xtec.cat\/iesfredericmarti\/wp-content\/uploads\/usu920\/2024\/06\/Materials-ESO-2024-25.pdf\"><img loading=\"lazy\" decoding=\"async\" class=\"wp-image-8369 alignnone\" src=\"https:\/\/agora.xtec.cat\/iesfredericmarti\/wp-content\/uploads\/usu920\/2024\/06\/Materials-ESO-2024-25-724x1024.jpg\" alt=\"\" width=\"300\" height=\"425\" srcset=\"https:\/\/agora.xtec.cat\/iesfredericmarti\/wp-content\/uploads\/usu920\/2024\/06\/Materials-ESO-2024-25-724x1024.jpg 724w, https:\/\/agora.xtec.cat\/iesfredericmarti\/wp-content\/uploads\/usu920\/2024\/06\/Materials-ESO-2024-25-212x300.jpg 212w, https:\/\/agora.xtec.cat\/iesfredericmarti\/wp-content\/uploads\/usu920\/2024\/06\/Materials-ESO-2024-25-768x1086.jpg 768w, https:\/\/agora.xtec.cat\/iesfredericmarti\/wp-content\/uploads\/usu920\/2024\/06\/Materials-ESO-2024-25-1086x1536.jpg 1086w, https:\/\/agora.xtec.cat\/iesfredericmarti\/wp-content\/uploads\/usu920\/2024\/06\/Materials-ESO-2024-25-1448x2048.jpg 1448w, https:\/\/agora.xtec.cat\/iesfredericmarti\/wp-content\/uploads\/usu920\/2024\/06\/Materials-ESO-2024-25.jpg 1587w\" sizes=\"auto, (max-width: 300px) 100vw, 300px\" \/><\/a><\/p>\n<h3>Llibres i material curs 2025-26<\/h3>\n<p>ESO<\/p>\n<p><a href=\"https:\/\/agora.xtec.cat\/iesfredericmarti\/wp-content\/uploads\/usu920\/2025\/07\/Llibres-i-material-Curs-25-26.pdf\" target=\"_blank\" rel=\"noopener\">Llibres i material ESO curs 25-26<\/a><\/p>\n<p><a href=\"https:\/\/agora.xtec.cat\/iesfredericmarti\/wp-content\/uploads\/usu920\/2025\/07\/Llibres-i-material-Curs-25-26.pdf\" target=\"_blank\" rel=\"noopener\"><img loading=\"lazy\" decoding=\"async\" class=\"alignleft wp-image-9570 size-medium\" src=\"https:\/\/agora.xtec.cat\/iesfredericmarti\/wp-content\/uploads\/usu920\/2025\/07\/llibres_eso_25-26-209x300.png\" alt=\"\" width=\"209\" height=\"300\" srcset=\"https:\/\/agora.xtec.cat\/iesfredericmarti\/wp-content\/uploads\/usu920\/2025\/07\/llibres_eso_25-26-209x300.png 209w, https:\/\/agora.xtec.cat\/iesfredericmarti\/wp-content\/uploads\/usu920\/2025\/07\/llibres_eso_25-26.png 660w\" sizes=\"auto, (max-width: 209px) 100vw, 209px\" \/><\/a><\/p>\n<p>&nbsp;<\/p>\n<p>&nbsp;<\/p>\n<p>&nbsp;<\/p>\n<p>&nbsp;<\/p>\n<p>&nbsp;<\/p>\n<p>&nbsp;<\/p>\n<p>&nbsp;<\/p>\n<p>&nbsp;<\/p>\n<p>BATXILLERAT<\/p>\n<p><a href=\"https:\/\/agora.xtec.cat\/iesfredericmarti\/wp-content\/uploads\/usu920\/2025\/07\/Llibres-i-material-Curs-25-26.pdf\" target=\"_blank\" rel=\"noopener\">Llibres i material BATXILLERAT curs 25-26<\/a><\/p>\n<p><a href=\"https:\/\/agora.xtec.cat\/iesfredericmarti\/wp-content\/uploads\/usu920\/2025\/07\/Llibres-i-material-Curs-25-26.pdf\" target=\"_blank\" rel=\"noopener\"><img loading=\"lazy\" decoding=\"async\" class=\"alignnone wp-image-9572 size-medium\" src=\"https:\/\/agora.xtec.cat\/iesfredericmarti\/wp-content\/uploads\/usu920\/2025\/07\/llibres_bat_25-26-209x300.png\" alt=\"\" width=\"209\" height=\"300\" srcset=\"https:\/\/agora.xtec.cat\/iesfredericmarti\/wp-content\/uploads\/usu920\/2025\/07\/llibres_bat_25-26-209x300.png 209w, https:\/\/agora.xtec.cat\/iesfredericmarti\/wp-content\/uploads\/usu920\/2025\/07\/llibres_bat_25-26.png 662w\" sizes=\"auto, (max-width: 209px) 100vw, 209px\" \/><\/a><\/p>\n<h3><\/h3>\n<h3><a href=\"https:\/\/agora.xtec.cat\/iesfredericmarti\/serveis\/informacions-per-a-lalumnat\/batxillerat-reutilitzacio-de-llibres-de-text-i-lectures\/\">Batxillerat: Informaci\u00f3 reutilitzaci\u00f3 de llibres de text i lectures (Iddink)<\/a><\/h3>\n<h3><a href=\"https:\/\/agora.xtec.cat\/iesfredericmarti\/serveis\/informacions-per-a-lalumnat\/criteris-davaluacio-qualificacio-curs-2022-23\/\">Criteris d&#8217;avaluaci\u00f3\/qualificaci\u00f3 curs 2022-23<\/a><\/h3>\n<h3>Criteris d&#8217;avaluaci\u00f3 proves GESO<\/h3>\n<ul>\n<li><a href=\"http:\/\/agora.xtec.cat\/iesfredericmarti\/general\/continguts-criteris-davaluacio-i-calendari-proves-geso-2020\/\">PROVES GESO 2020<\/a><\/li>\n<li><a href=\"https:\/\/agora.xtec.cat\/iesfredericmarti\/docs\/proves-geso-criteris-davaluacio-siei\/?bp-attachment=Prova-GESO-continguts-i-criters-avalauci%C3%B3-SIEI-2018-2019.pdf\">SIEI<\/a><\/li>\n<\/ul>\n<h3><a href=\"https:\/\/www.educacionyfp.gob.es\/servicios-al-ciudadano\/catalogo\/general\/05\/050130\/ficha\/050130-2024.html\">Beques del Ministerio de Educaci\u00f3n, de Formaci\u00f3n Profesional y Deporte (MECD)<\/a><\/h3>\n<p style=\"font-weight: 400;\">Us informem que s&#8217;ha obert el per\u00edode per sol\u00b7licitar una beca pel curs vinent per estudis postobligatoris. El per\u00edode per poder fer la sol\u00b7licitud \u00e9s del 19 de mar\u00e7 al 10 de maig.<\/p>\n<p style=\"font-weight: 400;\">Si necessiteu ajuda o informaci\u00f3 de com tramitar la beca, podeu demanar cita a l&#8217;Oficina Jove del Baix Empord\u00e0.<\/p>\n<p style=\"font-weight: 400;\">L&#8217;adre\u00e7a on trobareu tota la informaci\u00f3 \u00e9s:\u00a0<a href=\"https:\/\/www.educacionyfp.gob.es\/servicios-al-ciudadano\/catalogo\/general\/05\/050130\/ficha\/050130-2024.html\" data-saferedirecturl=\"https:\/\/www.google.com\/url?q=https:\/\/www.educacionyfp.gob.es\/servicios-al-ciudadano\/catalogo\/general\/05\/050130\/ficha\/050130-2024.html&amp;source=gmail&amp;ust=1711095474568000&amp;usg=AOvVaw0sZhxYqoGroaVMXhbv4WAo\">Becas Ministerio de Educaci\u00f3n.<\/a><\/p>\n<h3><a href=\"https:\/\/www.baixemporda.cat\/ca\/carta-de-serveis\/ensenyament\/rutes-transport-escolar\/institut-frederic-marti-carreras\/\">Informaci\u00f3 sobre el transport escolar<\/a><\/h3>\n","protected":false},"excerpt":{"rendered":"<p>Materials curs 2025-26 ESO Material per comprar ESO curs 25-26 Llibres i material curs 2025-26 ESO Llibres i material ESO curs 25-26 &nbsp; &nbsp; &nbsp; &nbsp; &nbsp; &nbsp; &nbsp; &nbsp; BATXILLERAT Llibres i material BATXILLERAT curs 25-26 Batxillerat: Informaci\u00f3 reutilitzaci\u00f3 de llibres de text i lectures (Iddink) Criteris d&#8217;avaluaci\u00f3\/qualificaci\u00f3 curs 2022-23 Criteris d&#8217;avaluaci\u00f3 proves GESO [&hellip;]<\/p>\n","protected":false},"author":1,"featured_media":0,"parent":63,"menu_order":0,"comment_status":"closed","ping_status":"closed","template":"page-templates\/side-menu.php","meta":{"_bbp_topic_count":0,"_bbp_reply_count":0,"_bbp_total_topic_count":0,"_bbp_total_reply_count":0,"_bbp_voice_count":0,"_bbp_anonymous_reply_count":0,"_bbp_topic_count_hidden":0,"_bbp_reply_count_hidden":0,"_bbp_forum_subforum_count":0,"site-sidebar-layout":"default","site-content-layout":"","ast-site-content-layout":"","site-content-style":"default","site-sidebar-style":"default","ast-global-header-display":"","ast-banner-title-visibility":"","ast-main-header-display":"","ast-hfb-above-header-display":"","ast-hfb-below-header-display":"","ast-hfb-mobile-header-display":"","site-post-title":"","ast-breadcrumbs-content":"","ast-featured-img":"","footer-sml-layout":"","theme-transparent-header-meta":"","adv-header-id-meta":"","stick-header-meta":"","header-above-stick-meta":"","header-main-stick-meta":"","header-below-stick-meta":"","astra-migrate-meta-layouts":"default","ast-page-background-enabled":"default","ast-page-background-meta":{"desktop":{"background-color":"var(--ast-global-color-4)","background-image":"","background-repeat":"repeat","background-position":"center center","background-size":"auto","background-attachment":"scroll","background-type":"","background-media":"","overlay-type":"","overlay-color":"","overlay-opacity":"","overlay-gradient":""},"tablet":{"background-color":"","background-image":"","background-repeat":"repeat","background-position":"center center","background-size":"auto","background-attachment":"scroll","background-type":"","background-media":"","overlay-type":"","overlay-color":"","overlay-opacity":"","overlay-gradient":""},"mobile":{"background-color":"","background-image":"","background-repeat":"repeat","background-position":"center center","background-size":"auto","background-attachment":"scroll","background-type":"","background-media":"","overlay-type":"","overlay-color":"","overlay-opacity":"","overlay-gradient":""}},"ast-content-background-meta":{"desktop":{"background-color":"var(--ast-global-color-5)","background-image":"","background-repeat":"repeat","background-position":"center center","background-size":"auto","background-attachment":"scroll","background-type":"","background-media":"","overlay-type":"","overlay-color":"","overlay-opacity":"","overlay-gradient":""},"tablet":{"background-color":"var(--ast-global-color-5)","background-image":"","background-repeat":"repeat","background-position":"center center","background-size":"auto","background-attachment":"scroll","background-type":"","background-media":"","overlay-type":"","overlay-color":"","overlay-opacity":"","overlay-gradient":""},"mobile":{"background-color":"var(--ast-global-color-5)","background-image":"","background-repeat":"repeat","background-position":"center center","background-size":"auto","background-attachment":"scroll","background-type":"","background-media":"","overlay-type":"","overlay-color":"","overlay-opacity":"","overlay-gradient":""}},"footnotes":""},"class_list":["post-597","page","type-page","status-publish","hentry"],"post_mailing_queue_ids":[],"_links":{"self":[{"href":"https:\/\/agora.xtec.cat\/iesfredericmarti\/wp-json\/wp\/v2\/pages\/597","targetHints":{"allow":["GET"]}}],"collection":[{"href":"https:\/\/agora.xtec.cat\/iesfredericmarti\/wp-json\/wp\/v2\/pages"}],"about":[{"href":"https:\/\/agora.xtec.cat\/iesfredericmarti\/wp-json\/wp\/v2\/types\/page"}],"author":[{"embeddable":true,"href":"https:\/\/agora.xtec.cat\/iesfredericmarti\/wp-json\/wp\/v2\/users\/1"}],"replies":[{"embeddable":true,"href":"https:\/\/agora.xtec.cat\/iesfredericmarti\/wp-json\/wp\/v2\/comments?post=597"}],"version-history":[{"count":5,"href":"https:\/\/agora.xtec.cat\/iesfredericmarti\/wp-json\/wp\/v2\/pages\/597\/revisions"}],"predecessor-version":[{"id":9576,"href":"https:\/\/agora.xtec.cat\/iesfredericmarti\/wp-json\/wp\/v2\/pages\/597\/revisions\/9576"}],"up":[{"embeddable":true,"href":"https:\/\/agora.xtec.cat\/iesfredericmarti\/wp-json\/wp\/v2\/pages\/63"}],"wp:attachment":[{"href":"https:\/\/agora.xtec.cat\/iesfredericmarti\/wp-json\/wp\/v2\/media?parent=597"}],"curies":[{"name":"wp","href":"https:\/\/api.w.org\/{rel}","templated":true}]}}