{"id":3901,"date":"2021-04-09T13:17:46","date_gmt":"2021-04-09T11:17:46","guid":{"rendered":"http:\/\/agora.xtec.cat\/iesfrancescmacia\/?page_id=3901"},"modified":"2025-10-15T19:33:44","modified_gmt":"2025-10-15T17:33:44","slug":"proves-dacces-a-la-universitat-pau","status":"publish","type":"page","link":"https:\/\/agora.xtec.cat\/iesfrancescmacia\/secretaria\/proves-dacces-a-la-universitat-pau\/","title":{"rendered":"Proves d&#8217;acc\u00e9s a la Universitat (PAU)"},"content":{"rendered":"<section id=\"h.p_ID_18\" class=\"yaqOZd\">\n<div class=\"mYVXT\">\n<div class=\"LS81yb VICjCf\" tabindex=\"-1\">\n<div class=\"hJDwNd-AhqUyc-qWD73c purZT-AhqUyc-II5mzb pSzOP-AhqUyc-qWD73c JNdkSc\">\n<div class=\"JNdkSc-SmKAyb\">\n<div class=\"\">\n<div class=\"oKdM2c Kzv0Me\">\n<div id=\"h.p_ID_24\" class=\"hJDwNd-AhqUyc-qWD73c jXK9ad D2fZ2 OjCsFc wHaque GNzUNc\">\n<div class=\"jXK9ad-SmKAyb\">\n<div class=\"tyJCtd mGzaTb baZpAe\">\n<p id=\"h.p_ID_32\" class=\"CDt4Ke zfr3Q\">Les persones que vulguin realitzar les Proves d&#8217;Acc\u00e9s a la Universitat (PAU) el proper mes de juny, hauran de realitzar la matr\u00edcula de les PAU del curs 2025 &#8211; 2026<strong>\u00a0via Internet al portal Accesnet<\/strong> (<a class=\"dhtgD aw5Odc\" href=\"https:\/\/www.google.com\/url?q=https%3A%2F%2Faccesuniversitat.gencat.cat%2Faccesuniversitat%2Flogin&amp;sa=D&amp;sntz=1&amp;usg=AFQjCNHtzLNvnSyLyg3wb2yR5hKTUspfRw\" target=\"_blank\" rel=\"noopener noreferrer\">https:\/\/accesnet.gencat.cat<\/a>).<\/p>\n<p id=\"h.p_wMER_Pot-fdy\" class=\"CDt4Ke zfr3Q\"><strong>El termini de prematr\u00edcula ser\u00e0 del 14 al 26 de febrer.<\/strong><\/p>\n<\/div>\n<\/div>\n<\/div>\n<\/div>\n<\/div>\n<\/div>\n<\/div>\n<div class=\"hJDwNd-AhqUyc-qWD73c purZT-AhqUyc-II5mzb pSzOP-AhqUyc-qWD73c JNdkSc\">\n<div class=\"JNdkSc-SmKAyb\">\n<div class=\"\">\n<div class=\"oKdM2c Kzv0Me\">\n<div id=\"h.p_ID_43\" class=\"hJDwNd-AhqUyc-qWD73c jXK9ad D2fZ2 OjCsFc wHaque GNzUNc\">\n<div class=\"jXK9ad-SmKAyb\">\n<div class=\"tyJCtd mGzaTb baZpAe\">\n<p id=\"h.p_ID_51\" class=\"CDt4Ke zfr3Q\"><strong>Com s&#8217;ha de fer?<\/strong> Podeu obtenir m\u00e9s informaci\u00f3 sobre les PAU a la <a class=\"dhtgD aw5Odc\" href=\"http:\/\/www.google.com\/url?q=http%3A%2F%2Funiversitats.gencat.cat%2Fca%2Finici%2F&amp;sa=D&amp;sntz=1&amp;usg=AFQjCNGNGOYVgqLgUFb1y3tODMPcmwvjOQ\" target=\"_blank\" rel=\"noopener noreferrer\">p\u00e0gina d&#8217;acc\u00e9s a la Universitat<\/a>.<\/p>\n<p id=\"h.p_ID_53\" class=\"CDt4Ke zfr3Q\"><strong>A qui va dirigit?<\/strong> Als estudiants de 2n de batxillerat del curs actual que volen realitzar les PAU.<\/p>\n<\/div>\n<\/div>\n<\/div>\n<\/div>\n<\/div>\n<\/div>\n<\/div>\n<\/div>\n<\/div>\n<\/section>\n<section id=\"h.p_06A79BaXBgk3\" class=\"yaqOZd\">\n<div class=\"IFuOkc\"><span style=\"font-family: inherit; font-size: 1em;\">Trobareu m\u00e9s informaci\u00f3 sobre les proves i l&#8217;acc\u00e9s a la Universitat a la p\u00e0gina web del canal universitats: <\/span><a class=\"dhtgD aw5Odc\" style=\"font-family: inherit; font-size: 1em;\" href=\"http:\/\/www.google.com\/url?q=http%3A%2F%2Funiversitats.gencat.cat%2Fca%2Finici%2F&amp;sa=D&amp;sntz=1&amp;usg=AFQjCNGNGOYVgqLgUFb1y3tODMPcmwvjOQ\" target=\"_blank\" rel=\"noopener noreferrer\">http:\/\/universitats.gencat.cat\/ca\/inici\/<\/a><\/div>\n<\/section>\n<section id=\"h.p_ccXQ51UD9wgE\" class=\"yaqOZd\">\n<div class=\"IFuOkc\">\u00a0<\/div>\n<div class=\"mYVXT\">\n<div class=\"LS81yb VICjCf\" tabindex=\"-1\">\n<div class=\"hJDwNd-AhqUyc-wNfPc purZT-AhqUyc-II5mzb pSzOP-AhqUyc-wNfPc JNdkSc\">\n<div class=\"JNdkSc-SmKAyb\">\n<div class=\"\">\n<div class=\"oKdM2c Kzv0Me\">\n<div id=\"h.p_HBf-zMwX9wgM\" class=\"hJDwNd-AhqUyc-wNfPc jXK9ad D2fZ2 OjCsFc wHaque\">\n<div class=\"jXK9ad-SmKAyb\">\n<div class=\"tyJCtd N0neUc baZpAe\">\n<div class=\"U26fgb L7IXhc htnAL QmpIrf M9Bg4d\" role=\"presentation\" aria-label=\"Gu\u00eda del procediment per a l'alumnat\" aria-disabled=\"false\" data-tooltip=\"Gu\u00eda del procediment per a l'alumnat\" data-tooltip-vertical-offset=\"-12\" data-tooltip-horizontal-offset=\"0\">\n<div class=\"wvnY3c\">\u00a0<\/div>\n<\/div>\n<\/div>\n<\/div>\n<\/div>\n<\/div>\n<\/div>\n<\/div>\n<\/div>\n<div class=\"hJDwNd-AhqUyc-OwsYgb JNdkSc L6cTce-purZT L6cTce-pSzOP\">\n<div class=\"JNdkSc-SmKAyb\">\n<div class=\"\">\n<p style=\"font-weight: 400;\"><strong><u>DATES\u00a0PAU\u00a02026<\/u><\/strong><\/p>\n<p style=\"font-weight: 400;\"><strong>Convocat\u00f2ria Ordin\u00e0ria<\/strong><\/p>\n<ul style=\"font-weight: 400;\">\n<li>Dies de la prova d\u2019acc\u00e9s a la universitat:<\/li>\n<\/ul>\n<p style=\"font-weight: 400;\">Tribunal Ordinari. dimarts 9, dimecres 10 i dijous 11 de juny de 2026.<\/p>\n<p style=\"font-weight: 400;\">Tribunal Especial. dimarts 16, dimecres 17 i dijous 18 de juny de 2026.<\/p>\n<p style=\"font-weight: 400;\"><strong>Convocat\u00f2ria Extraordin\u00e0ria<\/strong><\/p>\n<ul style=\"font-weight: 400;\">\n<li>\u00daltim dia per notificar les qualificacions finals batxillerat de l\u2019avaluaci\u00f3 extraordin\u00e0ria: Dimarts 16 de juny de 2026.<\/li>\n<li>Dies de la prova d\u2019acc\u00e9s: dimecres 2, dijous 3 i divendres 4 de setembre de 2026.<\/li>\n<\/ul>\n<p style=\"font-weight: 400;\"><strong>DATES PAP 2026 (Prova d\u2019Aptitud Personal per a l\u2019admissi\u00f3 als graus en Educaci\u00f3 Infantil i en Educaci\u00f3 Prim\u00e0ria)<\/strong><\/p>\n<p style=\"font-weight: 400;\"><strong>Convocat\u00f2ria Ordin\u00e0ria<\/strong><\/p>\n<ul style=\"font-weight: 400;\">\n<li>Dia de la prova: dissabte 11 d&#8217;abril de 2026.<\/li>\n<\/ul>\n<p style=\"font-weight: 400;\"><strong>Convocat\u00f2ria Extraordin\u00e0ria<\/strong><\/p>\n<ul style=\"font-weight: 400;\">\n<li>Dia de la prova: divendres 17 de juliol de 2026.<\/li>\n<\/ul>\n<\/div>\n<\/div>\n<p>\u00a0<\/p>\n<p><a href=\"https:\/\/drive.google.com\/file\/d\/1VA6c4aCo1dvedm8rNCIHWuI-IUoqcJt_\/view\">Guia del procediment per a l&#8217;alumnat<\/a><\/p>\n<div class=\"JNdkSc-SmKAyb\">\n<div class=\"\">\n<p style=\"font-weight: 400;\">\u00a0<\/p>\n<\/div>\n<\/div>\n<\/div>\n<\/div>\n<\/div>\n<\/section>\n\n\n<p><\/p>\n","protected":false},"excerpt":{"rendered":"<p>Les persones que vulguin realitzar les Proves d&#8217;Acc\u00e9s a la Universitat (PAU) el proper mes de juny, hauran de realitzar la matr\u00edcula de les PAU del curs 2025 &#8211; 2026\u00a0via Internet al portal Accesnet (<a class=\"dhtgD aw5Odc\" href=\"https:\/\/www.google.com\/url?q=https%3A%2F%2Faccesuniversitat.gencat.cat%2Faccesuniversitat%2Flogin&amp;sa=D&amp;sntz=1&amp;usg=AFQjCNHtzLNvnSyLyg3wb2yR5hKTUspfRw\" target=\"_blank\" rel=\"noopener noreferrer\">https:\/\/accesnet.gencat.cat<\/a>).<br \/>\nEl termini de prematr\u00edcula ser\u00e0&hellip;  <a href=\"https:\/\/agora.xtec.cat\/iesfrancescmacia\/secretaria\/proves-dacces-a-la-universitat-pau\/\" title=\"Read Proves d&#8217;acc\u00e9s a la Universitat (PAU)\">Llegeix m\u00e9s\u00bb<\/a><\/p>\n","protected":false},"author":7,"featured_media":0,"parent":81,"menu_order":0,"comment_status":"closed","ping_status":"closed","template":"","meta":{"_bbp_topic_count":0,"_bbp_reply_count":0,"_bbp_total_topic_count":0,"_bbp_total_reply_count":0,"_bbp_voice_count":0,"_bbp_anonymous_reply_count":0,"_bbp_topic_count_hidden":0,"_bbp_reply_count_hidden":0,"_bbp_forum_subforum_count":0,"footnotes":""},"class_list":["post-3901","page","type-page","status-publish","hentry"],"post_mailing_queue_ids":[],"_links":{"self":[{"href":"https:\/\/agora.xtec.cat\/iesfrancescmacia\/wp-json\/wp\/v2\/pages\/3901","targetHints":{"allow":["GET"]}}],"collection":[{"href":"https:\/\/agora.xtec.cat\/iesfrancescmacia\/wp-json\/wp\/v2\/pages"}],"about":[{"href":"https:\/\/agora.xtec.cat\/iesfrancescmacia\/wp-json\/wp\/v2\/types\/page"}],"author":[{"embeddable":true,"href":"https:\/\/agora.xtec.cat\/iesfrancescmacia\/wp-json\/wp\/v2\/users\/7"}],"replies":[{"embeddable":true,"href":"https:\/\/agora.xtec.cat\/iesfrancescmacia\/wp-json\/wp\/v2\/comments?post=3901"}],"version-history":[{"count":4,"href":"https:\/\/agora.xtec.cat\/iesfrancescmacia\/wp-json\/wp\/v2\/pages\/3901\/revisions"}],"predecessor-version":[{"id":7062,"href":"https:\/\/agora.xtec.cat\/iesfrancescmacia\/wp-json\/wp\/v2\/pages\/3901\/revisions\/7062"}],"up":[{"embeddable":true,"href":"https:\/\/agora.xtec.cat\/iesfrancescmacia\/wp-json\/wp\/v2\/pages\/81"}],"wp:attachment":[{"href":"https:\/\/agora.xtec.cat\/iesfrancescmacia\/wp-json\/wp\/v2\/media?parent=3901"}],"curies":[{"name":"wp","href":"https:\/\/api.w.org\/{rel}","templated":true}]}}