{"id":3888,"date":"2021-04-09T11:35:26","date_gmt":"2021-04-09T09:35:26","guid":{"rendered":"http:\/\/agora.xtec.cat\/iesfrancescmacia\/?page_id=3888"},"modified":"2026-03-04T17:27:19","modified_gmt":"2026-03-04T16:27:19","slug":"preinscripcio-eso","status":"publish","type":"page","link":"https:\/\/agora.xtec.cat\/iesfrancescmacia\/secretaria\/preinscripcio\/preinscripcio-eso\/","title":{"rendered":"Preinscripci\u00f3 i matr\u00edcula ESO"},"content":{"rendered":"\n<p>Benvolgudes fam\u00edlies,<br>Us fem arribar la informaci\u00f3 relativa al proc\u00e9s de <strong>preinscripci\u00f3 i matr\u00edcula a l\u2019ESO per al<br>curs 2026-2027.<\/strong><\/p>\n\n\n\n<p><br>L\u2019inici de l\u2019Educaci\u00f3 Secund\u00e0ria Obligat\u00f2ria \u00e9s un canvi d\u2019etapa important per a l\u2019alumnat i,<br>en molts casos, comporta tamb\u00e9 un canvi de centre per continuar l\u2019itinerari formatiu.<br>El proc\u00e9s de preinscripci\u00f3 s\u2019inicia al mes de mar\u00e7 i finalitza amb la formalitzaci\u00f3 de la<br>matr\u00edcula, a finals de juny. \u00c9s molt important respectar els terminis establerts, ja que cada<br>fase del proc\u00e9s determina l\u2019assignaci\u00f3 final de places.<\/p>\n\n\n\n<h2 class=\"wp-block-heading\" style=\"font-size:25px\"><strong>Calendari 2026 &#8211; 2027<\/strong><\/h2>\n\n\n\n<p><strong>ABANS DE LA PREINSCRIPCI\u00d3<\/strong><\/p>\n\n\n\n<p>\u25cf Entre febrer i primers de mar\u00e7: jornades de portes obertes i xerrades informatives.<br>\u25cf 3 de mar\u00e7 de 2026: publicaci\u00f3 de l\u2019oferta inicial de places escolars.<br>\u25cf V\u00eddeo de portes obertes de l\u2019INS Francesc Maci\u00e0.<\/p>\n\n\n\n<h2 class=\"wp-block-heading\" style=\"font-size:26px\"><strong>DURANT LA PREINSCRIPCI\u00d3<\/strong><\/h2>\n\n\n\n<p><strong>Presentaci\u00f3 de sol\u00b7licituds<br><\/strong>\u25cf <strong>Del 6 al 18 de mar\u00e7 de 2026:<\/strong> presentaci\u00f3 telem\u00e0tica de sol\u00b7licituds.<br>V\u00eddeo explicatiu de com fer la preinscripci\u00f3: <a href=\"https:\/\/youtu.be\/9xMdvXoFR_4\">https:\/\/youtu.be\/9xMdvXoFR_4<\/a><\/p>\n\n\n\n<p><br><strong>Documentaci\u00f3 necess\u00e0ria<br><\/strong>Per tal de validar correctament la puntuaci\u00f3, cal adjuntar la documentaci\u00f3 seg\u00fcent (tant si la<br>sol\u00b7licitud es presenta amb certificat digital com si no):<br>\u25cf DNI \/ PASS \/ NIE dels tutors legals i de l\u2019alumne\/a<br>\u25cf Targeta sanit\u00e0ria individual (TSI) de l\u2019alumne\/a<br>\u25cf Certificat de padr\u00f3<br>\u25cf Targeta acreditativa de discapacitat (si escau)<br>\u25cf T\u00edtol de fam\u00edlia nombrosa o monoparental (si escau)<br>\u25cf <strong>Fins al 19 de mar\u00e7 de 2026<\/strong>: termini per aportar documentaci\u00f3 no adjuntada<br>inicialment.<\/p>\n\n\n\n<p><br><strong>Seguiment del proc\u00e9s<br><\/strong>\u25cf 15 d\u2019abril de 2026: publicaci\u00f3 de la llista de sol\u00b7licituds amb puntuaci\u00f3 provisional.<br>\u25cf Del 15 al 20 d\u2019abril de 2026: termini per presentar reclamacions.<br>\u25cf 23 d\u2019abril de 2026: publicaci\u00f3 de la llista amb la puntuaci\u00f3 definitiva.<br>\u25cf 28 d\u2019abril de 2026 a les 11h: sorteig per resoldre situacions d\u2019empat.<br>\u25cf 29 d\u2019abril de 2026: publicaci\u00f3 de la llista ordenada.<br>\u25cf De l\u20191 al 3 de juny de 2026: ampliaci\u00f3 de peticions per a l\u2019alumnat que no hagi<br>obtingut pla\u00e7a en cap centre.<br>\u25cf 10 de juny de 2026: publicaci\u00f3 de l\u2019oferta final de places.<br>\u25cf 10 de juny de 2026: publicaci\u00f3 de la llista d\u2019alumnes admesos i de la llista d\u2019espera.<br><br>Els alumnes admesos hauran de passar per consergeria\/secretaria del centre per recollir la<br>documentaci\u00f3 necess\u00e0ria per formalitzar la matr\u00edcula.<\/p>\n\n\n\n<p><br><span style=\"text-decoration: underline;\">Enlla\u00e7os d\u2019inter\u00e8s:<br><\/span>\u25cf <a href=\"https:\/\/preinscripcio.gencat.cat\/ca\/estudis\/eso\/preinscriute\/\">https:\/\/preinscripcio.gencat.cat\/ca\/estudis\/eso\/preinscriute\/<\/a><br>\u25cf <a href=\"https:\/\/preinscripcio.gencat.cat\/ca\/estudis\/eso\/preinscriute\/sollicitud\/\">https:\/\/preinscripcio.gencat.cat\/ca\/estudis\/eso\/preinscriute\/sollicitud\/<\/a><br>\u25cf <a href=\"https:\/\/preinscripcio.gencat.cat\/ca\/estudis\/eso\/preinscriute\/seguiment-sollicitud\/\">https:\/\/preinscripcio.gencat.cat\/ca\/estudis\/eso\/preinscriute\/seguiment-sollicitud\/<\/a><br>\u25cf <a href=\"https:\/\/preinscripcio.gencat.cat\/ca\/estudis\/eso\/preinscriute\/consulta\/\">https:\/\/preinscripcio.gencat.cat\/ca\/estudis\/eso\/preinscriute\/consulta\/<\/a><\/p>\n\n\n\n<h2 class=\"wp-block-heading\" style=\"font-size:26px\"><br><strong>FORMALITZACI\u00d3 DE LA MATR\u00cdCULA<\/strong><\/h2>\n\n\n\n<p>\u25cf Del 22 al 30 de juny de 2026: matr\u00edcula presencial al centre.<br>\u25cf Horari d\u2019atenci\u00f3 al p\u00fablic: de 9h a 12h.<br>M\u00e9s informaci\u00f3: <a href=\"https:\/\/preinscripcio.gencat.cat\/ca\/estudis\/eso\/matriculat\/\">https:\/\/preinscripcio.gencat.cat\/ca\/estudis\/eso\/matriculat\/<\/a><\/p>\n\n\n\n<h2 class=\"wp-block-heading\" style=\"font-size:26px\"><br><strong>CRITERIS DE PRIORITAT<\/strong><\/h2>\n\n\n\n<p>Les fam\u00edlies han de presentar una \u00fanica sol\u00b7licitud, indicant la llista ordenada de centres<br>que demanen i especificant les circumst\u00e0ncies (resid\u00e8ncia habitual, si l\u2019infant o jove t\u00e9 un<br>germ\u00e0 o germana al mateix centre, si t\u00e9 alguna necessitat educativa espec\u00edfica, etc.) per les<br>quals s\u2019obtenen punts.<br>Quan un centre educatiu rep m\u00e9s sol\u00b7licituds que places disponibles, s\u2019aplica el sistema<br>oficial de puntuacions per decidir qui obt\u00e9 pla\u00e7a, de manera ordenada i transparent. Aquest<br>sistema t\u00e9 en compte dos grups de criteris:<br>\u25cf <strong>Criteris prioritaris<\/strong>, amb els quals s\u2019ordenen les sol\u00b7licituds segons la puntuaci\u00f3<br>obtinguda.<br>\u25cf<strong> Criteris complementaris<\/strong>, que s\u2019apliquen en cas d\u2019empat.<br>Cal especificar que, en la preinscripci\u00f3 a l\u2019ESO, abans de res es t\u00e9 en compte si les<br>sol\u00b7licituds provenen d\u2019un centre adscrit, ja que aquestes s\u2019assignen amb prioritat respecte<br>de les que provenen d\u2019altres centres.<br>En el nostre cas, els centres adscrits s\u00f3n: Escola Mediterr\u00e0nia, Escola Els Pins, Escola<br>Antoni Gaud\u00ed, Escola Ignasi Iglesias, Escola Sant Miquel i Escola Anselm Clav\u00e9.<\/p>\n\n\n\n<p><br><strong>Criteris prioritaris<\/strong><\/p>\n\n\n\n<p>\u25cf <strong>Germans o germanes escolaritzats al centre:<\/strong> 50 punts.<br>\u25cf <strong>Proximitat geogr\u00e0fica del domicili habitual (dins del municipi de Cornell\u00e0):<\/strong> 30<br>punts.<br>\u25cf <strong>Lloc de treball del pare, mare, tutor o tutora dins la zona educativa del centre<br>sol\u00b7licitat en primer lloc:<\/strong> 20 punts.<br>\u25cf <strong>Percepci\u00f3 de la renda garantida de ciutadania (quan un membre de la unitat<br>familiar la rep):<\/strong> 15 punts.<\/p>\n\n\n\n<p><br><strong>Criteris complementaris (desempat)<br><\/strong>\u25cf Pare, mare o tutor\/a legal que treballa al centre: 10 punts.<br>\u25cf Fam\u00edlia nombrosa: 10 punts.<br>\u25cf Fam\u00edlia monoparental: 10 punts.<br>\u25cf Naixement en part m\u00faltiple (bess\u00f3\/na o trigemin): 10 punts.<br>\u25cf Situaci\u00f3 d\u2019acolliment familiar: 10 punts.<br>\u25cf Discapacitat igual o superior al 33 % de l\u2019alumne\/a, pare\/mare o germ\u00e0\/na: 15 punts.<br>\u25cf Condici\u00f3 acreditada de v\u00edctima de viol\u00e8ncia de g\u00e8nere o de terrorisme: 10 punts.<\/p>\n\n\n\n<p>Podeu consultar les places disponibles al seg\u00fcent <a href=\"https:\/\/drive.google.com\/file\/d\/1r_KO_vYWE6k7n11ShlrsGUwOgcpaU5f2\/view\" data-type=\"link\" data-id=\"https:\/\/drive.google.com\/file\/d\/1r_KO_vYWE6k7n11ShlrsGUwOgcpaU5f2\/view\">enlla\u00e7<\/a>.<\/p>\n\n\n\n<p>Per a qualsevol dubte, podeu contactar amb la secretaria del centre.<br>Cordialment,<br>Equip directiu<br>INS Francesc Maci\u00e0<\/p>\n","protected":false},"excerpt":{"rendered":"<p>Benvolgudes fam\u00edlies,Us fem arribar la informaci\u00f3 relativa al proc\u00e9s de preinscripci\u00f3 i matr\u00edcula a l\u2019ESO per alcurs 2026-2027.<\/p>\n<p>L\u2019inici de l\u2019Educaci\u00f3 Secund\u00e0ria Obligat\u00f2ria \u00e9s un canvi d\u2019etapa important per a l\u2019alumnat i,en molts casos, comporta tamb\u00e9 un canvi de centre per continuar l\u2019itinerari formatiu.El proc\u00e9s de&hellip;  <a href=\"https:\/\/agora.xtec.cat\/iesfrancescmacia\/secretaria\/preinscripcio\/preinscripcio-eso\/\" title=\"Read Preinscripci\u00f3 i matr\u00edcula ESO\">Llegeix m\u00e9s\u00bb<\/a><\/p>\n","protected":false},"author":7,"featured_media":0,"parent":3886,"menu_order":0,"comment_status":"closed","ping_status":"closed","template":"","meta":{"_bbp_topic_count":0,"_bbp_reply_count":0,"_bbp_total_topic_count":0,"_bbp_total_reply_count":0,"_bbp_voice_count":0,"_bbp_anonymous_reply_count":0,"_bbp_topic_count_hidden":0,"_bbp_reply_count_hidden":0,"_bbp_forum_subforum_count":0,"footnotes":""},"class_list":["post-3888","page","type-page","status-publish","hentry"],"post_mailing_queue_ids":[],"_links":{"self":[{"href":"https:\/\/agora.xtec.cat\/iesfrancescmacia\/wp-json\/wp\/v2\/pages\/3888","targetHints":{"allow":["GET"]}}],"collection":[{"href":"https:\/\/agora.xtec.cat\/iesfrancescmacia\/wp-json\/wp\/v2\/pages"}],"about":[{"href":"https:\/\/agora.xtec.cat\/iesfrancescmacia\/wp-json\/wp\/v2\/types\/page"}],"author":[{"embeddable":true,"href":"https:\/\/agora.xtec.cat\/iesfrancescmacia\/wp-json\/wp\/v2\/users\/7"}],"replies":[{"embeddable":true,"href":"https:\/\/agora.xtec.cat\/iesfrancescmacia\/wp-json\/wp\/v2\/comments?post=3888"}],"version-history":[{"count":6,"href":"https:\/\/agora.xtec.cat\/iesfrancescmacia\/wp-json\/wp\/v2\/pages\/3888\/revisions"}],"predecessor-version":[{"id":7425,"href":"https:\/\/agora.xtec.cat\/iesfrancescmacia\/wp-json\/wp\/v2\/pages\/3888\/revisions\/7425"}],"up":[{"embeddable":true,"href":"https:\/\/agora.xtec.cat\/iesfrancescmacia\/wp-json\/wp\/v2\/pages\/3886"}],"wp:attachment":[{"href":"https:\/\/agora.xtec.cat\/iesfrancescmacia\/wp-json\/wp\/v2\/media?parent=3888"}],"curies":[{"name":"wp","href":"https:\/\/api.w.org\/{rel}","templated":true}]}}