{"id":27,"date":"2014-09-17T16:24:03","date_gmt":"2014-09-17T16:24:03","guid":{"rendered":"http:\/\/agora.xtec.cat\/iesfrancescmacia\/?page_id=27"},"modified":"2017-10-17T20:54:48","modified_gmt":"2017-10-17T18:54:48","slug":"presentacio","status":"publish","type":"page","link":"https:\/\/agora.xtec.cat\/iesfrancescmacia\/linstitut\/presentacio\/","title":{"rendered":"Presentaci\u00f3"},"content":{"rendered":"<p>L\u2019Institut Francesc Maci\u00e0 va obrir les portes el 1966. Llavors era una extensi\u00f3 de l\u2019Institut Jaume Balmes de Barcelona, per\u00f2 amb el temps va anar agafant personalitat pr\u00f2pia. Els noms van canviar d\u2019acord amb les circumst\u00e0ncies de cada moment (Instituto Nacional, Instituto Mixto, INB&#8230;), fins que a primers dels anys vuitanta, despr\u00e9s d\u2019un democr\u00e0tic proc\u00e9s de canvi de nom, la majoria de la comunitat educativa va triar el nom actual, el de l\u2019insigne patrici Francesc Maci\u00e0, president de la Rep\u00fablica Catalana.<\/p>\n<p>En m\u00e9s de quaranta anys s\u2019han format dins de les aules milers de ciutadans de Cornell\u00e0 i del Baix Llobregat, i alguns han esdevingut personatges notoris, en tots els \u00e0mbits, i s\u00f3n el capital hum\u00e0 que ens honora: professionals, artistes, esportistes d\u2019alt nivell, pol\u00edtics, i c\u00e0rrecs p\u00fablics com regidors, alcaldes, diputats, ministres, i, fins i tot, President de la Generalitat.<\/p>\n<p>La tradici\u00f3 i l\u2019estil del centre \u00e9s formar els alumnes amb exig\u00e8ncia i respecte, oferint-los els millors recursos al nostre abast per a la seva preparaci\u00f3, tant acad\u00e8mica com humana. Centre pluridisciplinari, l\u2019estudi de les ci\u00e8ncies i les lletres en regeix el funcionament, malgrat els canvis socials i els diversos plans d\u2019estudi.<\/p>\n<p>Aix\u00f2 es tradueix en els premis que els alumnes i professors han anat acumulant; nom\u00e9s en els \u00faltims anys hem merescut el Premi Ciutat de Cornell\u00e0 d\u2019Humanitats, diversos premis CIRIT, menci\u00f3 a les PAU, a la Mostra de Treballs de Recerca de l\u2019Ajuntament, de redacci\u00f3 \u201cEl gust per la lectura\u201d o de Cobega, Cangur de matem\u00e0tiques, participaci\u00f3 en la First Lego League internacional, d\u2019angl\u00e8s i franc\u00e8s, programa Joves i Ci\u00e8ncia, Enginycat, i un llarg etc\u00e8tera.<\/p>\n<p>L\u2019Institut resumeix els anys passats amb la voluntat d\u2019oferir un servei i la satisfacci\u00f3 de superar amb escreix els objectius fixats. Tenim l\u2019anhel d\u2019afrontar el futur amb la mateixa energia, o m\u00e9s encara, com a centre p\u00fablic que satisf\u00e0 les necessitats de la ciutat de Cornell\u00e0, superant les difer\u00e8ncies inicials de nivell social o d\u2019origen.<\/p>\n<p>Pretenem que l\u2019Institut sigui un lloc on els alumnes que es volen formar puguin satisfer el seu desig, i que tinguin sentit paraules com respecte, responsabilitat, exig\u00e8ncia, educaci\u00f3 o conviv\u00e8ncia.<\/p>\n","protected":false},"excerpt":{"rendered":"<p>L\u2019Institut Francesc Maci\u00e0 va obrir les portes el 1966. Llavors era una extensi\u00f3 de l\u2019Institut Jaume Balmes de Barcelona, per\u00f2 amb el temps va anar agafant personalitat pr\u00f2pia. Els noms van canviar d\u2019acord amb les circumst\u00e0ncies de cada moment (Instituto Nacional, Instituto Mixto, INB&#8230;), fins&hellip;  <a href=\"https:\/\/agora.xtec.cat\/iesfrancescmacia\/linstitut\/presentacio\/\" title=\"Read Presentaci\u00f3\">Llegeix m\u00e9s\u00bb<\/a><\/p>\n","protected":false},"author":1,"featured_media":0,"parent":19,"menu_order":20,"comment_status":"closed","ping_status":"closed","template":"page-templates\/side-menu.php","meta":{"_bbp_topic_count":0,"_bbp_reply_count":0,"_bbp_total_topic_count":0,"_bbp_total_reply_count":0,"_bbp_voice_count":0,"_bbp_anonymous_reply_count":0,"_bbp_topic_count_hidden":0,"_bbp_reply_count_hidden":0,"_bbp_forum_subforum_count":0,"footnotes":""},"class_list":["post-27","page","type-page","status-publish","hentry"],"post_mailing_queue_ids":[],"_links":{"self":[{"href":"https:\/\/agora.xtec.cat\/iesfrancescmacia\/wp-json\/wp\/v2\/pages\/27","targetHints":{"allow":["GET"]}}],"collection":[{"href":"https:\/\/agora.xtec.cat\/iesfrancescmacia\/wp-json\/wp\/v2\/pages"}],"about":[{"href":"https:\/\/agora.xtec.cat\/iesfrancescmacia\/wp-json\/wp\/v2\/types\/page"}],"author":[{"embeddable":true,"href":"https:\/\/agora.xtec.cat\/iesfrancescmacia\/wp-json\/wp\/v2\/users\/1"}],"replies":[{"embeddable":true,"href":"https:\/\/agora.xtec.cat\/iesfrancescmacia\/wp-json\/wp\/v2\/comments?post=27"}],"version-history":[{"count":1,"href":"https:\/\/agora.xtec.cat\/iesfrancescmacia\/wp-json\/wp\/v2\/pages\/27\/revisions"}],"predecessor-version":[{"id":498,"href":"https:\/\/agora.xtec.cat\/iesfrancescmacia\/wp-json\/wp\/v2\/pages\/27\/revisions\/498"}],"up":[{"embeddable":true,"href":"https:\/\/agora.xtec.cat\/iesfrancescmacia\/wp-json\/wp\/v2\/pages\/19"}],"wp:attachment":[{"href":"https:\/\/agora.xtec.cat\/iesfrancescmacia\/wp-json\/wp\/v2\/media?parent=27"}],"curies":[{"name":"wp","href":"https:\/\/api.w.org\/{rel}","templated":true}]}}