{"id":21,"date":"2014-09-17T16:14:14","date_gmt":"2014-09-17T16:14:14","guid":{"rendered":"http:\/\/agora.xtec.cat\/iesfrancescmacia\/?page_id=21"},"modified":"2025-09-03T18:24:27","modified_gmt":"2025-09-03T16:24:27","slug":"on-som","status":"publish","type":"page","link":"https:\/\/agora.xtec.cat\/iesfrancescmacia\/linstitut\/on-som\/","title":{"rendered":"On som"},"content":{"rendered":"<p style=\"color: #666666;\"><strong>Institut\u00a0Francesc Maci\u00e0<\/strong><br \/>\nCarrer Joan Maragall, 42<br \/>\n08940 Cornell\u00e0 de Llobregat<\/p>\n<div class=\"tel\">Tel. 93 480 15 09<\/div>\n<div><\/div>\n<div class=\"tel\"><strong style=\"font-size: revert; color: initial;\">Correu electr\u00f2nic de contacte: <\/strong><a style=\"font-size: revert;\" href=\"mailto:secretaria@iesfrancescmacia.org\" target=\"_blank\" rel=\"noopener noreferrer\">informacio<span class=\"\">@iesfrancescmacia.org<\/span><\/a><\/div>\n<p><iframe loading=\"lazy\" src=\"https:\/\/www.google.com\/maps\/embed?pb=!1m18!1m12!1m3!1d1660.843356308399!2d2.071174717420325!3d41.357752227760244!2m3!1f0!2f0!3f0!3m2!1i1024!2i768!4f13.1!3m3!1m2!1s0x0%3A0x68a3c3eeb19bcba7!2sInstitut+Francesc+Maci%C3%A0!5e1!3m2!1sca!2sus!4v1506335794459\" width=\"600\" height=\"450\" frameborder=\"0\"><\/iframe><\/p>\n<p><strong>Com arribar-hi:<\/strong><\/p>\n<ul>\n<li>Amb Metro : L\u00ednia blava L5,\u00a0Cornell\u00e0 Centre<\/li>\n<li>Amb TramBaix: L\u00ednia TI, TII, Cornell\u00e0 Centre<\/li>\n<li>Per tren: Estaci\u00f3 Cornell\u00e0 de Llobregat de la l\u00ednia 4<\/li>\n<li>Per bus: L\u00ednies<\/li>\n<\/ul>\n<p><em>El carrer de l\u2019Institut, Joan Maragall, est\u00e0 partit per la via del tren.<\/em><br \/>\n<em>Qui ve amb transport privat ha d\u2019anar a la carretera d\u2019Esplugues, i a l\u2019al\u00e7ada del carrer Catalunya ha de girar cap a l\u2019estaci\u00f3. Hi ha llocs d\u2019aparcament a la vora del centre.<\/em><br \/>\n<em>Qui ve en transport p\u00fablic pot fer-ho en\u00a0<strong>metro<\/strong>\u00a0(l\u00ednia 5, blava, \u00faltima estaci\u00f3: Cornell\u00e0 Centre),\u00a0<strong>tramvia<\/strong>\u00a0(Trambaix, intercanviador de Cornell\u00e0),\u00a0<strong>tren<\/strong>\u00a0(Renfe), o diverses l\u00ednies d\u2019<strong>autob\u00fas<\/strong>\u00a0(que ens uneixen amb Barcelona o amb el Baix Llobregat).<\/em><\/p>\n<div id=\"gtx-trans\" style=\"position: absolute; left: 88px; top: 433.438px;\">\n<div class=\"gtx-trans-icon\"><\/div>\n<\/div>\n","protected":false},"excerpt":{"rendered":"<p>Institut\u00a0Francesc Maci\u00e0<br \/>\nCarrer Joan Maragall, 42<br \/>\n08940 Cornell\u00e0 de Llobregat<br \/>\nTel. 93 480 15 09<\/p>\n<p>Correu electr\u00f2nic de contacte: <a style=\"font-size: revert;\" href=\"mailto:secretaria@iesfrancescmacia.org\" target=\"_blank\" rel=\"noopener noreferrer\">informacio@iesfrancescmacia.org<\/a><\/p>\n<p>Com arribar-hi:<\/p>\n<ul>\n<li>Amb Metro : L\u00ednia blava L5,\u00a0Cornell\u00e0 Centre<\/li>\n<li>Amb TramBaix: L\u00ednia TI, TII, Cornell\u00e0 Centre<\/li>\n<li>Per tren: Estaci\u00f3 Cornell\u00e0 de Llobregat de la l\u00ednia 4<\/li>\n<li>Per bus:&hellip;  <a href=\"https:\/\/agora.xtec.cat\/iesfrancescmacia\/linstitut\/on-som\/\" title=\"Read On som\">Llegeix m\u00e9s\u00bb<\/a><br \/>\n","protected":false},"author":1,"featured_media":0,"parent":19,"menu_order":10,"comment_status":"closed","ping_status":"closed","template":"page-templates\/side-menu.php","meta":{"_bbp_topic_count":0,"_bbp_reply_count":0,"_bbp_total_topic_count":0,"_bbp_total_reply_count":0,"_bbp_voice_count":0,"_bbp_anonymous_reply_count":0,"_bbp_topic_count_hidden":0,"_bbp_reply_count_hidden":0,"_bbp_forum_subforum_count":0,"footnotes":""},"class_list":["post-21","page","type-page","status-publish","hentry"],"post_mailing_queue_ids":[],"_links":{"self":[{"href":"https:\/\/agora.xtec.cat\/iesfrancescmacia\/wp-json\/wp\/v2\/pages\/21","targetHints":{"allow":["GET"]}}],"collection":[{"href":"https:\/\/agora.xtec.cat\/iesfrancescmacia\/wp-json\/wp\/v2\/pages"}],"about":[{"href":"https:\/\/agora.xtec.cat\/iesfrancescmacia\/wp-json\/wp\/v2\/types\/page"}],"author":[{"embeddable":true,"href":"https:\/\/agora.xtec.cat\/iesfrancescmacia\/wp-json\/wp\/v2\/users\/1"}],"replies":[{"embeddable":true,"href":"https:\/\/agora.xtec.cat\/iesfrancescmacia\/wp-json\/wp\/v2\/comments?post=21"}],"version-history":[{"count":5,"href":"https:\/\/agora.xtec.cat\/iesfrancescmacia\/wp-json\/wp\/v2\/pages\/21\/revisions"}],"predecessor-version":[{"id":7026,"href":"https:\/\/agora.xtec.cat\/iesfrancescmacia\/wp-json\/wp\/v2\/pages\/21\/revisions\/7026"}],"up":[{"embeddable":true,"href":"https:\/\/agora.xtec.cat\/iesfrancescmacia\/wp-json\/wp\/v2\/pages\/19"}],"wp:attachment":[{"href":"https:\/\/agora.xtec.cat\/iesfrancescmacia\/wp-json\/wp\/v2\/media?parent=21"}],"curies":[{"name":"wp","href":"https:\/\/api.w.org\/{rel}","templated":true}]}}